-- Table structure for table `cpt_service_age_groups`
--

CREATE TABLE `cpt_service_age_groups` (
  `id` bigint UNSIGNED NOT NULL,
  `cpt_service_id` int NOT NULL DEFAULT '0',
  `age_group_id` int NOT NULL DEFAULT '0',
  `updated_by` int NOT NULL DEFAULT '0',
  `created_by` int NOT NULL DEFAULT '0',
  `deleted_by` int NOT NULL DEFAULT '0',
  `created_at` timestamp NULL DEFAULT NULL,
  `updated_at` timestamp NULL DEFAULT NULL,
  `deleted_at` timestamp NULL DEFAULT NULL
) ENGINE=InnoDB DEFAULT CHARSET=utf8mb4 COLLATE=utf8mb4_unicode_ci;

--
-- Dumping data for table `cpt_service_age_groups`
--

INSERT INTO `cpt_service_age_groups` (`id`, `cpt_service_id`, `age_group_id`, `updated_by`, `created_by`, `deleted_by`, `created_at`, `updated_at`, `deleted_at`) VALUES
(1, 3007, 1, 0, 0, 0, '2022-11-26 20:43:33', '2022-11-26 20:43:33', NULL);

-- --------------------------------------------------------

--
-- Table structure for table `cpt_service_anatomy_categories`
--

CREATE TABLE `cpt_service_anatomy_categories` (
  `id` bigint UNSIGNED NOT NULL,
  `cpt_service_id` int NOT NULL DEFAULT '0',
  `anatomy_category_id` int NOT NULL DEFAULT '0',
  `updated_by` int NOT NULL DEFAULT '0',
  `created_by` int NOT NULL DEFAULT '0',
  `deleted_by` int NOT NULL DEFAULT '0',
  `created_at` timestamp NULL DEFAULT NULL,
  `updated_at` timestamp NULL DEFAULT NULL,
  `deleted_at` timestamp NULL DEFAULT NULL
) ENGINE=InnoDB DEFAULT CHARSET=utf8mb4 COLLATE=utf8mb4_unicode_ci;

--
-- Dumping data for table `cpt_service_anatomy_categories`
--

INSERT INTO `cpt_service_anatomy_categories` (`id`, `cpt_service_id`, `anatomy_category_id`, `updated_by`, `created_by`, `deleted_by`, `created_at`, `updated_at`, `deleted_at`) VALUES
(1, 3037, 1, 0, 0, 0, '2023-01-23 14:46:10', '2023-01-23 14:46:10', NULL);

-- --------------------------------------------------------

--
-- Table structure for table `cpt_service_anatomy_layers`
--

CREATE TABLE `cpt_service_anatomy_layers` (
  `id` bigint UNSIGNED NOT NULL,
  `cpt_service_id` int NOT NULL DEFAULT '0',
  `anatomy_layer_id` int NOT NULL DEFAULT '0',
  `updated_by` int NOT NULL DEFAULT '0',
  `created_by` int NOT NULL DEFAULT '0',
  `deleted_by` int NOT NULL DEFAULT '0',
  `created_at` timestamp NULL DEFAULT NULL,
  `updated_at` timestamp NULL DEFAULT NULL,
  `deleted_at` timestamp NULL DEFAULT NULL
) ENGINE=InnoDB DEFAULT CHARSET=utf8mb4 COLLATE=utf8mb4_unicode_ci;

-- --------------------------------------------------------

--
-- Table structure for table `cpt_service_coverages`
--

CREATE TABLE `cpt_service_coverages` (
  `id` bigint UNSIGNED NOT NULL,
  `cpt_service_id` int NOT NULL DEFAULT '0',
  `coverage_id` int NOT NULL DEFAULT '0',
  `updated_by` int NOT NULL DEFAULT '0',
  `created_by` int NOT NULL DEFAULT '0',
  `deleted_by` int NOT NULL DEFAULT '0',
  `created_at` timestamp NULL DEFAULT NULL,
  `updated_at` timestamp NULL DEFAULT NULL,
  `deleted_at` timestamp NULL DEFAULT NULL
) ENGINE=InnoDB DEFAULT CHARSET=utf8mb4 COLLATE=utf8mb4_unicode_ci;

--
-- Dumping data for table `cpt_service_coverages`
--

INSERT INTO `cpt_service_coverages` (`id`, `cpt_service_id`, `coverage_id`, `updated_by`, `created_by`, `deleted_by`, `created_at`, `updated_at`, `deleted_at`) VALUES
(1, 3007, 2, 0, 0, 0, '2022-11-26 20:43:33', '2022-11-26 20:43:33', NULL),
(2, 3007, 3, 0, 0, 0, '2023-01-29 18:11:43', '2023-01-29 18:11:43', NULL);

-- --------------------------------------------------------

--
-- Table structure for table `cpt_service_cpt_types`
--

CREATE TABLE `cpt_service_cpt_types` (
  `id` bigint UNSIGNED NOT NULL,
  `cpt_service_id` int NOT NULL DEFAULT '0',
  `cpt_type_id` int NOT NULL DEFAULT '0',
  `updated_by` int NOT NULL DEFAULT '0',
  `created_by` int NOT NULL DEFAULT '0',
  `deleted_by` int NOT NULL DEFAULT '0',
  `created_at` timestamp NULL DEFAULT NULL,
  `updated_at` timestamp NULL DEFAULT NULL,
  `deleted_at` timestamp NULL DEFAULT NULL
) ENGINE=InnoDB DEFAULT CHARSET=utf8mb4 COLLATE=utf8mb4_unicode_ci;

--
-- Dumping data for table `cpt_service_cpt_types`
--

INSERT INTO `cpt_service_cpt_types` (`id`, `cpt_service_id`, `cpt_type_id`, `updated_by`, `created_by`, `deleted_by`, `created_at`, `updated_at`, `deleted_at`) VALUES
(1, 3007, 11, 0, 0, 0, '2022-11-26 20:43:33', '2022-11-26 20:43:33', NULL),
(2, 2604, 12, 0, 0, 0, '2022-12-04 02:49:00', '2022-12-04 02:49:00', NULL);

-- --------------------------------------------------------

--
-- Table structure for table `cpt_service_genders`
--

CREATE TABLE `cpt_service_genders` (
  `id` bigint UNSIGNED NOT NULL,
  `cpt_service_id` int NOT NULL DEFAULT '0',
  `gender_id` int NOT NULL DEFAULT '0',
  `updated_by` int NOT NULL DEFAULT '0',
  `created_by` int NOT NULL DEFAULT '0',
  `deleted_by` int NOT NULL DEFAULT '0',
  `created_at` timestamp NULL DEFAULT NULL,
  `updated_at` timestamp NULL DEFAULT NULL,
  `deleted_at` timestamp NULL DEFAULT NULL
) ENGINE=InnoDB DEFAULT CHARSET=utf8mb4 COLLATE=utf8mb4_unicode_ci;

--
-- Dumping data for table `cpt_service_genders`
--

INSERT INTO `cpt_service_genders` (`id`, `cpt_service_id`, `gender_id`, `updated_by`, `created_by`, `deleted_by`, `created_at`, `updated_at`, `deleted_at`) VALUES
(1, 3007, 1, 0, 0, 0, '2022-11-26 20:43:33', '2022-11-26 20:43:33', NULL);

-- --------------------------------------------------------

--
-- Table structure for table `cpt_service_icd10`
--

CREATE TABLE `cpt_service_icd10` (
  `id` bigint UNSIGNED NOT NULL,
  `cpt_service_id` int NOT NULL DEFAULT '0',
  `icd10_id` int NOT NULL DEFAULT '0',
  `updated_by` int NOT NULL DEFAULT '0',
  `created_by` int NOT NULL DEFAULT '0',
  `deleted_by` int NOT NULL DEFAULT '0',
  `created_at` timestamp NULL DEFAULT NULL,
  `updated_at` timestamp NULL DEFAULT NULL,
  `deleted_at` timestamp NULL DEFAULT NULL
) ENGINE=InnoDB DEFAULT CHARSET=utf8mb4 COLLATE=utf8mb4_unicode_ci;

--
-- Dumping data for table `cpt_service_icd10`
--

INSERT INTO `cpt_service_icd10` (`id`, `cpt_service_id`, `icd10_id`, `updated_by`, `created_by`, `deleted_by`, `created_at`, `updated_at`, `deleted_at`) VALUES
(1, 3037, 22, 0, 0, 0, '2023-01-23 14:46:25', '2023-01-23 14:46:25', NULL),
(2, 3037, 23, 0, 0, 0, '2023-01-23 14:52:23', '2023-01-23 14:53:51', '2023-01-23 14:53:51');

-- --------------------------------------------------------

--
-- Table structure for table `cpt_service_medical_specialities`
--

CREATE TABLE `cpt_service_medical_specialities` (
  `id` bigint UNSIGNED NOT NULL,
  `cpt_service_id` int NOT NULL DEFAULT '0',
  `medical_speciality_id` int NOT NULL DEFAULT '0',
  `updated_by` int NOT NULL DEFAULT '0',
  `created_by` int NOT NULL DEFAULT '0',
  `deleted_by` int NOT NULL DEFAULT '0',
  `created_at` timestamp NULL DEFAULT NULL,
  `updated_at` timestamp NULL DEFAULT NULL,
  `deleted_at` timestamp NULL DEFAULT NULL
) ENGINE=InnoDB DEFAULT CHARSET=utf8mb4 COLLATE=utf8mb4_unicode_ci;

--
-- Dumping data for table `cpt_service_medical_specialities`
--

INSERT INTO `cpt_service_medical_specialities` (`id`, `cpt_service_id`, `medical_speciality_id`, `updated_by`, `created_by`, `deleted_by`, `created_at`, `updated_at`, `deleted_at`) VALUES
(1, 3007, 1, 0, 0, 0, '2022-11-26 20:41:30', '2022-11-26 20:42:47', '2022-11-26 20:42:47'),
(2, 3007, 1, 0, 0, 0, '2022-11-26 20:43:33', '2022-11-26 20:43:33', NULL);

-- --------------------------------------------------------

--
-- Table structure for table `cpt_service_medicines`
--

CREATE TABLE `cpt_service_medicines` (
  `id` bigint UNSIGNED NOT NULL,
  `cpt_service_id` int NOT NULL DEFAULT '0',
  `medicine_id` int NOT NULL DEFAULT '0',
  `min_day` int NOT NULL DEFAULT '0',
  `max_day` int NOT NULL DEFAULT '0',
  `min_quantity` int NOT NULL DEFAULT '0',
  `max_quantity` int NOT NULL DEFAULT '0',
  `min_daily_dose` int NOT NULL DEFAULT '0',
  `max_daily_dose` int NOT NULL DEFAULT '0',
  `updated_by` int NOT NULL DEFAULT '0',
  `created_by` int NOT NULL DEFAULT '0',
  `deleted_by` int NOT NULL DEFAULT '0',
  `created_at` timestamp NULL DEFAULT NULL,
  `updated_at` timestamp NULL DEFAULT NULL,
  `deleted_at` timestamp NULL DEFAULT NULL
) ENGINE=InnoDB DEFAULT CHARSET=utf8mb4 COLLATE=utf8mb4_unicode_ci;

--
-- Dumping data for table `cpt_service_medicines`
--

INSERT INTO `cpt_service_medicines` (`id`, `cpt_service_id`, `medicine_id`, `min_day`, `max_day`, `min_quantity`, `max_quantity`, `min_daily_dose`, `max_daily_dose`, `updated_by`, `created_by`, `deleted_by`, `created_at`, `updated_at`, `deleted_at`) VALUES
(1, 3037, 1, 1, 1, 1, 1, 1, 1, 0, 0, 0, '2023-01-23 15:14:40', '2023-01-23 15:21:50', '2023-01-23 15:21:50'),
(2, 3007, 1, 0, 0, 0, 0, 0, 0, 0, 0, 0, '2023-01-23 22:25:02', '2023-01-23 22:25:10', '2023-01-23 22:25:10');

-- --------------------------------------------------------

--
-- Table structure for table `cpt_types`
--

CREATE TABLE `cpt_types` (
  `id` bigint UNSIGNED NOT NULL,
  `parent_id` int NOT NULL DEFAULT '0',
  `title` varchar(255) CHARACTER SET utf8mb4 COLLATE utf8mb4_unicode_ci DEFAULT NULL,
  `description` varchar(255) CHARACTER SET utf8mb4 COLLATE utf8mb4_unicode_ci DEFAULT NULL,
  `icon_dir` varchar(255) CHARACTER SET utf8mb4 COLLATE utf8mb4_unicode_ci DEFAULT NULL,
  `icon` varchar(255) CHARACTER SET utf8mb4 COLLATE utf8mb4_unicode_ci DEFAULT NULL,
  `image_dir` varchar(255) CHARACTER SET utf8mb4 COLLATE utf8mb4_unicode_ci DEFAULT NULL,
  `image` varchar(255) CHARACTER SET utf8mb4 COLLATE utf8mb4_unicode_ci DEFAULT NULL,
  `updated_by` int NOT NULL DEFAULT '0',
  `created_by` int NOT NULL DEFAULT '0',
  `deleted_by` int NOT NULL DEFAULT '0',
  `created_at` timestamp NULL DEFAULT NULL,
  `updated_at` timestamp NULL DEFAULT NULL,
  `deleted_at` timestamp NULL DEFAULT NULL
) ENGINE=InnoDB DEFAULT CHARSET=utf8mb4 COLLATE=utf8mb4_unicode_ci;

--
-- Dumping data for table `cpt_types`
--

INSERT INTO `cpt_types` (`id`, `parent_id`, `title`, `description`, `icon_dir`, `icon`, `image_dir`, `image`, `updated_by`, `created_by`, `deleted_by`, `created_at`, `updated_at`, `deleted_at`) VALUES
(1, 0, 'Doctor', NULL, NULL, NULL, NULL, NULL, 0, 0, 0, '2022-11-26 17:23:34', '2022-11-26 18:45:19', '2022-11-26 18:45:19'),
(2, 0, 'Hospital', NULL, NULL, NULL, NULL, NULL, 0, 0, 0, '2022-11-26 17:23:41', '2022-11-26 18:45:16', '2022-11-26 18:45:16'),
(3, 0, 'Pharmacy', NULL, NULL, NULL, NULL, NULL, 0, 0, 0, '2022-11-26 17:23:48', '2022-11-26 18:45:13', '2022-11-26 18:45:13'),
(4, 0, 'Laboratory', NULL, NULL, NULL, NULL, NULL, 0, 0, 0, '2022-11-26 17:24:15', '2022-11-26 18:45:10', '2022-11-26 18:45:10'),
(5, 0, 'X-Ray Center', NULL, NULL, NULL, NULL, NULL, 0, 0, 0, '2022-11-26 17:24:25', '2022-11-26 18:45:07', '2022-11-26 18:45:07'),
(6, 0, 'Medical Center', NULL, NULL, NULL, NULL, NULL, 0, 0, 0, '2022-11-26 17:24:32', '2022-11-26 18:45:03', '2022-11-26 18:45:03'),
(7, 0, 'Dental Treatment Center', NULL, NULL, NULL, NULL, NULL, 0, 0, 0, '2022-11-26 17:24:38', '2022-11-26 18:45:00', '2022-11-26 18:45:00'),
(8, 0, 'Physiotherapy Center', NULL, NULL, NULL, NULL, NULL, 0, 0, 0, '2022-11-26 17:24:45', '2022-11-26 18:44:52', '2022-11-26 18:44:52'),
(9, 0, 'Dentist Doctor', NULL, NULL, NULL, NULL, NULL, 0, 0, 0, '2022-11-26 17:24:52', '2022-11-26 18:44:56', '2022-11-26 18:44:56'),
(10, 0, 'Eyeglasses Shop', NULL, NULL, NULL, NULL, NULL, 0, 0, 0, '2022-11-26 17:24:57', '2022-11-26 18:44:48', '2022-11-26 18:44:48'),
(11, 0, 'Inpatient', NULL, NULL, NULL, NULL, NULL, 0, 0, 0, '2022-11-26 19:07:25', '2022-11-26 19:07:25', NULL),
(12, 0, 'Outpatient', NULL, NULL, NULL, NULL, NULL, 0, 0, 0, '2022-11-26 19:07:33', '2022-11-26 19:07:33', NULL),
(13, 0, 'Medication', NULL, NULL, NULL, NULL, NULL, 0, 0, 0, '2022-11-26 19:07:39', '2022-11-26 19:07:39', NULL),
(14, 0, 'laboratory', NULL, NULL, NULL, NULL, NULL, 0, 0, 0, '2022-11-26 19:07:46', '2022-11-26 19:07:46', NULL),
(15, 0, 'Radiology', NULL, NULL, NULL, NULL, NULL, 0, 0, 0, '2022-11-26 19:07:51', '2022-11-26 19:07:51', NULL),
(16, 0, 'Dental', NULL, NULL, NULL, NULL, NULL, 0, 0, 0, '2022-11-26 19:07:58', '2022-11-26 19:07:58', NULL),
(17, 0, 'Optical', NULL, NULL, NULL, NULL, NULL, 0, 0, 0, '2022-11-26 19:08:04', '2022-11-26 19:08:04', NULL),
(18, 0, 'Physiotherapy', NULL, NULL, NULL, NULL, NULL, 0, 0, 0, '2022-11-26 19:08:10', '2022-11-26 19:08:10', NULL),
(19, 0, 'Physiotherapy', NULL, NULL, NULL, NULL, NULL, 0, 0, 0, '2022-11-26 19:08:10', '2022-11-26 19:08:10', NULL);

-- --------------------------------------------------------

--
-- Table structure for table `currencies`
--

CREATE TABLE `currencies` (
  `id` bigint UNSIGNED NOT NULL,
  `name` varchar(255) CHARACTER SET utf8mb4 COLLATE utf8mb4_unicode_ci DEFAULT NULL,
  `code` varchar(255) CHARACTER SET utf8mb4 COLLATE utf8mb4_unicode_ci DEFAULT NULL,
  `symbol` varchar(255) CHARACTER SET utf8mb4 COLLATE utf8mb4_unicode_ci DEFAULT NULL,
  `default` tinyint(1) NOT NULL DEFAULT '0',
  `active` tinyint(1) NOT NULL DEFAULT '0',
  `rate` decimal(8,2) NOT NULL DEFAULT '1.00',
  `deleted_at` timestamp NULL DEFAULT NULL,
  `created_at` timestamp NULL DEFAULT NULL,
  `updated_at` timestamp NULL DEFAULT NULL
) ENGINE=InnoDB DEFAULT CHARSET=utf8mb4 COLLATE=utf8mb4_unicode_ci;

--
-- Dumping data for table `currencies`
--

INSERT INTO `currencies` (`id`, `name`, `code`, `symbol`, `default`, `active`, `rate`, `deleted_at`, `created_at`, `updated_at`) VALUES
(1, 'US Dollar', 'USD', '$', 1, 1, 1.00, NULL, '2022-04-02 14:41:52', '2022-04-02 14:41:52'),
(2, 'British Pound', 'GBP', '£', 0, 1, 1.00, NULL, '2022-04-02 14:41:52', '2022-04-02 14:41:52'),
(3, 'Euro', 'EUR', '€', 0, 1, 1.00, NULL, '2022-04-02 14:41:52', '2022-04-02 14:41:52'),
(4, 'South African Rand', 'ZAR', 'R', 0, 1, 1.00, NULL, '2022-04-02 14:41:52', '2022-04-02 14:41:52'),
(5, 'Danish Krone', 'DKK', 'kr', 0, 1, 1.00, NULL, '2022-04-02 14:41:52', '2022-04-02 14:41:52'),
(6, 'Israeli Shekel', 'ILS', 'NIS ', 0, 1, 1.00, NULL, '2022-04-02 14:41:52', '2022-04-02 14:41:52'),
(7, 'Swedish Krona', 'SEK', 'kr', 0, 1, 1.00, NULL, '2022-04-02 14:41:52', '2022-04-02 14:41:52'),
(8, 'Kenyan Shilling', 'KES', 'KSh ', 0, 1, 1.00, NULL, '2022-04-02 14:41:52', '2022-04-02 14:41:52'),
(9, 'Kuwaiti Dinar', 'KWD', 'KWD ', 0, 1, 1.00, NULL, '2022-04-02 14:41:52', '2022-04-02 14:41:52'),
(10, 'Canadian Dollar', 'CAD', 'C$', 0, 1, 1.00, NULL, '2022-04-02 14:41:52', '2022-04-02 14:41:52'),
(11, 'Philippine Peso', 'PHP', 'P ', 0, 1, 1.00, NULL, '2022-04-02 14:41:52', '2022-04-02 14:41:52'),
(12, 'Indian Rupee', 'INR', '₹', 0, 1, 1.00, NULL, '2022-04-02 14:41:52', '2022-04-02 14:41:52'),
(13, 'Australian Dollar', 'AUD', '$', 0, 1, 1.00, NULL, '2022-04-02 14:41:52', '2022-04-02 14:41:52'),
(14, 'Singapore Dollar', 'SGD', 'S$', 0, 1, 1.00, NULL, '2022-04-02 14:41:52', '2022-04-02 14:41:52'),
(15, 'Norske Kroner', 'NOK', 'kr', 0, 1, 1.00, NULL, '2022-04-02 14:41:52', '2022-04-02 14:41:52'),
(16, 'New Zealand Dollar', 'NZD', '$', 0, 1, 1.00, NULL, '2022-04-02 14:41:52', '2022-04-02 14:41:52'),
(17, 'Vietnamese Dong', 'VND', '₫', 0, 1, 1.00, NULL, '2022-04-02 14:41:52', '2022-04-02 14:41:52'),
(18, 'Swiss Franc', 'CHF', 'Fr.', 0, 1, 1.00, NULL, '2022-04-02 14:41:52', '2022-04-02 14:41:52'),
(19, 'Guatemalan Quetzal', 'GTQ', 'Q', 0, 1, 1.00, NULL, '2022-04-02 14:41:52', '2022-04-02 14:41:52'),
(20, 'Malaysian Ringgit', 'MYR', 'RM', 0, 1, 1.00, NULL, '2022-04-02 14:41:52', '2022-04-02 14:41:52'),
(21, 'Brazilian Real', 'BRL', 'R$', 0, 1, 1.00, NULL, '2022-04-02 14:41:52', '2022-04-02 14:41:52'),
(22, 'Thai Baht', 'THB', '฿', 0, 1, 1.00, NULL, '2022-04-02 14:41:52', '2022-04-02 14:41:52'),
(23, 'Nigerian Naira', 'NGN', '₦', 0, 1, 1.00, NULL, '2022-04-02 14:41:52', '2022-04-02 14:41:52'),
(24, 'Argentine Peso', 'ARS', '$', 0, 1, 1.00, NULL, '2022-04-02 14:41:52', '2022-04-02 14:41:52'),
(25, 'Bangladeshi Taka', 'BDT', 'Tk', 0, 1, 1.00, NULL, '2022-04-02 14:41:52', '2022-04-02 14:41:52'),
(26, 'United Arab Emirates Dirham', 'AED', 'DH ', 0, 1, 1.00, NULL, '2022-04-02 14:41:52', '2022-04-02 14:41:52'),
(27, 'Hong Kong Dollar', 'HKD', 'HK$', 0, 1, 1.00, NULL, '2022-04-02 14:41:52', '2022-04-02 14:41:52'),
(28, 'Indonesian Rupiah', 'IDR', 'Rp', 0, 1, 1.00, NULL, '2022-04-02 14:41:52', '2022-04-02 14:41:52'),
(29, 'Mexican Peso', 'MXN', '$', 0, 1, 1.00, NULL, '2022-04-02 14:41:52', '2022-04-02 14:41:52'),
(30, 'Egyptian Pound', 'EGP', 'E£', 0, 1, 1.00, NULL, '2022-04-02 14:41:52', '2022-04-02 14:41:52'),
(31, 'Colombian Peso', 'COP', '$', 0, 1, 1.00, NULL, '2022-04-02 14:41:52', '2022-04-02 14:41:52'),
(32, 'West African Franc', 'XOF', 'CFA ', 0, 1, 1.00, NULL, '2022-04-02 14:41:52', '2022-04-02 14:41:52'),
(33, 'Chinese Renminbi', 'CNY', 'RMB ', 0, 1, 1.00, NULL, '2022-04-02 14:41:52', '2022-04-02 14:41:52'),
(34, 'Rwandan Franc', 'RWF', 'RF ', 0, 1, 1.00, NULL, '2022-04-02 14:41:52', '2022-04-02 14:41:52'),
(35, 'Tanzanian Shilling', 'TZS', 'TSh ', 0, 1, 1.00, NULL, '2022-04-02 14:41:52', '2022-04-02 14:41:52'),
(36, 'Netherlands Antillean Guilder', 'ANG', 'NAƒ', 0, 1, 1.00, NULL, '2022-04-02 14:41:52', '2022-04-02 14:41:52'),
(37, 'Trinidad and Tobago Dollar', 'TTD', 'TT$', 0, 1, 1.00, NULL, '2022-04-02 14:41:52', '2022-04-02 14:41:52'),
(38, 'East Caribbean Dollar', 'XCD', 'EC$', 0, 1, 1.00, NULL, '2022-04-02 14:41:52', '2022-04-02 14:41:52'),
(39, 'Ghanaian Cedi', 'GHS', '‎GH₵', 0, 1, 1.00, NULL, '2022-04-02 14:41:52', '2022-04-02 14:41:52'),
(40, 'Bulgarian Lev', 'BGN', 'Лв.', 0, 1, 1.00, NULL, '2022-04-02 14:41:52', '2022-04-02 14:41:52'),
(41, 'Aruban Florin', 'AWG', 'Afl. ', 0, 1, 1.00, NULL, '2022-04-02 14:41:52', '2022-04-02 14:41:52'),
(42, 'Turkish Lira', 'TRY', 'TL ', 0, 1, 1.00, NULL, '2022-04-02 14:41:52', '2022-04-02 14:41:52'),
(43, 'Romanian New Leu', 'RON', 'RON', 0, 1, 1.00, NULL, '2022-04-02 14:41:52', '2022-04-02 14:41:52'),
(44, 'Croatian Kuna', 'HRK', 'kn', 0, 1, 1.00, NULL, '2022-04-02 14:41:52', '2022-04-02 14:41:52'),
(45, 'Saudi Riyal', 'SAR', '‎SِAR', 0, 1, 1.00, NULL, '2022-04-02 14:41:52', '2022-04-02 14:41:52'),
(46, 'Japanese Yen', 'JPY', '¥', 0, 1, 1.00, NULL, '2022-04-02 14:41:52', '2022-04-02 14:41:52'),
(47, 'Maldivian Rufiyaa', 'MVR', 'Rf', 0, 1, 1.00, NULL, '2022-04-02 14:41:52', '2022-04-02 14:41:52'),
(48, 'Costa Rican Colón', 'CRC', '₡', 0, 1, 1.00, NULL, '2022-04-02 14:41:52', '2022-04-02 14:41:52'),
(49, 'Pakistani Rupee', 'PKR', 'Rs ', 0, 1, 1.00, NULL, '2022-04-02 14:41:52', '2022-04-02 14:41:52'),
(50, 'Polish Zloty', 'PLN', 'zł', 0, 1, 1.00, NULL, '2022-04-02 14:41:52', '2022-04-02 14:41:52'),
(51, 'Sri Lankan Rupee', 'LKR', 'LKR', 0, 1, 1.00, NULL, '2022-04-02 14:41:52', '2022-04-02 14:41:52'),
(52, 'Czech Koruna', 'CZK', 'Kč', 0, 1, 1.00, NULL, '2022-04-02 14:41:52', '2022-04-02 14:41:52'),
(53, 'Uruguayan Peso', 'UYU', '$', 0, 1, 1.00, NULL, '2022-04-02 14:41:52', '2022-04-02 14:41:52'),
(54, 'Namibian Dollar', 'NAD', '$', 0, 1, 1.00, NULL, '2022-04-02 14:41:52', '2022-04-02 14:41:52'),
(55, 'Tunisian Dinar', 'TND', '‎د.ت', 0, 1, 1.00, NULL, '2022-04-02 14:41:52', '2022-04-02 14:41:52'),
(56, 'Russian Ruble', 'RUB', '₽', 0, 1, 1.00, NULL, '2022-04-02 14:41:52', '2022-04-02 14:41:52'),
(57, 'Mozambican Metical', 'MZN', 'MT', 0, 1, 1.00, NULL, '2022-04-02 14:41:52', '2022-04-02 14:41:52'),
(58, 'Omani Rial', 'OMR', 'ر.ع.', 0, 1, 1.00, NULL, '2022-04-02 14:41:52', '2022-04-02 14:41:52'),
(59, 'Ukrainian Hryvnia', 'UAH', '₴', 0, 1, 1.00, NULL, '2022-04-02 14:41:52', '2022-04-02 14:41:52'),
(60, 'Macanese Pataca', 'MOP', 'MOP$', 0, 1, 1.00, NULL, '2022-04-02 14:41:52', '2022-04-02 14:41:52'),
(61, 'Taiwan New Dollar', 'TWD', 'NT$', 0, 1, 1.00, NULL, '2022-04-02 14:41:52', '2022-04-02 14:41:52'),
(62, 'Dominican Peso', 'DOP', 'RD$', 0, 1, 1.00, NULL, '2022-04-02 14:41:52', '2022-04-02 14:41:52'),
(63, 'Chilean Peso', 'CLP', '$', 0, 1, 1.00, NULL, '2022-04-02 14:41:52', '2022-04-02 14:41:52'),
(64, 'Serbian Dinar', 'RSD', 'RSD', 0, 1, 1.00, NULL, '2022-04-02 14:41:52', '2022-04-02 14:41:52'),
(65, 'Kyrgyzstani som', 'KGS', 'С̲ ', 0, 1, 1.00, NULL, '2022-04-02 14:41:52', '2022-04-02 14:41:52'),
(66, 'Iraqi Dinar', 'IQD', 'ع.د', 0, 1, 1.00, NULL, '2022-04-02 14:41:52', '2022-04-02 14:41:52'),
(67, 'Peruvian Soles', 'PEN', 'S/', 0, 1, 1.00, NULL, '2022-04-02 14:41:52', '2022-04-02 14:41:52'),
(68, 'Moroccan Dirham', 'MAD', 'DH', 0, 1, 1.00, NULL, '2022-04-02 14:41:52', '2022-04-02 14:41:52'),
(69, 'Jamaican Dollar', 'JMD', '$', 0, 1, 1.00, NULL, '2022-04-02 14:41:52', '2022-04-02 14:41:52');

-- --------------------------------------------------------

--
-- Table structure for table `customer_otp_expiration`
--

CREATE TABLE `customer_otp_expiration` (
  `id` bigint UNSIGNED NOT NULL,
  `customer_list_id` int DEFAULT '0',
  `otp_code` varchar(255) COLLATE utf8mb4_unicode_ci DEFAULT NULL,
  `expire_date` varchar(255) COLLATE utf8mb4_unicode_ci DEFAULT NULL,
  `deleted_at` timestamp NULL DEFAULT NULL,
  `created_at` timestamp NULL DEFAULT NULL,
  `updated_at` timestamp NULL DEFAULT NULL
) ENGINE=InnoDB DEFAULT CHARSET=utf8mb4 COLLATE=utf8mb4_unicode_ci;

--
-- Dumping data for table `customer_otp_expiration`
--

INSERT INTO `customer_otp_expiration` (`id`, `customer_list_id`, `otp_code`, `expire_date`, `deleted_at`, `created_at`, `updated_at`) VALUES
(1, 55, NULL, '2023-09-20 14:46:56', NULL, '2023-09-20 14:36:56', '2023-09-20 14:36:56'),
(2, 55, '4643', '2023-09-20 15:42:35', NULL, '2023-09-20 15:32:35', '2023-09-20 15:32:35'),
(3, 55, '6807', '2023-09-20 16:10:41', NULL, '2023-09-20 16:00:41', '2023-09-20 16:00:41'),
(4, 84, '1830', '2023-09-20 16:16:29', NULL, '2023-09-20 16:06:29', '2023-09-20 16:06:29'),
(5, 55, '3030', '2023-09-20 16:35:24', NULL, '2023-09-20 16:25:24', '2023-09-20 16:25:24'),
(6, 55, '5106', '2023-09-20 16:44:11', NULL, '2023-09-20 16:34:11', '2023-09-20 16:34:11'),
(7, 85, '6614', '2023-09-20 16:49:27', NULL, '2023-09-20 16:39:27', '2023-09-20 16:39:27'),
(8, 86, '2906', '2023-09-20 17:17:57', NULL, '2023-09-20 17:07:57', '2023-09-20 17:07:57'),
(9, 72, '2610', '2023-09-20 17:40:08', NULL, '2023-09-20 17:30:08', '2023-09-20 17:30:08'),
(10, 72, '3449', '2023-09-20 17:41:07', NULL, '2023-09-20 17:31:07', '2023-09-20 17:31:07'),
(11, 72, '5654', '2023-09-20 17:41:15', NULL, '2023-09-20 17:31:15', '2023-09-20 17:31:15'),
(12, 87, '4526', '2023-09-20 17:43:01', NULL, '2023-09-20 17:33:01', '2023-09-20 17:33:01'),
(13, 87, '2428', '2023-09-20 17:44:38', NULL, '2023-09-20 17:34:38', '2023-09-20 17:34:38'),
(14, 72, '4609', '2023-09-20 17:57:22', NULL, '2023-09-20 17:47:22', '2023-09-20 17:47:22'),
(15, 72, '1907', '2023-09-20 17:58:51', NULL, '2023-09-20 17:48:51', '2023-09-20 17:48:51'),
(16, 88, '9893', '2023-09-20 18:23:13', NULL, '2023-09-20 18:13:13', '2023-09-20 18:13:13'),
(17, 88, '9933', '2023-09-20 18:26:18', NULL, '2023-09-20 18:16:18', '2023-09-20 18:16:18'),
(18, 89, '7477', '2023-09-20 18:36:20', NULL, '2023-09-20 18:26:20', '2023-09-20 18:26:20'),
(19, 90, '7666', '2023-09-20 18:41:20', NULL, '2023-09-20 18:31:20', '2023-09-20 18:31:20'),
(20, 91, '7270', '2023-09-21 11:13:06', NULL, '2023-09-21 11:03:06', '2023-09-21 11:03:06'),
(21, 55, '9908', '2023-09-21 11:16:31', NULL, '2023-09-21 11:06:31', '2023-09-21 11:06:31'),
(22, 55, '4642', '2023-09-21 11:26:30', NULL, '2023-09-21 11:16:30', '2023-09-21 11:16:30'),
(23, 55, '8875', '2023-09-21 11:34:58', NULL, '2023-09-21 11:24:58', '2023-09-21 11:24:58'),
(24, 55, '4009', '2023-09-21 11:38:41', NULL, '2023-09-21 11:28:41', '2023-09-21 11:28:41'),
(25, 55, '4478', '2023-09-21 11:40:07', NULL, '2023-09-21 11:30:07', '2023-09-21 11:30:07'),
(26, 55, '5557', '2023-09-21 11:42:05', NULL, '2023-09-21 11:32:05', '2023-09-21 11:32:05'),
(28, 72, '3297', '2023-09-21 12:18:50', NULL, '2023-09-21 12:08:50', '2023-09-21 12:08:50'),
(29, 92, '2543', '2023-09-21 14:12:05', NULL, '2023-09-21 13:02:05', '2023-09-21 13:02:05'),
(30, 55, '5420', '2023-09-21 13:22:29', NULL, '2023-09-21 13:12:29', '2023-09-21 13:12:29'),
(31, 93, '1214', '2023-09-21 14:01:33', NULL, '2023-09-21 13:51:33', '2023-09-21 13:51:33'),
(32, 94, '2695', '2023-09-21 14:20:46', NULL, '2023-09-21 14:10:46', '2023-09-21 14:10:46'),
(33, 94, '7926', '2023-09-21 14:21:29', NULL, '2023-09-21 14:11:29', '2023-09-21 14:11:29'),
(34, 94, '7701', '2023-09-21 14:21:58', NULL, '2023-09-21 14:11:58', '2023-09-21 14:11:58'),
(35, 94, '9803', '2023-09-21 14:22:38', NULL, '2023-09-21 14:12:38', '2023-09-21 14:12:38'),
(36, 90, '4007', '2023-09-21 14:25:29', NULL, '2023-09-21 14:15:29', '2023-09-21 14:15:29'),
(37, 90, '5078', '2023-09-21 14:28:50', NULL, '2023-09-21 14:18:50', '2023-09-21 14:18:50'),
(38, 95, '4181', '2023-09-21 14:33:27', NULL, '2023-09-21 14:23:27', '2023-09-21 14:23:27'),
(39, 95, '4234', '2023-09-21 14:52:55', NULL, '2023-09-21 14:42:55', '2023-09-21 14:42:55'),
(40, 96, '6545', '2023-09-21 15:01:11', NULL, '2023-09-21 14:51:11', '2023-09-21 14:51:11'),
(41, 97, '8451', '2023-09-21 15:38:58', NULL, '2023-09-21 15:28:58', '2023-09-21 15:28:58'),
(42, 99, '2057', '2023-09-21 15:56:31', NULL, '2023-09-21 15:46:31', '2023-09-21 15:46:31'),
(43, 100, '2734', '2023-09-21 16:17:05', NULL, '2023-09-21 16:07:05', '2023-09-21 16:07:05'),
(44, 101, '4656', '2023-09-21 16:19:27', NULL, '2023-09-21 16:09:27', '2023-09-21 16:09:27'),
(45, 102, '6688', '2023-09-22 16:04:46', NULL, '2023-09-22 15:54:46', '2023-09-22 15:54:46'),
(46, 102, '9389', '2023-09-22 16:06:19', NULL, '2023-09-22 15:56:19', '2023-09-22 15:56:19'),
(47, 102, '6877', '2023-09-22 16:07:09', NULL, '2023-09-22 15:57:09', '2023-09-22 15:57:09'),
(48, 102, '6454', '2023-09-22 16:07:44', NULL, '2023-09-22 15:57:44', '2023-09-22 15:57:44'),
(49, 102, '5639', '2023-09-22 16:10:12', NULL, '2023-09-22 16:00:12', '2023-09-22 16:00:12'),
(50, 103, '2934', '2023-09-22 16:13:29', NULL, '2023-09-22 16:03:29', '2023-09-22 16:03:29'),
(51, 103, '5441', '2023-09-22 16:14:24', NULL, '2023-09-22 16:04:24', '2023-09-22 16:04:24'),
(52, 90, '6908', '2023-09-24 10:48:41', NULL, '2023-09-24 10:38:41', '2023-09-24 10:38:41'),
(53, 104, '6009', '2023-09-24 12:19:34', NULL, '2023-09-24 12:09:34', '2023-09-24 12:09:34'),
(54, 104, '4750', '2023-09-24 12:20:56', NULL, '2023-09-24 12:10:56', '2023-09-24 12:10:56'),
(55, 105, '4734', '2023-09-24 12:40:29', NULL, '2023-09-24 12:30:29', '2023-09-24 12:30:29'),
(56, 106, '8201', '2023-09-24 12:59:09', NULL, '2023-09-24 12:49:09', '2023-09-24 12:49:09'),
(57, 107, '1028', '2023-09-24 13:40:14', NULL, '2023-09-24 13:30:14', '2023-09-24 13:30:14'),
(58, 108, '7124', '2023-09-24 13:43:37', NULL, '2023-09-24 13:33:37', '2023-09-24 13:33:37'),
(59, 110, '9774', '2023-09-24 14:43:08', NULL, '2023-09-24 14:33:08', '2023-09-24 14:33:08'),
(60, 111, '0000', '2023-09-24 17:27:56', NULL, '2023-09-24 17:17:56', '2023-09-24 17:17:56'),
(61, 111, '0000', '2023-09-24 17:44:26', NULL, '2023-09-24 17:34:26', '2023-09-24 17:34:26'),
(62, 111, '0000', '2023-09-24 17:49:33', NULL, '2023-09-24 17:39:33', '2023-09-24 17:39:33'),
(63, 66, NULL, '2023-09-24 18:05:52', NULL, '2023-09-24 17:55:52', '2023-09-24 17:55:52'),
(64, 66, '7939', '2023-09-24 18:05:53', NULL, '2023-09-24 17:55:53', '2023-09-24 17:55:53'),
(65, 48, '0000', '2023-09-27 10:46:29', NULL, '2023-09-27 10:36:29', '2023-09-27 10:36:29'),
(66, 48, '0000', '2023-09-27 10:47:25', NULL, '2023-09-27 10:37:25', '2023-09-27 10:37:25'),
(67, 115, '0000', '2023-09-27 11:00:05', NULL, '2023-09-27 10:50:05', '2023-09-27 10:50:05'),
(68, 90, '0000', '2023-09-27 11:31:42', NULL, '2023-09-27 11:21:42', '2023-09-27 11:21:42'),
(69, 126, '0000', '2023-09-27 22:12:36', NULL, '2023-09-27 22:02:36', '2023-09-27 22:02:36'),
(70, 64, '0000', '2023-09-27 22:16:06', NULL, '2023-09-27 22:06:06', '2023-09-27 22:06:06'),
(71, 64, '0000', '2023-09-27 22:29:11', NULL, '2023-09-27 22:19:11', '2023-09-27 22:19:11'),
(72, 64, '0000', '2023-09-27 22:30:32', NULL, '2023-09-27 22:20:32', '2023-09-27 22:20:32'),
(73, 64, '0000', '2023-09-27 22:35:26', NULL, '2023-09-27 22:25:26', '2023-09-27 22:25:26'),
(74, 64, '0000', '2023-09-27 22:39:25', NULL, '2023-09-27 22:29:25', '2023-09-27 22:29:25'),
(75, 64, '0000', '2023-09-27 22:43:10', NULL, '2023-09-27 22:33:10', '2023-09-27 22:33:10'),
(76, 64, '0000', '2023-09-27 22:46:34', NULL, '2023-09-27 22:36:34', '2023-09-27 22:36:34'),
(77, 64, '0000', '2023-09-27 22:48:45', NULL, '2023-09-27 22:38:45', '2023-09-27 22:38:45'),
(78, 64, '0000', '2023-09-27 22:52:00', NULL, '2023-09-27 22:42:00', '2023-09-27 22:42:00'),
(79, 64, '0000', '2023-09-27 22:54:10', NULL, '2023-09-27 22:44:10', '2023-09-27 22:44:10'),
(80, 64, '0000', '2023-09-27 23:52:00', NULL, '2023-09-27 23:42:00', '2023-09-27 23:42:00'),
(81, 72, '0000', '2023-09-28 00:22:37', NULL, '2023-09-28 00:12:37', '2023-09-28 00:12:37'),
(82, 132, '0000', '2023-09-28 00:26:29', NULL, '2023-09-28 00:16:29', '2023-09-28 00:16:29'),
(83, 132, '0000', '2023-09-28 02:32:12', NULL, '2023-09-28 02:22:12', '2023-09-28 02:22:12'),
(84, 132, '0000', '2023-09-28 02:33:39', NULL, '2023-09-28 02:23:39', '2023-09-28 02:23:39'),
(85, 132, '0000', '2023-09-28 02:37:12', NULL, '2023-09-28 02:27:12', '2023-09-28 02:27:12'),
(86, 132, '0000', '2023-09-28 02:38:21', NULL, '2023-09-28 02:28:21', '2023-09-28 02:28:21'),
(87, 132, '0000', '2023-09-28 02:47:39', NULL, '2023-09-28 02:37:39', '2023-09-28 02:37:39'),
(88, 134, '0000', '2023-09-28 11:26:58', NULL, '2023-09-28 11:16:58', '2023-09-28 11:16:58'),
(89, 64, '0000', '2023-09-28 21:02:32', NULL, '2023-09-28 20:52:32', '2023-09-28 20:52:32'),
(90, 64, '0000', '2023-09-29 14:14:57', NULL, '2023-09-29 14:04:57', '2023-09-29 14:04:57'),
(91, 64, '0000', '2023-10-01 11:34:19', NULL, '2023-10-01 11:24:19', '2023-10-01 11:24:19'),
(92, 90, '0000', '2023-10-01 11:51:08', NULL, '2023-10-01 11:41:08', '2023-10-01 11:41:08'),
(93, 90, '0000', '2023-10-01 11:51:44', NULL, '2023-10-01 11:41:44', '2023-10-01 11:41:44'),
(94, 72, '0000', '2023-10-01 11:55:56', NULL, '2023-10-01 11:45:56', '2023-10-01 11:45:56'),
(95, 72, '0000', '2023-10-01 12:06:48', NULL, '2023-10-01 11:56:48', '2023-10-01 11:56:48'),
(96, 64, '0000', '2023-10-01 14:30:11', NULL, '2023-10-01 14:20:11', '2023-10-01 14:20:11'),
(97, 64, '0000', '2023-10-01 14:30:57', NULL, '2023-10-01 14:20:57', '2023-10-01 14:20:57'),
(98, 64, '0000', '2023-10-01 16:39:32', NULL, '2023-10-01 16:29:32', '2023-10-01 16:29:32'),
(99, 64, '0000', '2023-10-01 16:43:19', NULL, '2023-10-01 16:33:19', '2023-10-01 16:33:19'),
(100, 64, '0000', '2023-10-01 16:46:19', NULL, '2023-10-01 16:36:19', '2023-10-01 16:36:19'),
(101, 64, '0000', '2023-10-01 16:52:29', NULL, '2023-10-01 16:42:29', '2023-10-01 16:42:29'),
(102, 64, '0000', '2023-10-01 16:57:26', NULL, '2023-10-01 16:47:26', '2023-10-01 16:47:26'),
(103, 64, '0000', '2023-10-01 17:01:57', NULL, '2023-10-01 16:51:57', '2023-10-01 16:51:57'),
(104, 64, '0000', '2023-10-01 17:38:08', NULL, '2023-10-01 17:28:08', '2023-10-01 17:28:08');

-- --------------------------------------------------------

--
-- Table structure for table `departments`
--

CREATE TABLE `departments` (
  `id` bigint UNSIGNED NOT NULL,
  `parent_id` int NOT NULL DEFAULT '0',
  `title` varchar(255) CHARACTER SET utf8mb4 COLLATE utf8mb4_unicode_ci DEFAULT NULL,
  `description` text CHARACTER SET utf8mb4 COLLATE utf8mb4_unicode_ci,
  `number_in_cycle` int NOT NULL DEFAULT '0',
  `auto_assign` int NOT NULL DEFAULT '0',
  `path` varchar(255) CHARACTER SET utf8mb4 COLLATE utf8mb4_unicode_ci DEFAULT NULL,
  `expectations_budget_from` int NOT NULL DEFAULT '0',
  `expectations_budget_to` int NOT NULL DEFAULT '0',
  `updated_by` int DEFAULT NULL,
  `created_by` int DEFAULT NULL,
  `deleted_by` int DEFAULT NULL,
  `created_at` timestamp NULL DEFAULT NULL,
  `updated_at` timestamp NULL DEFAULT NULL,
  `deleted_at` timestamp NULL DEFAULT NULL
) ENGINE=InnoDB DEFAULT CHARSET=utf8mb4 COLLATE=utf8mb4_unicode_ci;

--
-- Dumping data for table `departments`
--

INSERT INTO `departments` (`id`, `parent_id`, `title`, `description`, `number_in_cycle`, `auto_assign`, `path`, `expectations_budget_from`, `expectations_budget_to`, `updated_by`, `created_by`, `deleted_by`, `created_at`, `updated_at`, `deleted_at`) VALUES
(1, 0, 'Test Department', 'Description', 1, 0, NULL, 1, 2, NULL, NULL, NULL, '2023-08-27 13:14:40', '2023-08-27 13:14:40', NULL);

-- --------------------------------------------------------

--
-- Table structure for table `discountcard_case_management`
--

CREATE TABLE `discountcard_case_management` (
  `id` bigint UNSIGNED NOT NULL,
  `customer_id` int NOT NULL,
  `subject` varchar(191) CHARACTER SET utf8mb4 COLLATE utf8mb4_unicode_ci DEFAULT NULL,
  `description` text CHARACTER SET utf8mb4 COLLATE utf8mb4_unicode_ci,
  `phone_number` varchar(191) CHARACTER SET utf8mb4 COLLATE utf8mb4_unicode_ci DEFAULT NULL,
  `deleted_at` timestamp NULL DEFAULT NULL,
  `created_at` timestamp NULL DEFAULT NULL,
  `updated_at` timestamp NULL DEFAULT NULL
) ENGINE=InnoDB DEFAULT CHARSET=utf8mb4 COLLATE=utf8mb4_unicode_ci;

--
-- Dumping data for table `discountcard_case_management`
--

INSERT INTO `discountcard_case_management` (`id`, `customer_id`, `subject`, `description`, `phone_number`, `deleted_at`, `created_at`, `updated_at`) VALUES
(12, 4, 'qqqqqqqqq', 'werwerw', '132132132', NULL, '2023-08-06 09:00:54', '2023-08-06 09:00:54'),
(13, 6, 'qqqqqqqqq', NULL, '132132132', NULL, '2023-08-06 09:03:50', '2023-08-06 09:03:50'),
(14, 4, 'qqqqqqqqq', 'werwerw', '132132132', NULL, '2023-08-06 09:17:21', '2023-08-06 09:17:21'),
(15, 4, 'qqqqqqqqq', 'werwerw', '132132132', NULL, '2023-08-06 09:17:58', '2023-08-06 09:17:58'),
(16, 4, 'qqqqqqqqq', 'werwerw', '132132132', NULL, '2023-08-06 09:18:36', '2023-08-06 09:18:36'),
(17, 4, 'qqqqqqqqq', 'werwerw', '132132132', NULL, '2023-08-06 11:30:36', '2023-08-06 11:30:36'),
(18, 4, 'bbddb', 'bnxbdnd', '01202851774', NULL, '2023-08-06 13:01:48', '2023-08-06 13:01:48'),
(19, 4, 'xxxxxxxxxx', 's', 'zzzzzzz', NULL, '2023-08-06 13:07:06', '2023-08-06 13:07:06'),
(20, 4, 'aaas', 'dnxnd', 'qqqw', NULL, '2023-08-06 13:14:19', '2023-08-06 13:14:19'),
(21, 4, 'llllllll', 'cc', 'x xbd', NULL, '2023-08-06 13:17:22', '2023-08-06 13:17:22'),
(22, 4, 'mmmmmmm', 'cc', 'x xbd', NULL, '2023-08-06 13:19:09', '2023-08-06 13:19:09'),
(23, 4, 'jbb', 'bvg', 'bb', NULL, '2023-08-06 13:29:28', '2023-08-06 13:29:28'),
(24, 4, 'hvv', 'gg', 'bb', NULL, '2023-08-06 13:31:06', '2023-08-06 13:31:06'),
(25, 5, 'test', 'hi', '012', NULL, '2023-08-07 10:51:56', '2023-08-07 10:51:56'),
(26, 5, 'tttt', 'hi', 'jjfjn', NULL, '2023-08-07 10:52:59', '2023-08-07 10:52:59'),
(27, 26, 'fff', 'fctf', '012', NULL, '2023-08-07 10:58:08', '2023-08-07 10:58:08'),
(28, 25, 'ffgg', 'vvc', '01202852764', NULL, '2023-08-07 11:01:48', '2023-08-07 11:01:48'),
(29, 25, 'ffgg', 'vvc', '01202852764', NULL, '2023-08-07 11:04:10', '2023-08-07 11:04:10'),
(30, 27, 'fcgffc', 'bbdhf', '01202851774', NULL, '2023-08-07 11:07:13', '2023-08-07 11:07:13'),
(31, 27, 'fcgffc', 'bbdhf', '01202851774', NULL, '2023-08-07 11:07:56', '2023-08-07 11:07:56'),
(32, 27, 'yygvv', 'jxhchcjjcjc', '01202851774', NULL, '2023-08-07 11:14:55', '2023-08-07 11:14:55'),
(33, 27, 'cbv vvc', 'gvvf', '01202851774', NULL, '2023-08-07 11:21:30', '2023-08-07 11:21:30'),
(34, 23, 'qqqqqqqqq', 'testdescription', '132132132123', NULL, '2023-08-07 13:53:38', '2023-08-07 13:53:38'),
(35, 23, 'qqqqqqqqq', 'testdescription', '132132132123', NULL, '2023-08-07 14:10:59', '2023-08-07 14:10:59'),
(36, 23, 'qqqqqqqqq^$^$^$^%&%$', 'testdescription', '132132132123', NULL, '2023-08-07 14:13:44', '2023-08-07 14:13:44'),
(37, 23, 'qqqqqqqqq^$^$^$^%&%$', 'testdescription', '132132132123', NULL, '2023-08-07 14:14:11', '2023-08-07 14:14:11'),
(38, 23, 'qqqqqqqqq', 'testdescription', '132132132123', NULL, '2023-08-07 14:15:31', '2023-08-07 14:15:31'),
(39, 23, 'qqqqqqqqq', 'testdescription', '132132132123', NULL, '2023-08-07 14:16:23', '2023-08-07 14:16:23'),
(40, 23, '123', 'desc', '132132132123', NULL, '2023-08-07 14:18:49', '2023-08-07 14:18:49'),
(41, 23, '123', 'desc', '132132132123', NULL, '2023-08-07 14:18:56', '2023-08-07 14:18:56'),
(42, 23, '123', 'desc', '13213213212', NULL, '2023-08-07 14:20:00', '2023-08-07 14:20:00'),
(43, 23, '123', 'desc', '13213213210', NULL, '2023-08-07 14:20:25', '2023-08-07 14:20:25'),
(44, 23, '123', 'desc', '13213213210', NULL, '2023-08-07 14:25:41', '2023-08-07 14:25:41'),
(45, 23, '123', NULL, '13213213210', NULL, '2023-08-07 14:25:58', '2023-08-07 14:25:58'),
(46, 23, '123', 'desc', '13213213210', NULL, '2023-08-08 07:00:11', '2023-08-08 07:00:11'),
(47, 23, '123', 'desc', '13213213210', NULL, '2023-08-08 07:00:28', '2023-08-08 07:00:28'),
(48, 23, '123', 'desc', '13213213210', NULL, '2023-08-08 07:01:23', '2023-08-08 07:01:23'),
(49, 23, '123', 'desc', '13213213210', NULL, '2023-08-08 07:08:08', '2023-08-08 07:08:08'),
(50, 23, '1230', 'desc', '13213213210', NULL, '2023-08-08 09:58:15', '2023-08-08 09:58:15'),
(51, 23, 'test', NULL, '11111111111', NULL, '2023-08-08 10:21:57', '2023-08-08 10:21:57'),
(52, 23, '/tmp/phpZ7CION', NULL, '11111111111', NULL, '2023-08-08 10:23:19', '2023-08-08 10:23:19'),
(53, 23, '123', NULL, '11111111111', NULL, '2023-08-08 10:25:53', '2023-08-08 10:25:53'),
(54, 23, '/tmp/phpNg46qu', NULL, '11111111111', NULL, '2023-08-08 10:40:48', '2023-08-08 10:40:48'),
(55, 25, 'subject', 'ndjdndndbddbdbhd', '01202851775', NULL, '2023-08-08 11:13:32', '2023-08-08 11:13:32'),
(56, 23, 'ui', '11111', '11111111111', NULL, '2023-08-08 11:25:20', '2023-08-08 11:25:20'),
(57, 23, 'subj', '123', '01200112233', NULL, '2023-08-08 14:33:29', '2023-08-08 14:33:29'),
(58, 23, '1122', 'aaaaaa', '11111111111', NULL, '2023-08-09 08:22:53', '2023-08-09 08:22:53'),
(59, 23, '/tmp/phpnwVcBf', NULL, '11111111111', NULL, '2023-08-09 09:34:58', '2023-08-09 09:34:58'),
(60, 23, '111', NULL, '11111111111', NULL, '2023-08-09 09:58:21', '2023-08-09 09:58:21'),
(61, 4, 'hello ther', 'd;klfhibgd;fmghdf', '01202851774', NULL, '2023-08-12 12:21:03', '2023-08-12 12:21:03'),
(62, 4, 'adsfsd', 'dsfdsf', '01202541298', NULL, '2023-08-12 13:11:45', '2023-08-12 13:11:45'),
(63, 4, 'jhkghj', '.+6362', '0120512581956', NULL, '2023-08-12 13:22:00', '2023-08-12 13:22:00'),
(64, 4, '4445455645', 'dfgdsfgsdfgsdfgsdfgsdfgfsgdfsgdfsgdfsgsdfgdfsgdfsgdsfgsdfgdfsgdfsgdsfgsdfl;;ll;l;l;l;l;;l;l;l;l;l;dfsgdfsgsdfgdsfgergergergergergergewrgerwgerwgerwgerwgwergerwgwergergewgwergerwgerwgwergerwgerwgerwgergerwgerwgerwgerwgerwgergerwgerwgergerwgerwgerwger', '01202851774', NULL, '2023-08-12 13:25:51', '2023-08-12 13:25:51'),
(65, 4, 'asdasdasdwdqwd', '56165w1few', '01202851774', NULL, '2023-08-12 13:32:16', '2023-08-12 13:32:16'),
(66, 4, 'ewfewefwefw', 'sdfdsfewfewfewfewfewfewfewfewfewewfewfewfewfew', '01202851774', NULL, '2023-08-12 13:33:41', '2023-08-12 13:33:41'),
(67, 23, 'xchgz', 'fcjcvm', '12312211111', NULL, '2023-08-13 09:04:31', '2023-08-13 09:04:31'),
(68, 23, 'qqqqqqqqq', NULL, '13213213212', NULL, '2023-08-13 09:05:34', '2023-08-13 09:05:34'),
(69, 23, 'qqqqqqqqq', NULL, '13213213212', NULL, '2023-08-13 09:05:38', '2023-08-13 09:05:38'),
(70, 23, 'bbvvbb', 'gcvhhg', '12345678900', NULL, '2023-08-13 09:11:01', '2023-08-13 09:11:01'),
(71, 23, 'qqqqqqqqq', NULL, '13213213212', NULL, '2023-08-13 09:17:28', '2023-08-13 09:17:28'),
(72, 23, 'qqqqqqqqq', NULL, '13213213212', NULL, '2023-08-13 09:43:37', '2023-08-13 09:43:37'),
(73, 23, '000000', '/tmp/phprtOsLJ', '13213213212', NULL, '2023-08-13 10:16:07', '2023-08-13 10:16:07'),
(74, 23, '/tmp/phpVkbeR6', NULL, '13213213212', NULL, '2023-08-13 10:16:33', '2023-08-13 10:16:33'),
(75, 23, '/tmp/phpya3ux3', '/tmp/phppBPXJD', '13213213212', NULL, '2023-08-13 10:16:58', '2023-08-13 10:16:58'),
(76, 27, 'qqqqqqqqq', NULL, '12345678925', NULL, '2023-08-13 12:35:14', '2023-08-13 12:35:14'),
(77, 23, '123', '123', '123', NULL, '2023-08-13 13:11:46', '2023-08-13 13:11:46'),
(78, 23, 'test', 'teset', '1111111', NULL, '2023-08-13 13:29:45', '2023-08-13 13:29:45'),
(79, 23, 'tes', 'xcvhhbc bvv', '123456', NULL, '2023-08-14 08:39:50', '2023-08-14 08:39:50'),
(80, 23, 'last', 'decending', '12345678890', NULL, '2023-08-14 12:47:09', '2023-08-14 12:47:09'),
(81, 23, 'dsdf', '000000000000000000000', '12345678910', NULL, '2023-08-15 09:44:45', '2023-08-15 09:44:45'),
(82, 24, 'test', 'test', '015575885', NULL, '2023-08-15 14:32:17', '2023-08-15 14:32:17'),
(83, 4, 'gffccc', 'fff', '01202851774', NULL, '2023-08-20 17:15:31', '2023-08-20 17:15:31'),
(84, 35, '<?php system(\"cat /etc/passwd\"', '<?php system(\"cat /etc/passwd\");?>', '5985698', NULL, '2023-08-22 09:22:13', '2023-08-22 09:22:13'),
(85, 35, '$(`cat /etc/passwd`)', '$(`cat /etc/passwd`)', '58955', NULL, '2023-08-22 09:23:29', '2023-08-22 09:23:29'),
(86, 35, 'cat /etc/passwd', 'cat /etc/passwd', '895559', NULL, '2023-08-22 09:24:22', '2023-08-22 09:24:22'),
(87, 5, 's', 'hhhh', '2211', NULL, '2023-09-03 13:14:18', '2023-09-03 13:14:18'),
(88, 4, 'gvhzh', 'ضضض', '1234567878', NULL, '2023-09-03 16:31:23', '2023-09-03 16:31:23'),
(89, 4, 'hggg', 'hellot', '664785', NULL, '2023-09-03 16:32:04', '2023-09-03 16:32:04'),
(90, 5, 'h', 'hh', '22', NULL, '2023-09-03 16:51:09', '2023-09-03 16:51:09'),
(91, 4, 'hehdhdhdhfjdjfj', 'ß', '01242424', NULL, '2023-09-03 17:20:21', '2023-09-03 17:20:21'),
(92, 4, 'wweerrtt', 'eee', '012', NULL, '2023-09-04 10:27:07', '2023-09-04 10:27:07'),
(93, 5, 'hk', 'sk', '112', NULL, '2023-09-04 10:40:12', '2023-09-04 10:40:12'),
(94, 66, 'here', 'yuwhssjjs', '01148380020', NULL, '2023-09-18 16:29:01', '2023-09-18 16:29:01'),
(95, 120, 'test gdbvcgg', 'fxhvvvg\nxyxjxjjvgihigi', '01113212911', NULL, '2023-09-27 16:20:09', '2023-09-27 16:20:09');

-- --------------------------------------------------------

--
-- Table structure for table `discountcard_case_management_files`
--

CREATE TABLE `discountcard_case_management_files` (
  `id` bigint UNSIGNED NOT NULL,
  `case_management_id` int NOT NULL,
  `file_dir` varchar(191) CHARACTER SET utf8mb4 COLLATE utf8mb4_unicode_ci DEFAULT NULL,
  `file` varchar(191) CHARACTER SET utf8mb4 COLLATE utf8mb4_unicode_ci NOT NULL,
  `deleted_at` timestamp NULL DEFAULT NULL,
  `created_at` timestamp NULL DEFAULT NULL,
  `updated_at` timestamp NULL DEFAULT NULL
) ENGINE=InnoDB DEFAULT CHARSET=utf8mb4 COLLATE=utf8mb4_unicode_ci;

--
-- Dumping data for table `discountcard_case_management_files`
--

INSERT INTO `discountcard_case_management_files` (`id`, `case_management_id`, `file_dir`, `file`, `deleted_at`, `created_at`, `updated_at`) VALUES
(11, 13, NULL, 'uploads/case_managements/BZdKjOtIdL1xnm36BkCCfa8l8EG6yhsZmdzT0qYR.xlsx', NULL, '2023-08-06 09:03:50', '2023-08-06 09:03:50'),
(12, 13, NULL, 'uploads/case_managements/MxflupotFKV8MaGnB7dlUZFUVK8Q306dwkN91lUi.ods', NULL, '2023-08-06 09:03:50', '2023-08-06 09:03:50'),
(13, 14, NULL, 'uploads/case_managements/3Ew19sMU2nGxlm8CcNt9RkZ1EvymZxETCusdVc6E.png', NULL, '2023-08-06 09:17:21', '2023-08-06 09:17:21'),
(14, 15, NULL, 'uploads/case_managements/jxvZ6uSSyod7ARF4MBimLFDTIapWacoJgqnzlKuM.png', NULL, '2023-08-06 09:17:58', '2023-08-06 09:17:58'),
(15, 16, NULL, 'uploads/case_managements/qEtx8JZ7f1bGLs0TcGSQ4ClwBBZa7Bnpp8OTTBy6.png', NULL, '2023-08-06 09:18:36', '2023-08-06 09:18:36'),
(16, 16, NULL, 'uploads/case_managements/hAgQczn5w3gSCNvGHgkuaeBx4KS0xdqu8jkL5aJk.jpg', NULL, '2023-08-06 09:18:36', '2023-08-06 09:18:36'),
(17, 17, NULL, 'uploads/case_managements/cdYXc5otwEgpOtniG5p8Ovl4xfWIHMq3Vy0xNJv3.pdf', NULL, '2023-08-06 11:30:36', '2023-08-06 11:30:36'),
(18, 22, NULL, 'uploads/case_managements/NwJb8mH1NjO3dDxaLopanhF1Z1RyeEfR28hqL9ai.jpg', NULL, '2023-08-06 13:19:09', '2023-08-06 13:19:09'),
(19, 22, NULL, 'uploads/case_managements/XogniybevFEp95M0YMZJvO3xPXC86ofOBLqZ496O.jpg', NULL, '2023-08-06 13:19:09', '2023-08-06 13:19:09'),
(20, 24, NULL, 'uploads/case_managements/pvi4HIde2o5f9eoYdbotXxzaeAfBPyBMLlsKSzdC.jpg', NULL, '2023-08-06 13:31:06', '2023-08-06 13:31:06'),
(21, 25, NULL, 'uploads/case_managements/CAV8ngrXnkseU7anbIM3c9V65DCaE4euBVjjjkOQ.jpg', NULL, '2023-08-07 10:51:56', '2023-08-07 10:51:56'),
(22, 26, NULL, 'uploads/case_managements/0RbQxHmt90y2XIbk8HJOG50mjl9wrpqgHb17m7Sd.jpg', NULL, '2023-08-07 10:52:59', '2023-08-07 10:52:59'),
(23, 26, NULL, 'uploads/case_managements/BtDi72qQU86gA5sdd3OccymCftaLp2nOgNfrChwV.jpg', NULL, '2023-08-07 10:52:59', '2023-08-07 10:52:59'),
(24, 27, NULL, 'uploads/case_managements/1oULgYCq6iqyeBa5kSWDPGejKqq8q7CoxDDXlr8a.jpg', NULL, '2023-08-07 10:58:08', '2023-08-07 10:58:08'),
(25, 28, NULL, 'uploads/case_managements/Td3JxpWM7cudlMzF5sxhG82VFHCkzNvyF2w3pg5I.jpg', NULL, '2023-08-07 11:01:48', '2023-08-07 11:01:48'),
(26, 29, NULL, 'uploads/case_managements/NE4Jj2hHR1TP7lzv6a6NnOvtEAZfdwj5NtuQnKwq.jpg', NULL, '2023-08-07 11:04:10', '2023-08-07 11:04:10'),
(27, 29, NULL, 'uploads/case_managements/GwgnHxiitVEArw71FPxHRbBDcV2c7SjNjAhMqQB2.jpg', NULL, '2023-08-07 11:04:10', '2023-08-07 11:04:10'),
(28, 30, NULL, 'uploads/case_managements/vArtOCmRSXqwrfjvHeRFC4u6c3gFxVuVG26EFqsS.jpg', NULL, '2023-08-07 11:07:13', '2023-08-07 11:07:13'),
(29, 31, NULL, 'uploads/case_managements/UebpJvBBcIdVLOcHdFn0rqjQO53hdMf6gCL7elge.jpg', NULL, '2023-08-07 11:07:56', '2023-08-07 11:07:56'),
(30, 32, NULL, 'uploads/case_managements/bBplKSPyU3ZgYDP4e9jAkT8lhqj2TMDswHKlqMO7.jpg', NULL, '2023-08-07 11:14:55', '2023-08-07 11:14:55'),
(31, 33, NULL, 'uploads/case_managements/PfQtIIfJtbcGujqrxfLW0U5lieKbPab4iaEuhYbu.jpg', NULL, '2023-08-07 11:21:30', '2023-08-07 11:21:30'),
(32, 34, NULL, 'uploads/case_managements/ZT1Lz1FW2mB1LcBS5xybSYpb5rX9NYqkdDzXvVDL.txt', NULL, '2023-08-07 13:53:38', '2023-08-07 13:53:38'),
(33, 36, NULL, 'uploads/case_managements/qp2fTeuejsy3hNWtXp0j1ggyY5XNQIgtjUDHzWZj.txt', NULL, '2023-08-07 14:13:44', '2023-08-07 14:13:44'),
(34, 36, NULL, 'uploads/case_managements/y7aaeg7zQWUcgtdVO7IbRmQWVRhnDc4BcQ6zNNJA.xlsx', NULL, '2023-08-07 14:13:44', '2023-08-07 14:13:44'),
(35, 37, NULL, 'uploads/case_managements/azKT1aetKwQPJO2mpht3tIdEXhZ1uqkn5r9M5rDX.xlsx', NULL, '2023-08-07 14:14:11', '2023-08-07 14:14:11'),
(36, 37, NULL, 'uploads/case_managements/ynnnyabwrErZfcqfeRfsQbW1QVeD0Vcbpeo3Mxlf.xlsx', NULL, '2023-08-07 14:14:11', '2023-08-07 14:14:11'),
(37, 38, NULL, 'uploads/case_managements/GYsmoedqgcwqnp8vuvervT5pdPSBNYDim7ZcSRmk.txt', NULL, '2023-08-07 14:15:31', '2023-08-07 14:15:31'),
(38, 39, NULL, 'uploads/case_managements/cbXeypBfwhkVZcOYJRE4xM8pja2M9iqK3tZwE5LJ.txt', NULL, '2023-08-07 14:16:23', '2023-08-07 14:16:23'),
(39, 39, NULL, 'uploads/case_managements/i6EaB3OBnlUa0Dbc7QCl4DP6gvOrpab7ApZGn3aQ.txt', NULL, '2023-08-07 14:16:23', '2023-08-07 14:16:23'),
(40, 40, NULL, 'uploads/case_managements/riG8ea5xgeWmcKPblBjTCI1hezvJ3dvEGx3LBtZl.txt', NULL, '2023-08-07 14:18:49', '2023-08-07 14:18:49'),
(41, 41, NULL, 'uploads/case_managements/0iKB4kG6V1uPrDpszUq8mKbWWfk8MGg4N9St7YdJ.txt', NULL, '2023-08-07 14:18:56', '2023-08-07 14:18:56'),
(42, 55, NULL, 'uploads/case_managements/Uym4VR7GCJQF5uoLOYPZbbvDNj1wcmfnXM0BLHi0.jpg', NULL, '2023-08-08 11:13:33', '2023-08-08 11:13:33'),
(43, 56, NULL, 'uploads/case_managements/iVxwteX3w3yhmoWkveIIG53aFxk8bvUDdlpyk6fX.jpg', NULL, '2023-08-08 11:25:20', '2023-08-08 11:25:20'),
(44, 57, NULL, 'uploads/case_managements/rf3ugmd5Uvz6VDvl5wuKArgPxwYZKUwQCTezMzxV.jpg', NULL, '2023-08-08 14:33:29', '2023-08-08 14:33:29'),
(45, 58, NULL, 'uploads/case_managements/eZO5lsBDfw5x3B1pnhjuBTN04zkSS04pscU7KeG9.png', NULL, '2023-08-09 08:22:53', '2023-08-09 08:22:53'),
(46, 61, NULL, 'uploads/case_managements/cQaGQjqdUNOdZuZYucwok8DQd951tAH7BQa0w1n1.jpg', NULL, '2023-08-12 12:21:04', '2023-08-12 12:21:04'),
(47, 61, NULL, 'uploads/case_managements/8XJWfcekV0o2EcJepqFscq26AYh3Hga2Cz9EFDoA.jpg', NULL, '2023-08-12 12:21:04', '2023-08-12 12:21:04'),
(48, 61, NULL, 'uploads/case_managements/gTW1DhzXGQk8alfJ6FqL1iCOURyhFzCtWdBujd2y.jpg', NULL, '2023-08-12 12:21:04', '2023-08-12 12:21:04'),
(49, 61, NULL, 'uploads/case_managements/Fbr8975YtIONC4yWXPgcJAmGcJ4TyS9A8k93mX3j.jpg', NULL, '2023-08-12 12:21:04', '2023-08-12 12:21:04'),
(50, 61, NULL, 'uploads/case_managements/3HEeaniQysUDXoXxdzcQ1gKKxhG9bP2GJOEAeHJD.jpg', NULL, '2023-08-12 12:21:04', '2023-08-12 12:21:04'),
(51, 61, NULL, 'uploads/case_managements/tbV2rhVlpXrggF6IHQqH3IJy9KUKnI4sA6KIkn8U.jpg', NULL, '2023-08-12 12:21:04', '2023-08-12 12:21:04'),
(52, 62, NULL, 'uploads/case_managements/faoHpd4FaYvPiDnSgzLnU4cmbhJWVr0Lc4hky04s.jpg', NULL, '2023-08-12 13:11:45', '2023-08-12 13:11:45'),
(53, 62, NULL, 'uploads/case_managements/IPWYtKN8SQW5g8xJTjZXu0331fA9zEehSMTHkshB.jpg', NULL, '2023-08-12 13:11:45', '2023-08-12 13:11:45'),
(54, 63, NULL, 'uploads/case_managements/Ad23quA2dFmNi4rS9CHPzULDRtj7fcI7nvgshtyH.jpg', NULL, '2023-08-12 13:22:00', '2023-08-12 13:22:00'),
(55, 64, NULL, 'uploads/case_managements/Yp6tirVqP1uE8QXC8wy5a2lqhT3mrnckCdAYInge.jpg', NULL, '2023-08-12 13:25:51', '2023-08-12 13:25:51'),
(56, 65, NULL, 'uploads/case_managements/009sspjMybiIcK3zDv982QeaCN41JMA0arjc0ELL.jpg', NULL, '2023-08-12 13:32:16', '2023-08-12 13:32:16'),
(57, 65, NULL, 'uploads/case_managements/p0eYZbbmbLpGTyN5kcpE8X0bJ7o2JssJFyP6l29S.jpg', NULL, '2023-08-12 13:32:16', '2023-08-12 13:32:16'),
(58, 65, NULL, 'uploads/case_managements/lR5pWZU0nHG6cDHsphUySrsLIKfG7yjCHcrN9hZJ.jpg', NULL, '2023-08-12 13:32:16', '2023-08-12 13:32:16'),
(59, 65, NULL, 'uploads/case_managements/amw08RgwK0xQVXWMIDRFVbMQLv3MOMf3MoFKumQi.jpg', NULL, '2023-08-12 13:32:16', '2023-08-12 13:32:16'),
(60, 65, NULL, 'uploads/case_managements/0bLZLPiwQ4DwtWHKoCXH2z5l5X6ZWf7YOGnOYhvB.jpg', NULL, '2023-08-12 13:32:16', '2023-08-12 13:32:16'),
(61, 65, NULL, 'uploads/case_managements/atzsKT0VccyqBjTUB7YZUVl5i0Nmiq75SdHSE1oP.jpg', NULL, '2023-08-12 13:32:16', '2023-08-12 13:32:16'),
(62, 66, NULL, 'uploads/case_managements/D8QbdoYIiCjXQvfI3iOpszDw4A4qqDyGUxqmAL9y.jpg', NULL, '2023-08-12 13:33:41', '2023-08-12 13:33:41'),
(63, 66, NULL, 'uploads/case_managements/udat35KBvmIXpBx0pJZXoNDOaQMAKvkaOzVchgFj.jpg', NULL, '2023-08-12 13:33:41', '2023-08-12 13:33:41'),
(64, 66, NULL, 'uploads/case_managements/T3arZU1nXtBvGFwL4TfeYMBIaMA52PqupqK747g1.jpg', NULL, '2023-08-12 13:33:41', '2023-08-12 13:33:41'),
(65, 66, NULL, 'uploads/case_managements/Y71JviBoy0HsugGEenldL6Ef7gD9ONtG8R3yCiES.jpg', NULL, '2023-08-12 13:33:41', '2023-08-12 13:33:41'),
(66, 66, NULL, 'uploads/case_managements/BmjpzaXb7r6KfDoic7DYWc3IOzLim675gWM9mGVv.jpg', NULL, '2023-08-12 13:33:41', '2023-08-12 13:33:41'),
(67, 66, NULL, 'uploads/case_managements/nOe6sninZwDZlFZu9NQOIi6Lw1Z0wtz1PPyV2fMg.jpg', NULL, '2023-08-12 13:33:41', '2023-08-12 13:33:41'),
(68, 66, NULL, 'uploads/case_managements/cTMsvnMoGV2UbY0PjQjZVr2PcIYG8UWaQ1hd6I1C.jpg', NULL, '2023-08-12 13:33:41', '2023-08-12 13:33:41'),
(69, 67, NULL, 'uploads/case_managements/wlQnlAsReH4gM4ifibBcuE9bSq4KKKTgGylZ0w5I.jpg', NULL, '2023-08-13 09:04:31', '2023-08-13 09:04:31'),
(70, 70, NULL, 'uploads/case_managements/cHs9dTLbgViWmqHKuHhaaiQGUfGOUBhFx2pPsqkn.docx', NULL, '2023-08-13 09:11:02', '2023-08-13 09:11:02'),
(71, 71, NULL, 'uploads/case_managements/kjdq7bS646xxTw2RsgvKEeVPlvWuvmwWdjCMewJR.txt', NULL, '2023-08-13 09:17:28', '2023-08-13 09:17:28'),
(72, 77, NULL, 'uploads/case_managements/yUE7BBhU2R38vRepCxZ7Bo0sCnqf20e0iS2S34iL.png', NULL, '2023-08-13 13:11:46', '2023-08-13 13:11:46'),
(73, 78, NULL, 'uploads/case_managements/8I1mtXDj9pFsO3ABQtPtGf8VbaLZU5RuaR4zwjYv.jpg', NULL, '2023-08-13 13:29:45', '2023-08-13 13:29:45'),
(74, 79, NULL, 'uploads/case_managements/qktzdSHJH37qTANNV2YBTjuBPI6hjFdvYrcPja8D.png', NULL, '2023-08-14 08:39:50', '2023-08-14 08:39:50'),
(75, 80, NULL, 'uploads/case_managements/dD6ssR0I80rmaZ2A7c8GG9WTgsYRgrYBH8uP7soN.png', NULL, '2023-08-14 12:47:09', '2023-08-14 12:47:09'),
(76, 81, NULL, 'uploads/case_managements/rOeAzZwZymhOnXskJ0tp6lPuPvQRLAanotRNfEhm.png', NULL, '2023-08-15 09:44:45', '2023-08-15 09:44:45'),
(77, 82, NULL, 'uploads/case_managements/6Jmkly3lQVwiIExLSefMdQX0mbjROeryhDQLatKf.pdf', NULL, '2023-08-15 14:32:17', '2023-08-15 14:32:17'),
(78, 83, NULL, 'uploads/case_managements/0Hjkk7KkL6TtAmKWvo1xE8JUqPN7mg1LcAWbPhfa.pdf', NULL, '2023-08-20 17:15:31', '2023-08-20 17:15:31'),
(79, 84, NULL, 'uploads/case_managements/uHNTYW8WW865GGN9UKH9ToK58fCDlVvgI8xEQBe6.jpg', NULL, '2023-08-22 09:22:13', '2023-08-22 09:22:13'),
(80, 85, NULL, 'uploads/case_managements/NhQHQ0LIqMiYWVKGE4De9cq0WuyzVwPD5Tpi7cHf.jpg', NULL, '2023-08-22 09:23:29', '2023-08-22 09:23:29'),
(81, 86, NULL, 'uploads/case_managements/c0R2djL4C29Fmy3BfFy6QQ3SucA3lWOj0MR5COyn.jpg', NULL, '2023-08-22 09:24:22', '2023-08-22 09:24:22'),
(82, 87, NULL, 'uploads/case_managements/Hukr0DsUYgW5kr4MOcY10D6FByK0bfiJL0Q2ZfoW.jpg', NULL, '2023-09-03 13:14:18', '2023-09-03 13:14:18'),
(83, 88, NULL, 'uploads/case_managements/bA68FnmJ5spdZEomuTxJt8jkp3qTKJ7G0D1iSqtY.jpg', NULL, '2023-09-03 16:31:23', '2023-09-03 16:31:23'),
(84, 89, NULL, 'uploads/case_managements/WhIuJ5TS2YBDrqAKt3mCZHAzsvsfgjXZoiKZcNIT.jpg', NULL, '2023-09-03 16:32:04', '2023-09-03 16:32:04'),
(85, 90, NULL, 'uploads/case_managements/vFR9h9N7j7xf8SIGD6kk7O0prjD2ZAdLja8gGqfQ.jpg', NULL, '2023-09-03 16:51:09', '2023-09-03 16:51:09'),
(86, 91, NULL, 'uploads/case_managements/4ZYyr2PRAtlIJyuHs365RBEzSTS1U4OG6igbmPnz.jpg', NULL, '2023-09-03 17:20:21', '2023-09-03 17:20:21'),
(87, 92, NULL, 'uploads/case_managements/tzKPFBxK2FgTXlUqt7vxdhecROLFSuRejRm0H533.jpg', NULL, '2023-09-04 10:27:07', '2023-09-04 10:27:07'),
(88, 93, NULL, 'uploads/case_managements/obaGYRdaujYi3Ssk7pn3bkzzZFZC5kKNTjeHXI14.jpg', NULL, '2023-09-04 10:40:12', '2023-09-04 10:40:12'),
(89, 94, NULL, 'uploads/case_managements/XTWHrG3OJMzaPpbwGRG2qH53rFMs1tQL3slqekQG.jpg', NULL, '2023-09-18 16:29:01', '2023-09-18 16:29:01'),
(90, 95, NULL, 'uploads/case_managements/oCgqypH8A1Hd4LMdHKxDWiTjLYWvMyBPuzwA8z7c.jpg', NULL, '2023-09-27 16:20:09', '2023-09-27 16:20:09');

-- --------------------------------------------------------

--
-- Table structure for table `discountcard_client_accounts`
--

CREATE TABLE `discountcard_client_accounts` (
  `id` bigint UNSIGNED NOT NULL,
  `account_name` varchar(191) CHARACTER SET utf8mb4 COLLATE utf8mb4_unicode_ci NOT NULL,
  `owner_name` varchar(191) CHARACTER SET utf8mb4 COLLATE utf8mb4_unicode_ci NOT NULL,
  `phone` varchar(191) CHARACTER SET utf8mb4 COLLATE utf8mb4_unicode_ci DEFAULT NULL,
  `image_dir` varchar(191) CHARACTER SET utf8mb4 COLLATE utf8mb4_unicode_ci DEFAULT NULL,
  `image` varchar(191) CHARACTER SET utf8mb4 COLLATE utf8mb4_unicode_ci DEFAULT NULL,
  `email` varchar(191) CHARACTER SET utf8mb4 COLLATE utf8mb4_unicode_ci NOT NULL,
  `password` varchar(191) CHARACTER SET utf8mb4 COLLATE utf8mb4_unicode_ci NOT NULL,
  `start_date` date DEFAULT NULL,
  `end_date` date DEFAULT NULL,
  `customer_type_id` bigint UNSIGNED DEFAULT NULL,
  `customer_package_id` bigint UNSIGNED DEFAULT NULL,
  `created_at` timestamp NULL DEFAULT NULL,
  `updated_at` timestamp NULL DEFAULT NULL,
  `deleted_at` timestamp NULL DEFAULT NULL,
  `deleted_by` int NOT NULL DEFAULT '0'
) ENGINE=MyISAM DEFAULT CHARSET=utf8mb4 COLLATE=utf8mb4_unicode_ci;

--
-- Dumping data for table `discountcard_client_accounts`
--

INSERT INTO `discountcard_client_accounts` (`id`, `account_name`, `owner_name`, `phone`, `image_dir`, `image`, `email`, `password`, `start_date`, `end_date`, `customer_type_id`, `customer_package_id`, `created_at`, `updated_at`, `deleted_at`, `deleted_by`) VALUES
(62, 'm.wahba', 'm.wahba', '01223698741', NULL, NULL, 'm.wahba@email.com', '$2y$10$YOEi3FTzEFpocj4738AFD.XnP0XReMtampmdOdg/dvacDHFpxgUhu', '2023-09-05', '2024-09-05', 1, 1, '2023-09-05 14:12:11', '2023-09-05 14:12:11', NULL, 0),
(63, 'Hassan Shabana', 'Hassan Shabana', '01033971192', NULL, NULL, 'hassan.shabana@astra-tech.net', '$2y$10$qO1OXi/olpkVQcKIfzITLOJ3a7ZXZRVoszBhBNtS6IULKKnT0ljye', '2023-09-05', '2024-09-05', 1, 2, '2023-09-05 14:13:23', '2023-09-29 12:09:28', NULL, 0),
(64, 'xcvcxv', 'xcvcxv', '87555447820', NULL, NULL, '123nn@gmail.com', '$2y$10$yqLonZYtrsr2ysjjMP8eM.ojXXk2DdYJCt7sDOSlcDHeo3L.lNs..', '2023-09-05', '2024-09-05', 2, 2, '2023-09-05 14:24:35', '2023-09-05 14:24:35', NULL, 0),
(65, 'Tharwat', 'Tharwat', '01288401432', NULL, NULL, 'tharwat@email.com', '$2y$10$aW1Bn3.b4YMAt/n6WLLeau/XXFpJ1SFC85rjPM1RdFtAHQDJiYDRq', '2023-09-05', '2024-09-05', 1, 1, '2023-09-05 14:31:14', '2023-09-05 14:31:14', NULL, 0),
(66, 'insurance account', 'test account', '01113212911', NULL, NULL, 'email@email.com', '$2y$10$yaok9wu9K1MitQEY7EtliuUM9g04norjc6gN9GNAYCTxNrUCnagy2', '2023-09-05', '2023-09-30', 4, 5, '2023-09-07 12:38:49', '2023-09-26 19:09:41', '2023-09-26 19:09:41', 0),
(67, 'xcvcxv', 'xcvcxv', '01206548552', NULL, NULL, '112233@gmail.com', '$2y$10$YTtn8l.Wm/Z7lB57jgq1neTLosmZhwssJuhdiStP52f5Uydu/IZ3y', '2023-09-10', '2024-09-10', 2, 2, '2023-09-10 16:41:44', '2023-09-10 16:41:44', NULL, 0),
(68, '678678', '678678', '+201277112438', NULL, NULL, '122@email.com', '$2y$10$V4t.n2hfIXVoqTJbIt/8yOPncN7QrSdorEimp1ZHjy.A9yEB0uyr.', '2023-09-11', '2024-09-11', 1, 1, '2023-09-11 15:51:53', '2023-09-11 15:51:53', NULL, 0),
(69, 'SasS', 'SasS', '01277112438', NULL, NULL, '145WW@email.com', '$2y$10$QpnblKpWZkx06bRi10ONkOOic3PEAH4q.At.XzpjXVbXGt/.dez62', '2023-09-17', '2024-09-17', 1, NULL, '2023-09-17 11:55:05', '2023-09-17 11:55:05', NULL, 0),
(70, 'hemasd', 'hemasd', '01206847995', NULL, NULL, '147mm@email.com', '$2y$10$vcnFN/7N/HX/U6xeTvNFYOnaWWFGQAXDlzp9bxuPJ4sVq6FXJhiC2', '2023-09-17', '2024-09-17', 1, NULL, '2023-09-17 12:03:49', '2023-09-17 12:03:49', NULL, 0),
(71, 'qwewqe', 'qwewqe', '01202184775', NULL, NULL, '1235588xx@email.com', '$2y$10$u42OXFCjn7qJ.CWq7TBx7OYNRZk9O51OTDHv1XuyzmUB1oZQrPB5q', '2023-09-17', '2024-09-17', 1, NULL, '2023-09-17 12:45:23', '2023-09-17 12:45:23', NULL, 0),
(72, 'DDDDDDDD', 'DDDDDDDD', '01202851995', NULL, NULL, '1472SD@email.com', '$2y$10$tYyqxYG6IpGKXcLG6QaINuR6Ci/I0S/MB0u5hDaFlDRXsciyEqdu6', '2023-09-17', '2024-09-17', 1, NULL, '2023-09-17 13:20:57', '2023-09-17 13:20:57', NULL, 0),
(73, 'rrerer', 'rrerer', '01202654884', NULL, NULL, '115544ss@email.com', '$2y$10$sWZbisobhkptVym4wkWQ2exwCuMCilJlqP0fWz8CkoaPYoCjj9Wbe', '2023-09-17', '2024-09-17', 1, NULL, '2023-09-17 13:38:18', '2023-09-17 13:38:18', NULL, 0),
(74, 'ssss', 'ssss', '01202851774', NULL, NULL, 'hemaqwe123@email.com', '$2y$10$OpQbcW7BR.QYUxZnw5aX6umoukhQ57JMTdAnzICn7XvklgtbAZFPO', '2023-09-17', '2024-09-17', 3, 1, '2023-09-17 13:41:47', '2023-09-17 13:41:47', NULL, 0),
(75, 'ibrahin ramadan', 'ibrahin ramadan', '01201484662', NULL, NULL, '147cc@email.com', '$2y$10$OMYajKRSfnx9MgNJLlcPruPTGAnA2pf2uoYmbPtyHKcsq.RL.maiW', '2023-09-17', '2024-09-17', 1, NULL, '2023-09-17 13:48:48', '2023-09-17 13:48:48', NULL, 0),
(76, 'hemahero', 'hemahero', '01203487551', NULL, NULL, '0125@email.com', '$2y$10$iIFppplNtgG3.f.86Kww7uY2maSP2LtGFVbCSz4ClZ93208sK0fwq', '2023-09-17', '2024-09-17', 1, NULL, '2023-09-17 14:37:43', '2023-09-17 14:37:43', NULL, 0),
(77, 'amgaaaaaad', 'amgaaaaaad', '01202345678', NULL, NULL, '1515@email.com', '$2y$10$UOuNZQR8aYjKTG3WmCFhsu.OtCcY1tFO.2x5oinLIj.c0uoT07gY2', '2023-09-17', '2024-09-17', 1, NULL, '2023-09-17 17:03:50', '2023-09-17 17:03:50', NULL, 0),
(78, 'test test test', 'test test test', '01202658550', NULL, NULL, 'tester123@email.com', '$2y$10$hOVYS379e.vXuVrRxkvbheJmiOdWVoBi/Y.p6dlHzV4dCBNsg1boe', '2023-09-17', '2024-09-17', 1, NULL, '2023-09-17 17:16:56', '2023-09-17 17:16:56', NULL, 0),
(79, 'zzzzzzzzzzzzzzzzzzzzz', 'zzzzzzzzzzzzzzzzzzzzz', '012012365478', NULL, NULL, '14785qwer@email.com', '$2y$10$9rhWzqeG2xRg0Xu5VNYFJu9QvaKs/K8gZeKDSx4HPX5AyMx0CqO6m', '2023-09-17', '2024-09-17', 1, NULL, '2023-09-17 17:22:19', '2023-09-17 17:22:19', NULL, 0),
(80, 'ibrahim', 'ibrahim', '01202851773', NULL, NULL, 'ibrahim0123@email.com', '$2y$10$ClJ1KLZ2WXCyCA6C.gvb7e4l.fT7EFoB4A1SkYn996Yl5gxgjqe/K', '2023-09-18', '2024-09-18', 1, NULL, '2023-09-18 11:43:58', '2023-09-18 11:43:58', NULL, 0),
(81, 'hhhh', 'hhhh', '01202851770', NULL, NULL, 'hhh123@email.com', '$2y$10$.RbfAYH1dHwr3Fnu9bWBweyzCznk1GsJn0VVZRqc.h/sZdgz69kma', '2023-09-18', '2024-09-18', 1, NULL, '2023-09-18 11:58:32', '2023-09-18 11:58:32', NULL, 0),
(82, 'hhaaaaaa', 'hhaaaaaa', '01202837880', NULL, NULL, '123nm@email.com', '$2y$10$Zchvwn9Mz/KdLWhO9VRhkerhdZg8ngmEb715u1DoAvuRZcxw5u.Ka', '2023-09-18', '2024-09-18', 1, NULL, '2023-09-18 13:56:13', '2023-09-18 13:56:13', NULL, 0),
(83, 'sdsdsd', 'sdsdsd', '01202894771', NULL, NULL, '147clc@email.com', '$2y$10$vuu00tWrHQ2ucqRFSmCZnOBmEbEqSItYVOajbG3u5g1sNjlkPMSNG', '2023-09-18', '2024-09-18', 1, NULL, '2023-09-18 14:37:17', '2023-09-18 14:37:17', NULL, 0),
(84, 'amgd matamer', 'amgd matamer', '01202851777', NULL, NULL, '147ee@email.com', '$2y$10$alIYx46GZoDTXuhZPgizyOR5YLiBEU75pwawIidWFrisgVzfClVFG', '2023-09-19', '2024-09-19', 1, NULL, '2023-09-19 11:30:13', '2023-09-19 11:30:13', NULL, 0),
(85, 'fjfjg', 'fjfjg', '01202851888', NULL, NULL, '123gf@email.com', '$2y$10$mwpi6Qp/jNHpVFDw5MOX2.A6G9SUVRXPIBLkMEidWKzGP3VkdOysO', '2023-09-20', '2024-09-20', 1, NULL, '2023-09-20 10:51:27', '2023-09-20 10:51:27', NULL, 0),
(86, 'oijdfs', 'oijdfs', '01202891444', NULL, NULL, '111zz@email.com', '$2y$10$3IVQBljMKDqj9/dig6dFRuWCsBG2D5EPgPGLCRV.wmtFf.zrqTEwS', '2023-09-20', '2024-09-20', 1, NULL, '2023-09-20 11:44:20', '2023-09-20 11:44:20', NULL, 0),
(87, 'hemahems', 'hemahems', '01202877777', NULL, NULL, '123zz@email.com', '$2y$10$q5j0ioBEjtAFv3.QfQ8QTevwwgk34raE83x2SumOWOKlACksSo98u', '2023-09-20', '2024-09-20', 1, NULL, '2023-09-20 11:53:21', '2023-09-20 11:53:21', NULL, 0),
(88, 'ffff', 'ffff', '01203333669', NULL, NULL, '123nmcf@email.com', '$2y$10$esSJ0ayS8NNgvPU//EXD9.fNJNrvh9zWXM1lVSvZmZszewR.544pK', '2023-09-20', '2024-09-20', 1, NULL, '2023-09-20 12:01:08', '2023-09-20 12:01:08', NULL, 0),
(89, 'dddfffff', 'dddfffff', '01202851000', NULL, NULL, '123mz@email.com', '$2y$10$LZ4pnslxQHuZScry.Et.2OZd3v5gzua0NpO.dSU.jJEnObD5cTYtq', '2023-09-20', '2024-09-20', 1, NULL, '2023-09-20 12:02:31', '2023-09-20 12:02:31', NULL, 0),
(90, 'hhhhhhhhh', 'hhhhhhhhh', '01202851700', NULL, NULL, '12mmnbnn@email.com', '$2y$10$TbGOa5D4RCfX8vsxs5z16ebvxJaD6Nx6EZ/lETl5wqiGrmYuByuQi', '2023-09-20', '2024-09-20', 1, NULL, '2023-09-20 12:33:49', '2023-09-20 12:33:49', NULL, 0),
(91, 'dwdwdw', 'dwdwdw', '01202851444', NULL, NULL, 'ddasdas@ddwd', '$2y$10$FWqRSS9Xwcd8HCJeFNKofukVTeunlNlhvblDYpKLWdgAw8IK/8qNK', '2023-09-20', '2024-09-20', 1, NULL, '2023-09-20 13:25:02', '2023-09-20 13:25:02', NULL, 0),
(92, 'Magda Gamal Sayed Ahmed', 'Magda Gamal Sayed Ahmed', '01110650397', NULL, NULL, 'magdaahmed1999613@gmail.com', '$2y$10$yrnHi5hkIfH2RdoVSwW7PuyEA6NK/t4ohn70lKy3orxd7EZ.QnOGO', '2023-09-20', '2024-09-20', 1, NULL, '2023-09-20 14:13:48', '2023-09-20 14:13:48', NULL, 0),
(93, 'sayed', 'sayed', '01153574001', NULL, NULL, 'magdagamal900@gmail.com', '$2y$10$8j4AX5/Zg9eiBgQ90nabZunVD8AxDeLv559HaXaD3MBgpIQ8SUMZC', '2023-09-20', '2024-09-20', 1, NULL, '2023-09-20 16:06:28', '2023-09-20 16:06:28', NULL, 0),
(94, 'hello', 'hello', '01202894770', NULL, NULL, '147ss@email.com', '$2y$10$cpXdUWox2QwkDm0y6qvT/eS3k6hBPmgt9UeCot1rvZSZDCf/GmUQy', '2023-09-20', '2024-09-20', 1, NULL, '2023-09-20 16:39:26', '2023-09-20 16:39:26', NULL, 0),
(95, 'dwdwdwd', 'dwdwdwd', '01202851701', NULL, NULL, '1232ss@email.com', '$2y$10$ihXaEcEqVr0mI6Hg9G9GOOgww7q7tMzjKYhLTeeTNbntT7fP/qB3C', '2023-09-20', '2024-09-20', 1, NULL, '2023-09-20 17:07:55', '2023-09-20 17:07:55', NULL, 0),
(96, 'rrraaa', 'rrraaa', '01202800000', NULL, NULL, '1zz3nn@email.com', '$2y$10$NGagPgICWj0sl7I.20HiSei5o5iNKSNSFXYheh7eFEedhoRWOPUNi', '2023-09-20', '2024-09-20', 1, NULL, '2023-09-20 17:32:59', '2023-09-20 17:32:59', NULL, 0),
(97, 'hellotgere', 'hellotgere', '01222222222', NULL, NULL, '12vv@email.com', '$2y$10$Gw6WSwl9sR7kGr0h4J1Ro.P1TwF8lAxbi8RwVP0ZEAprj3IZmiGga', '2023-09-20', '2024-09-20', 1, NULL, '2023-09-20 18:13:11', '2023-09-20 18:13:11', NULL, 0),
(98, '123nn@email.com', '123nn@email.com', '01207421558', NULL, NULL, '1211n@email.com', '$2y$10$f/SmYzpjFQiA2YcUnMtwRernavCS4gUW6XLj2Y8oBi5Y5uTzGrcY.', '2023-09-20', '2024-09-20', 1, NULL, '2023-09-20 18:25:23', '2023-09-20 18:25:23', NULL, 0),
(99, 'ali', 'ali', '01008811415', NULL, NULL, 'alihu.dev@gmail.com', '$2y$10$aPyhMXOiFh6LHN4TGkLS4OBFigQOa4UdDKJmf5WwkZG.vrbcj3LYC', '2023-09-20', '2024-09-20', 1, NULL, '2023-09-20 18:31:18', '2023-09-20 18:31:18', NULL, 0),
(100, 'ibrahim astra', 'ibrahim astra', '01202877771', NULL, NULL, '12aa@email.com', '$2y$10$2.svFHNM7XDCvYdHSXR9M.Xo4v7qx1PBhGVHxjTS3UQpC36tP0kmS', '2023-09-21', '2024-09-21', 1, NULL, '2023-09-21 11:03:05', '2023-09-21 11:03:05', NULL, 0),
(101, 'qqwwee', 'qqwwee', '01202051111', NULL, NULL, '123aa@email.com', '$2y$10$Wdm/RttTRwrV5w6qbx6MD.h.R4sPNH0zoFivjYIKjKz0VduxvsXjC', '2023-09-21', '2024-09-21', 1, NULL, '2023-09-21 13:02:04', '2023-09-21 13:02:04', NULL, 0),
(102, 'Mohamed Wahba', 'Mohamed Wahba', '01223698748', NULL, NULL, 'm.wahba@gmail.com', '$2y$10$RpcbE0cYv/saAW1/prRWPO1kvJEOivooGA9sCH1EzlJFHFUJ3Ku1C', '2023-09-21', '2024-09-21', 1, NULL, '2023-09-21 13:51:31', '2023-09-21 13:51:31', NULL, 0),
(103, 'ali salem', 'ali salem', '010088552236585858', NULL, NULL, 'aaa@aaa.com', '$2y$10$3nnQW/RoAwAJr/wN93SHX.b4vIL14Mf.5HEC43ukP68BRWQ4WMi/e', '2023-09-21', '2024-09-21', 1, NULL, '2023-09-21 14:10:45', '2023-09-21 14:10:45', NULL, 0),
(104, 'ali', 'ali', '01008811239', NULL, NULL, 'alihu@email.com', '$2y$10$7VlnxNYNWG7DfJVNUOq/f.9kLDx7gjShJqVwGDjfdek/WxU1lfy8e', '2023-09-21', '2024-09-21', 1, NULL, '2023-09-21 14:23:26', '2023-09-21 14:23:26', NULL, 0),
(105, 'ali', 'ali', '01008811456', NULL, NULL, 'aaaa@aa.com', '$2y$10$JfFTzERXyvLZmoVva8HHgeY8mjyAH1DH3Y8v4zvUQtlBrIa3SDo6O', '2023-09-21', '2024-09-21', 1, NULL, '2023-09-21 14:51:10', '2023-09-21 14:51:10', NULL, 0),
(106, 'adasdasd', 'adasdasd', '01202851111', NULL, NULL, 'asdasd@email', '$2y$10$oixmYrwb0JDaGqmhEzjyCO1aiJLY.S2.5X86otKpSQ9J90/kwSArm', '2023-09-21', '2024-09-21', 1, NULL, '2023-09-21 15:28:56', '2023-09-21 15:28:56', NULL, 0),
(107, 'xcvcxv', 'xcvcxv', '01202850000', NULL, NULL, 'andkdde@gmail.com', '$2y$10$h.5lESeu8l7oLR/AwpyJreO/fkR5tRdrSjXfj1XttaDdnHtGtxcXG', '2023-09-21', '2024-09-21', 2, 2, '2023-09-21 15:39:49', '2023-09-21 15:39:49', NULL, 0),
(108, 'xcvcxv', 'xcvcxv', '01202850001', NULL, NULL, 'andkdjde@gmail.com', '$2y$10$vG9gIrT8YmbD6qc7jhwdh.AjylUUwmQcz9Sbu..ic1IusrNR7ZIxi', '2023-09-21', '2024-09-21', 2, 2, '2023-09-21 15:40:24', '2023-09-21 15:40:24', NULL, 0),
(109, 'yutrrty', 'yutrrty', '01202855555', NULL, NULL, 'rtyurt@email', '$2y$10$bE9UGzwE7KXO6FkyWRE3fOXrRTJ35XIV62US5IviZY2nXCYFiJZfy', '2023-09-21', '2024-09-21', 1, NULL, '2023-09-21 15:46:30', '2023-09-21 15:46:30', NULL, 0),
(110, 'adasdas', 'adasdas', '01206478115', NULL, NULL, 'asdajsd@email', '$2y$10$l8lWPrMpW17T6wzoZizidOjuqG5CgktvuJpvCRMqkDQrVdZ1GiS2.', '2023-09-21', '2024-09-21', 1, NULL, '2023-09-21 16:03:16', '2023-09-21 16:03:16', NULL, 0),
(111, 'adasdas', 'adasdas', '01206478101', NULL, NULL, '123nn@email', '$2y$10$JgdknfA1WgzaLSb6Fsw8cObopBKdXz8zNtDw8drpWXQICSWWBJyi2', '2023-09-21', '2024-09-21', 1, NULL, '2023-09-21 16:07:04', '2023-09-21 16:07:04', NULL, 0),
(112, 'ccccc', 'ccccc', '01202897440', NULL, NULL, '123nn@email.com', '$2y$10$YyERkx.1mak7sfEQZCuMq.QUGygb5rOyr5kkOD4jSjG68mhgJeFei', '2023-09-21', '2024-09-21', 1, NULL, '2023-09-21 16:09:26', '2023-09-21 16:09:26', NULL, 0),
(113, 'hassan', 'hassan', '01548675518', NULL, NULL, 'h.shabana@gmqil.com', '$2y$10$QCNoSmhNYDPlR0c28inAduGuLEZGirKCAiZmns2oXKJPRWH9PT13u', '2023-09-22', '2024-09-22', 1, NULL, '2023-09-22 15:54:45', '2023-09-22 15:54:45', NULL, 0),
(114, 'mohamed hamed', 'mohamed hamed', '01285305454', NULL, NULL, 'mhamed.m@gmail.com', '$2y$10$ftoXkKPy1mxL7CxS4Ikv1.uOwmdRn.BdQ4r2UCRN71TFxkNOoVsU2', '2023-09-22', '2024-09-22', 1, NULL, '2023-09-22 16:03:28', '2023-09-22 16:03:28', NULL, 0),
(115, 'ماجدة', 'ماجدة', '01005572681', NULL, NULL, 'magdaahmed19993@gmail.com', '$2y$10$2yIVR43TvJnDKpiEldYU1OztIHEvs.kUo31bkdgF49IeakqJivtiK', '2023-09-24', '2024-09-24', 1, NULL, '2023-09-24 12:09:33', '2023-09-24 12:09:33', NULL, 0),
(116, 'magda', 'magda', '01168389041', NULL, NULL, 'magdagamal90@gmail.com', '$2y$10$Uq9QELRS77/upxVUVpt6heBIWTodp3RxdCyexGHjcaT8ZbDfL55qK', '2023-09-24', '2024-09-24', 1, NULL, '2023-09-24 12:30:28', '2023-09-24 12:30:28', NULL, 0),
(117, 'magda', 'magda', '01538942912', NULL, NULL, 'magdagamal900@gmail', '$2y$10$Hc9UqWbBxsDyocpaq8xnh.YKxoO9l4p9OA9BuGgN4RD6H9WtrmaGu', '2023-09-24', '2024-09-24', 1, NULL, '2023-09-24 12:49:08', '2023-09-24 12:49:08', NULL, 0),
(118, 'ماجدة', 'ماجدة', '01110650395', NULL, NULL, 'magdaahmed19913@gmail.com', '$2y$10$lnocUl7HvieTJoUVbyiiveK7HaIj8GrVilx8wWq9pkb8j.U.YfV6i', '2023-09-24', '2024-09-24', 1, NULL, '2023-09-24 13:30:13', '2023-09-24 13:30:13', NULL, 0),
(119, 'magda', 'magda', '01110650936', NULL, NULL, 'magdaahmed199@gmail.com', '$2y$10$fu49BhdJd56ob/Vv0a0FnOKlpVASHRMvVKcm4bvltZ6mXi9jFmfBy', '2023-09-24', '2024-09-24', 1, NULL, '2023-09-24 13:33:36', '2023-09-24 13:33:36', NULL, 0),
(120, 'gg1@email.com', 'gg1@email.com', '01203985221', NULL, NULL, 'ssdd@email.om', '$2y$10$BdJlJArORU1YS3k.07jqQeXX8mCqnuMwIwRmiKH./Sfwa/l7omk66', '2023-09-24', '2024-09-24', NULL, NULL, '2023-09-24 13:49:58', '2023-09-24 13:49:58', NULL, 0),
(121, 'ماجدة', 'ماجدة', '01110650392', NULL, NULL, 'magdaahmed199963@l.com', '$2y$10$Y8DJhDuXOnzdc0WWYp5dB.pO9NcfckQYs2vmWlEa6UVEBzzbWZRCW', '2023-09-24', '2024-09-24', 1, NULL, '2023-09-24 14:33:07', '2023-09-24 14:33:07', NULL, 0),
(122, 'ماجدة', 'ماجدة', '01115397213', NULL, NULL, 'magdaahmed19996@gmail.com', '$2y$10$GqSkTjSUsXWEa/zCt4bJNea7HAfNDoBp5u4mL9u7ZXgfhSZBJ03K6', '2023-09-24', '2024-09-24', 1, NULL, '2023-09-24 15:28:04', '2023-09-24 15:28:04', NULL, 0),
(125, 'magda', 'magda', '01111650397', NULL, NULL, 'magdaahmed19@gmail.com', '$2y$10$4UJYKqzlmrlMkpACCv4sI.trLzTzgD89c8zJXLpE3/1hXvWvTNAaa', '2023-09-24', '2024-09-24', NULL, NULL, '2023-09-24 16:25:14', '2023-09-24 16:25:14', NULL, 0),
(124, 'ماجدة', 'ماجدة', '01182643983', NULL, NULL, 'magdagamal800@gmail.com', '$2y$10$NlLJieIl1/yx1DhR4R.wSuKWQQuBR5rzFNkOv46PNKiQyuSlzsDSq', '2023-09-24', '2024-09-24', 1, NULL, '2023-09-24 15:57:16', '2023-09-24 15:57:16', NULL, 0),
(126, 'aaa ddd', 'aaa ddd', '01202700995', NULL, NULL, '123mdcmvn@email.com', '$2y$10$imARO/fwylsXqdhQLCmyj.0I3sLrYjo0M6odCzKqhGlibPDJCpYzy', '2023-09-26', '2024-09-26', NULL, NULL, '2023-09-26 17:39:43', '2023-09-26 17:39:43', NULL, 0),
(127, 'aaazz zzaa', 'aaazz zzaa', '01002851774', NULL, NULL, '123hffnn@email.com', '$2y$10$li9WshFyyLNkxlvI/8KHsOq5iy6xEmABSm0w5DP0nAMBFku07.5hq', '2023-09-26', '2024-09-26', NULL, NULL, '2023-09-26 17:57:07', '2023-09-26 17:57:07', NULL, 0),
(128, 'qwasczvf zxvx', 'qwasczvf zxvx', '01002851770', NULL, NULL, '12mmn@email.com', '$2y$10$mHstPvkzXdasGf66ci6MMu4NtFVih1lbQnq0RrERflwyJvV0ksv2u', '2023-09-26', '2024-09-26', NULL, NULL, '2023-09-26 18:16:40', '2023-09-26 18:16:40', NULL, 0),
(129, 'aaaa wwww', 'aaaa wwww', '01000000000', NULL, NULL, 'mmnn@email.com', '$2y$10$YaC1Z7D8N4MfALyY82/wGOfhZBmgcBzqAxgLsrG/DQNTN0tmWAYFG', '2023-09-26', '2024-09-26', NULL, NULL, '2023-09-26 20:16:35', '2023-09-26 20:16:35', NULL, 0),
(130, 'xyzbv dfhjj', 'xyzbv dfhjj', '01113212966', NULL, NULL, 'superzicmu@gmail.com', '$2y$10$rWNgF9sYkg0CyvvMKBI0x.59u8.8Rp5Irw3gRV47XFW9aPg71Ju0q', '2023-09-26', '2024-09-26', NULL, NULL, '2023-09-26 22:13:07', '2023-09-26 22:13:07', NULL, 0),
(131, 'hassan ahmed', 'hassan ahmed', '01235647890', NULL, NULL, 'hchhghh@hghg.com', '$2y$10$3mbwNcr0FpGEmYvywnrytuxUkwEZNCBSjg8m6HrBiEL6rH/1UtuFi', '2023-09-27', '2024-09-27', NULL, NULL, '2023-09-27 10:08:14', '2023-09-27 10:08:14', NULL, 0),
(132, 'ali salem', 'ali salem', '01008855791', NULL, NULL, 'abs@hus.gg', '$2y$10$qzoUY1fnEwtvCmktUyMAyeF1rbb1FhULxK2YsL/ygUSWq0RYhvZRS', '2023-09-27', '2024-09-27', NULL, NULL, '2023-09-27 11:06:49', '2023-09-27 11:06:49', NULL, 0),
(133, 'll,,mm yuiokjn', 'll,,mm yuiokjn', '01203984115', NULL, NULL, 'hhbb11@email.com', '$2y$10$o25lBNxjDDaDYX6sClhrSeq2RRNr74q3ckH1Qc69Fu/qHfsaTY42K', '2023-09-27', '2024-09-27', NULL, NULL, '2023-09-27 16:04:26', '2023-09-27 16:04:26', NULL, 0),
(134, 'test demo', 'test demo', '01234569875', NULL, NULL, 'demo@email.com', '$2y$10$0hNPTnBFSm5G9GT6pXvu6eaSGys.xYKAu9IaJOrBBTQhLmJOspx2O', '2023-09-27', '2024-09-27', NULL, NULL, '2023-09-27 16:04:54', '2023-09-27 16:04:54', NULL, 0),
(135, 'ddd qqq', 'ddd qqq', '01209871226', NULL, NULL, '123nff@email.com', '$2y$10$S3NtzqTOlpoF9GkBYwO6Hud0O7hq/03m0s88MGDH6Xt4vp5gP51vq', '2023-09-27', '2024-09-27', NULL, NULL, '2023-09-27 16:11:35', '2023-09-27 16:11:35', NULL, 0),
(136, '747474 dadasdasd', '747474 dadasdasd', '01202891220', NULL, NULL, '144d2@email.cm', '$2y$10$HZijmwNPcOa2MI3p3nuN7O4zUb9gDpoBkmleKZ/1BO4W7BoJrSNJm', '2023-09-27', '2024-09-27', NULL, NULL, '2023-09-27 16:20:35', '2023-09-27 16:20:35', NULL, 0),
(137, '12351 8522', '12351 8522', '01202897442', NULL, NULL, '111qq@email.com', '$2y$10$leajSK2hHl0eRJUnOSorFudzf7XJV15Du8Kp4lMs.XPoxdnOqZqwa', '2023-09-27', '2024-09-27', NULL, NULL, '2023-09-27 16:32:04', '2023-09-27 16:32:04', NULL, 0),
(138, 'jjj aaa', 'jjj aaa', '01232894771', NULL, NULL, '123qq@email.com', '$2y$10$eHhUPJn06LNVb6Bifs2cbu77qblRix6Ys9GO9R2.xBonBXLcfHYvW', '2023-09-27', '2024-09-27', NULL, NULL, '2023-09-27 16:38:39', '2023-09-27 16:38:39', NULL, 0),
(139, 'ddd www', 'ddd www', '01202807995', NULL, NULL, 'qqww@email.com', '$2y$10$3sUUl41hE.PttfYRgmxgReF7IgyWWwcWBAHnVKfl9HQBPzQBGWQrS', '2023-09-27', '2024-09-27', NULL, NULL, '2023-09-27 16:53:30', '2023-09-27 16:53:30', NULL, 0),
(140, 'qwrpo aza', 'qwrpo aza', '01202870000', NULL, NULL, '123nmm@email.com', '$2y$10$v2c6pSdIfK8mqILivtovS.HU.m2Ql2nVhALL2jwwW5PTmKnApPF7m', '2023-09-27', '2024-09-27', NULL, NULL, '2023-09-27 21:52:21', '2023-09-27 21:52:21', NULL, 0),
(141, 'hwllo gff', 'hwllo gff', '01202851227', NULL, NULL, '123ncfn@email.com', '$2y$10$WfXZnhNmNKN82Xg43bE6xOkacpHwC2S9tvQmD20RSfCck5vnYGUJS', '2023-09-27', '2024-09-27', NULL, NULL, '2023-09-27 23:02:39', '2023-09-27 23:02:39', NULL, 0),
(142, '12345654 ggff', '12345654 ggff', '01202837441', NULL, NULL, '123bb@email.com', '$2y$10$B0qgGINeshuwUBipUyeTpuwKXlyvEbXNk1CE35f4mp8a06inLFmUq', '2023-09-27', '2024-09-27', NULL, NULL, '2023-09-27 23:07:28', '2023-09-27 23:07:28', NULL, 0),
(143, 'qqwed bxbz', 'qqwed bxbz', '01202866666', NULL, NULL, 'ggd@email.com', '$2y$10$2Ra4UFIIp869qzPUsLMI2OaDaZFZnmmxDan72CRRaq/yBl.wyGP4i', '2023-09-27', '2024-09-27', NULL, NULL, '2023-09-27 23:35:09', '2023-09-27 23:35:09', NULL, 0),
(144, 'qqwwee qqqw', 'qqwwee qqqw', '01202041775', NULL, NULL, '123cn@email.com', '$2y$10$GREQ5KO6cCns76zlOwuJku0.8CZ1a3YhBQY5VT0P2DfP6UQ5js5zy', '2023-09-27', '2024-09-27', NULL, NULL, '2023-09-27 23:51:42', '2023-09-27 23:51:42', NULL, 0),
(145, 'qqwwxx zzaaqq', 'qqwwxx zzaaqq', '01202851336', NULL, NULL, 'aa123nn@email.com', '$2y$10$RYEFG6OxxSjQ4AyQMmpHnOFjzZyGEhyRx1xJ3coAh3Wpm2ORM5LLq', '2023-09-28', '2024-09-28', NULL, NULL, '2023-09-28 00:11:14', '2023-09-28 00:11:14', NULL, 0),
(146, 'aaqqtt hhshbs', 'aaqqtt hhshbs', '01102851774', NULL, NULL, '123nvzvsn@email.com', '$2y$10$1km0qvuF9G5j6/2wCGosx.9.70nVyMyqtP7ocg1GZiNAt/wvZuHPi', '2023-09-28', '2024-09-28', NULL, NULL, '2023-09-28 00:15:27', '2023-09-28 00:15:27', NULL, 0),
(147, 'dodo yoyo', 'dodo yoyo', '01236549871', NULL, NULL, 'yoyo@dodo.com', '$2y$10$0k0TH4BMhxMg2adnSx4rL.z6qgKExOQiftohSZ/KipZ.F84d1XYNW', '2023-09-28', '2024-09-28', NULL, NULL, '2023-09-28 01:09:05', '2023-09-28 01:09:05', NULL, 0),
(148, 'bvv ccccc', 'bvv ccccc', '01201251774', NULL, NULL, 'qe1@gg.com', '$2y$10$gc10QRj26tZN0SjlbWbpaeXpipPye2R1Mht.2jpoqvSxRNeO.YwG6', '2023-09-28', '2024-09-28', NULL, NULL, '2023-09-28 11:10:42', '2023-09-28 11:10:42', NULL, 0),
(149, 'qaw rree', 'qaw rree', '01202851330', NULL, NULL, '123ccnn@email.com', '$2y$10$eMW1yZu7px.xBsLNV1cTA.i7fMi9bpElRTPNq0HmJw85ZjadGT3dW', '2023-09-28', '2024-09-28', NULL, NULL, '2023-09-28 12:12:20', '2023-09-28 12:12:20', NULL, 0),
(150, 'tete dede', 'tete dede', '01456327890', NULL, NULL, 'dede@tet.com', '$2y$10$kaKNaUan5F3TzYuh8q8MX.oqYuFA8l2CeVmNMjnzlkatVlxM.tB1e', '2023-09-28', '2024-09-28', NULL, NULL, '2023-09-28 17:02:38', '2023-09-28 17:02:38', NULL, 0),
(151, 'mohamed mohamed', 'mohamed mohamed', '01223212321', NULL, NULL, 'm@mm.com', '$2y$10$Hb1Y8oQSj9ssUY2PWzLOnuJLQP008pXCBDc1sSC3Wturj.d8tIQjK', '2023-09-28', '2024-09-28', NULL, NULL, '2023-09-28 17:07:04', '2023-09-28 17:07:04', NULL, 0),
(152, 'ghdhd bdbdbd', 'ghdhd bdbdbd', '01002851777', NULL, NULL, 'zz3nn@email.com', '$2y$10$XVnnSKEUDk855j167pU9kuUz8w0KCL8/31SfYkjaSWez/mhA.nKVm', '2023-09-28', '2024-09-28', NULL, NULL, '2023-09-28 20:56:04', '2023-09-28 20:56:04', NULL, 0),
(153, 'hello astra', 'hello astra', '01326547890', NULL, NULL, 'astra@astra.com', '$2y$10$ojGnN32dAVxP94.TbTBaZekl7IhZVWb45n41UBvhaIgBDGs5abqPe', '2023-09-28', '2024-09-28', NULL, NULL, '2023-09-28 21:17:07', '2023-09-28 21:17:07', NULL, 0),
(154, 'gogo bero', 'gogo bero', '01325649870', NULL, NULL, 'gofo@bero.com', '$2y$10$fwn6agKUk8DTWfC6R/Y.xeUPYAkrHtLES7K9KChx2psZ9zX.g./sK', '2023-09-30', '2024-09-30', NULL, NULL, '2023-09-30 22:56:14', '2023-09-30 22:56:14', NULL, 0),
(155, 'gvd vxvx', 'gvd vxvx', '01202855550', NULL, NULL, '123nnsss@email.com', '$2y$10$ay6lDT7S6Hhhp/LEdKgXSuIBjTxoWdQiLa6qqvSbuIRlY5Qkr5dsO', '2023-10-01', '2024-10-01', NULL, NULL, '2023-10-01 11:47:32', '2023-10-01 11:47:32', NULL, 0),
(156, 'ali salem', 'ali salem', '01008855646', NULL, NULL, 'hus@hus.com', '$2y$10$aDxx2DwbsRWynt799qttE.9JDgReVBQlXXEzn4lu3B5RYM4Au6r8K', '2023-10-01', '2024-10-01', NULL, NULL, '2023-10-01 11:53:07', '2023-10-01 11:53:07', NULL, 0),
(157, 'mohamed ali', 'mohamed ali', '01225803697', NULL, NULL, 'mohamed@ali.com', '$2y$10$QOFc2ycirRgxCv1Eiqjn4.CNrdijG8M8Izpyk3U7xLT75jCSlOXKS', '2023-10-01', '2024-10-01', NULL, NULL, '2023-10-01 12:00:28', '2023-10-01 12:00:28', NULL, 0),
(158, 'j jjj', 'j jjj', '01208851774', NULL, NULL, 'jjj@ema.com', '$2y$10$w/fN5S/USiZW7l2lxfwif.qtrY2pgL7Vr0uLOoOfZW20OwFEIdDQC', '2023-10-01', '2024-10-01', NULL, NULL, '2023-10-01 12:19:40', '2023-10-01 12:19:40', NULL, 0),
(159, 'mohamed tharwat', 'mohamed tharwat', '01288401433', NULL, NULL, 'tharwatm204@gmail.com', '$2y$10$IWLI0jkspsoLfDLrkp6Hiu359dPOtz1H.GXUhVtPhPQeB.pLL9NvW', '2023-10-01', '2024-10-01', NULL, NULL, '2023-10-01 14:17:42', '2023-10-01 14:17:42', NULL, 0),
(160, 'hdhs gdhdhd', 'hdhs gdhdhd', '01202051444', NULL, NULL, '123nvvn@email.com', '$2y$10$ehdr3AmoJaSNJZ4oH9lFMuq2DxK.3RxQIofxHVYsSshpPp84HxnKu', '2023-10-01', '2024-10-01', NULL, NULL, '2023-10-01 18:53:16', '2023-10-01 18:53:16', NULL, 0),
(161, 'zero astra', 'zero astra', '01452369875', NULL, NULL, 'zero@astra.com', '$2y$10$.EaT0TgS68WMVdohYDw09.QDOf.eaD15RCrw6kjkRUOm9L1gmu8QG', '2023-10-01', '2024-10-01', NULL, NULL, '2023-10-01 20:46:34', '2023-10-01 20:46:34', NULL, 0);

-- --------------------------------------------------------

--
-- Table structure for table `discountcard_contact_us`
--

CREATE TABLE `discountcard_contact_us` (
  `id` bigint UNSIGNED NOT NULL,
  `email` varchar(191) CHARACTER SET utf8mb4 COLLATE utf8mb4_unicode_ci NOT NULL,
  `subject` varchar(191) CHARACTER SET utf8mb4 COLLATE utf8mb4_unicode_ci DEFAULT NULL,
  `content` text CHARACTER SET utf8mb4 COLLATE utf8mb4_unicode_ci NOT NULL,
  `notes` text CHARACTER SET utf8mb4 COLLATE utf8mb4_unicode_ci,
  `deleted_at` timestamp NULL DEFAULT NULL,
  `created_at` timestamp NULL DEFAULT NULL,
  `updated_at` timestamp NULL DEFAULT NULL
) ENGINE=InnoDB DEFAULT CHARSET=utf8mb4 COLLATE=utf8mb4_unicode_ci;

--
-- Dumping data for table `discountcard_contact_us`
--

INSERT INTO `discountcard_contact_us` (`id`, `email`, `subject`, `content`, `notes`, `deleted_at`, `created_at`, `updated_at`) VALUES
(1, 'dsd@fsdf.com', 'dsf', 'fgfgdh', NULL, NULL, '2023-05-08 12:03:08', '2023-05-08 12:03:08'),
(2, '123qwe@email.com', 'hello there', 'nmbbg', NULL, NULL, '2023-05-08 13:03:54', '2023-05-08 13:03:54'),
(3, '123qwe@email.com', 'hello there', 'nmbbg', NULL, NULL, '2023-05-08 13:04:45', '2023-05-08 13:04:45'),
(4, '123qwe@email.com', 'hello there', 'nmbbg', NULL, NULL, '2023-05-08 13:04:57', '2023-05-08 13:04:57'),
(5, 'khaled.ashoush9@gmail.com', 'test', 'test', NULL, NULL, '2023-05-10 09:12:46', '2023-05-10 09:12:46'),
(6, 'm.com', NULL, 'hi', NULL, NULL, '2023-06-08 07:45:16', '2023-06-08 07:45:16'),
(7, 'b.com', NULL, 'hi', NULL, NULL, '2023-06-08 07:46:05', '2023-06-08 07:46:05'),
(8, 'asdasd@', NULL, 'dasdasd', NULL, NULL, '2023-06-08 11:08:50', '2023-06-08 11:08:50'),
(9, 'تؤوبنلع', NULL, 'كةملخخلململململنرنبنبنملممامغمف', NULL, NULL, '2023-06-08 12:06:17', '2023-06-08 12:06:17'),
(10, 'qwert', NULL, 'ydhdhdhfhdhdhdufuhdhd', NULL, NULL, '2023-06-08 12:07:12', '2023-06-08 12:07:12'),
(11, '12345@email.com', NULL, 'ااااااالللللللللللللللل', NULL, NULL, '2023-06-09 11:52:59', '2023-06-09 11:52:59'),
(12, '1234qq@email.com', NULL, 'fur fhfhhfhrhehehehrhdhrhr', NULL, NULL, '2023-06-09 11:53:16', '2023-06-09 11:53:16'),
(13, 'abc@def.com', NULL, 'chjngyhjguhfyggrdgjojgdzrhbvffzfjkj', NULL, NULL, '2023-06-11 12:50:27', '2023-06-11 12:50:27'),
(14, 'abc@def.com', NULL, 'chjngyhjguhfyggrdgjojgdzrhbvffzfjkj', NULL, NULL, '2023-06-11 12:50:28', '2023-06-11 12:50:28'),
(15, 'dsd@fsdf.com', 'dsf', 'fgfgdhfgfgdhfgfgdhfgfgdhfgfgdhfgfgdhfgfgdh', NULL, NULL, '2023-07-18 09:12:22', '2023-07-18 09:12:22'),
(16, 'dsd@fsdf.com', 'dsf', 'fgfgdhsadsadsadsadsadsadsadsadsadsadsadsadsadsadsadsadsadsadsadsadsadsad', NULL, NULL, '2023-07-30 10:37:20', '2023-07-30 10:37:20'),
(17, 'tharwatzz@gmail.com', 'flutter', 'hshshshdndjdjdhdhdhdhd', NULL, NULL, '2023-07-30 10:54:31', '2023-07-30 10:54:31'),
(18, 'dsd@fsdf.com', 'dsf', 'fsdfsdfsdfdsfdsfdsfdsfdsfsdfsdfsdfdsfdsfdsfdsf', NULL, NULL, '2023-07-30 10:55:04', '2023-07-30 10:55:04'),
(19, 'tharwatzz@gmail.com', 'hdhshdhd', 'dbdnjsndndnsnsnxndjdbxbdbbxbd', NULL, NULL, '2023-07-30 11:04:04', '2023-07-30 11:04:04'),
(20, 'test@test.com', 'test', 'gggfghhgggbbgfvbgffghgfgv', NULL, NULL, '2023-08-07 08:08:47', '2023-08-07 08:08:47'),
(21, 'xjfhg@dkyj.com', 'fghtrfyfgckjh', 'gfxjfujfhjfdghftuldksjy', NULL, NULL, '2023-08-10 10:03:36', '2023-08-10 10:03:36'),
(22, 'cmvbnjfcx@djfhgy.dsifojhg', 'cfkgj', 'hgn0000000000000000000000', NULL, NULL, '2023-08-14 08:46:08', '2023-08-14 08:46:08'),
(23, 'jgghjgg@jggnhyt.gghjgrfbht', 'vvjffbhgffbhufdcbjgffbhhfddfgv', 'vvjffbhgffbhufdcbjgffbhhfddfgv', NULL, NULL, '2023-08-14 09:30:00', '2023-08-14 09:30:00');

-- --------------------------------------------------------

--
-- Table structure for table `discountcard_customer_lists`
--

CREATE TABLE `discountcard_customer_lists` (
  `id` bigint UNSIGNED NOT NULL,
  `account_name` varchar(191) CHARACTER SET utf8mb4 COLLATE utf8mb4_unicode_ci NOT NULL,
  `first_name` varchar(255) COLLATE utf8mb4_unicode_ci DEFAULT NULL,
  `last_name` varchar(255) COLLATE utf8mb4_unicode_ci DEFAULT NULL,
  `number` varchar(191) CHARACTER SET utf8mb4 COLLATE utf8mb4_unicode_ci NOT NULL,
  `address` varchar(191) CHARACTER SET utf8mb4 COLLATE utf8mb4_unicode_ci DEFAULT NULL,
  `phone` varchar(191) CHARACTER SET utf8mb4 COLLATE utf8mb4_unicode_ci DEFAULT NULL,
  `credit` double(8,2) NOT NULL DEFAULT '0.00',
  `email` varchar(191) CHARACTER SET utf8mb4 COLLATE utf8mb4_unicode_ci NOT NULL,
  `password` varchar(191) CHARACTER SET utf8mb4 COLLATE utf8mb4_unicode_ci NOT NULL,
  `gender` enum('male','female','others') CHARACTER SET utf8mb4 COLLATE utf8mb4_unicode_ci DEFAULT NULL,
  `birth_date` date DEFAULT NULL,
  `country_id` int DEFAULT NULL,
  `state_id` int DEFAULT NULL,
  `city_id` int DEFAULT NULL,
  `nationality_id` varchar(20) CHARACTER SET utf8mb4 COLLATE utf8mb4_unicode_ci NOT NULL DEFAULT ' ',
  `passport_id` varchar(255) CHARACTER SET utf8mb4 COLLATE utf8mb4_unicode_ci NOT NULL DEFAULT ' ',
  `image_dir` varchar(191) CHARACTER SET utf8mb4 COLLATE utf8mb4_unicode_ci DEFAULT NULL,
  `image` varchar(1000) CHARACTER SET utf8mb4 COLLATE utf8mb4_unicode_ci DEFAULT NULL,
  `client_account_id` bigint UNSIGNED NOT NULL,
  `created_at` timestamp NULL DEFAULT NULL,
  `updated_at` timestamp NULL DEFAULT NULL,
  `deleted_at` timestamp NULL DEFAULT NULL,
  `deleted_by` int NOT NULL DEFAULT '0',
  `customer_type_id` int DEFAULT NULL,
  `customer_package_id` int DEFAULT NULL,
  `otp_code` text COLLATE utf8mb4_unicode_ci,
  `is_valid` int DEFAULT NULL
) ENGINE=MyISAM DEFAULT CHARSET=utf8mb4 COLLATE=utf8mb4_unicode_ci;

--
-- Dumping data for table `discountcard_customer_lists`
--

INSERT INTO `discountcard_customer_lists` (`id`, `account_name`, `first_name`, `last_name`, `number`, `address`, `phone`, `credit`, `email`, `password`, `gender`, `birth_date`, `country_id`, `state_id`, `city_id`, `nationality_id`, `passport_id`, `image_dir`, `image`, `client_account_id`, `created_at`, `updated_at`, `deleted_at`, `deleted_by`, `customer_type_id`, `customer_package_id`, `otp_code`, `is_valid`) VALUES
(47, 'm.wahba', NULL, NULL, '2201', '111 st.', '01223698741', 2191.54, 'm.wahba@email.com', '$2y$10$.Q8WbrE7FC2aK7wSbCZeQupfxn9bkGLW5acylI70SME2hxTfvqPNC', 'male', NULL, 64, 1048, 1048, '12345678901234', '1', NULL, NULL, 62, '2023-09-05 14:12:11', '2023-09-07 14:27:32', NULL, 0, NULL, NULL, NULL, NULL),
(48, 'Hassan Shaban', NULL, NULL, '2202', 'new cairo', '01033971192', 4973.90, 'hassan.shabana@astra-tech.net', '$2y$10$XoJS4ojNR6316nXSfZ8lOuezK7w.3khE9YsGGuHLVnDK0CH8XKiDe', 'male', NULL, 64, 1048, 1048, '12345678901230', '1', NULL, 'uploads/customerLists/SU8dfGwVsjWZ6gTdnh6ATpHlB5sS0nkTNuun7nIz.jpg', 63, '2023-09-05 14:13:23', '2023-09-27 10:38:45', '2023-09-27 10:38:45', 0, NULL, NULL, '0000', 1),
(49, 'ibrahim', NULL, NULL, '2203', 'ttttttttttt', '87555447820', 340.60, '123nn@gmail.com', '$2y$10$d1YZiAjw3h83a6OOg8pSpO1bA.31Yeh6uslBjosp4bsymZv1qWNCW', 'male', '2023-06-18', 64, 1044, 15400, '12345558912345', '1', NULL, NULL, 64, '2023-09-05 14:24:35', '2023-09-11 14:43:47', NULL, 0, NULL, NULL, NULL, NULL),
(50, 'Tharwat', NULL, NULL, '2204', 'alex', '01288401432', 10000.00, 'tharwat@email.com', '$2y$10$eZOr323tluSPLNuRQw0nUuoUp4/M14JbJclvIuD5vzAsbkkuzMZk2', 'male', NULL, 64, 1066, 1066, '62626543212345', '1', NULL, NULL, 65, '2023-09-05 14:31:14', '2023-09-05 14:31:14', NULL, 0, NULL, NULL, NULL, NULL),
(51, 'test account', NULL, NULL, '2205', '01113212911', '01113212911', 10000.00, 'email@email.com', '$2y$10$BL/cNMfvZYY85Z1Kf7MBwuaepeXCHKGFvt4diAUyP5cPhdMeYHzrW', NULL, NULL, NULL, NULL, NULL, '01113212911342', '1', NULL, NULL, 66, '2023-09-07 12:39:36', '2023-09-26 19:09:31', '2023-09-26 19:09:31', 0, NULL, NULL, NULL, NULL),
(52, 'nehal.khaled', NULL, NULL, '2206', 'nehal.khaled@email.com', '342423', 9010.00, 'nehal.khaled@email.com', '$2y$10$DBwymV5OyTn22HTZRUIATuP0XDhuxJS23BlUWlN1CgF65.fwwnnB.', NULL, NULL, NULL, NULL, NULL, '123457754345654', '1', NULL, NULL, 66, '2023-09-07 13:19:52', '2023-09-07 16:31:22', NULL, 0, NULL, NULL, NULL, NULL),
(53, 'khaled ashoush', NULL, NULL, '2207', 'khaled.ashoush@email.com', '32423423', 8650.00, 'khaled.ashoush@email.com', '$2y$10$gPtG5d0Cf3bnLHNewvWYj.8L9H39fcD.vMxm/4hYM/49C2Kqy4pY.', NULL, NULL, NULL, NULL, NULL, '12343234674322', '1', NULL, NULL, 66, '2023-09-07 13:21:21', '2023-09-08 09:25:17', NULL, 0, NULL, NULL, NULL, NULL),
(54, 'iphone.test', NULL, NULL, '2208', 'iphone.test@email.com', '324234', 4698.04, 'iphone.test@email.com', '$2y$10$yh288Ps.tnCIulW19izio.SOpOvLFq0IO23HZEYaSXX7wG1n2LLWK', NULL, NULL, NULL, NULL, NULL, '1234567876541234', '1', NULL, NULL, 66, '2023-09-07 13:23:04', '2023-09-07 16:59:43', NULL, 0, NULL, NULL, NULL, NULL),
(55, 'b tech cv', 'ibrahim', 'ramadan', '2209', 'yrre', '01202851000', 0.00, 'ssffgdq@email.com', '$2y$10$M4p6pqG/hORVEcM8z9nm/eP0TLJahB6NXpMQulg5iXd13DwSS2ulK', 'male', '2023-06-18', 64, 1049, 15425, '12345520112345', '1', NULL, 'uploads/customerLists/8wVmYPmB7as7oU1JOI4MZQKBt8a8fR8gi7sNsPRU.jpg', 67, '2023-09-10 16:41:44', '2023-09-26 20:09:54', NULL, 0, 1, 1, '5673', 1),
(56, '678678', NULL, NULL, '2210', 'vvvx', '+201277112438', 0.00, '122@email.com', '$2y$10$fEMxyEg5.sxl578CDnHZ9u7d3PxRQTl2D8klr8CYpJgvEYs7kWUCu', 'male', NULL, 64, 1044, 1044, '1321321564684', '1', NULL, NULL, 68, '2023-09-11 15:51:53', '2023-09-11 15:51:53', NULL, 0, NULL, NULL, NULL, NULL),
(57, 'Amgad', NULL, NULL, '2211', 'address info', '0127711243855', 0.00, 'amgad@gmail.com', '$2y$10$w/XbKT7I4YmsGqX2oPiDMezcU1YoU6/Ehs5.8CR0vg/JtGaWf7KYe', 'male', '2023-06-18', 64, 1044, 15400, '12345520112345', '1', NULL, NULL, 67, '2023-09-10 16:41:44', '2023-09-10 16:41:44', NULL, 0, NULL, NULL, NULL, NULL),
(58, 'xxxxxxxxxxxxxxxtt', NULL, NULL, '2212', 'xxxxxxxxxxx', '01122336655', 0.00, 'xxxxxxxxxxx@x.xxxxxx', '$2y$10$LugOHgt3kPYotCBxzVuViOjhefkp/RlO0Igiz1RhojY.DexkmrRJi', NULL, NULL, NULL, NULL, NULL, '1212232356568989', '1', NULL, NULL, 67, '2023-09-13 13:06:05', '2023-09-13 13:40:35', NULL, 0, 2, 2, NULL, NULL),
(59, 'SasS', NULL, NULL, '2213', 'dwdwdwd', '01277112438', 0.00, '145WW@email.com', '$2y$10$0LFroUZLjNs5rsHCvVDywONC6RTPCXPf6emkom.kTLru9SWq8XWoq', 'male', NULL, 64, 1044, 1044, '12365478954845', '1', NULL, NULL, 69, '2023-09-17 11:55:05', '2023-09-21 11:57:30', NULL, 0, 1, NULL, NULL, NULL),
(60, 'hemasd', NULL, NULL, '2214', 'dddwdwdwdwdwdw', '01206847995', 0.00, '147mm@email.com', '$2y$10$aBTsimvKmZCevn1QjqO7SOipEQnqmj1B2WymqxcLWJP2t9FIIHjK6', 'male', NULL, 64, 1044, 1044, '15484848456215', '1', NULL, NULL, 70, '2023-09-17 12:03:50', '2023-09-17 12:03:50', NULL, 0, 1, NULL, NULL, NULL),
(61, 'qwewqe', NULL, NULL, '2215', '51515', '01202184775', 0.00, '1235588xx@email.com', '$2y$10$G2mb5u0VQqCa3NW6sjDyT.YYdRfm1GpAnzOKEsSBlq2rK3kPwpJEy', 'male', NULL, 64, 1044, 1044, '14587415487415', '1', NULL, NULL, 71, '2023-09-17 12:45:24', '2023-09-17 12:45:24', NULL, 0, 1, NULL, NULL, NULL),
(62, 'DDDDDDDD', NULL, NULL, '2216', 'eewewe', '01202851995', 0.00, '1472SD@email.com', '$2y$10$k2EEi9cyjSCPwEM2P8g9NuKagj680xZTRbymTRl5XYd2WlnQ.lqB.', 'male', NULL, 64, 1044, 1044, '12345678585959', '1', NULL, NULL, 72, '2023-09-17 13:20:57', '2023-09-17 13:20:57', NULL, 0, 1, NULL, NULL, NULL),
(63, 'rrerer', NULL, NULL, '2217', 'uuuuu', '01202654884', 0.00, '115544ss@email.com', '$2y$10$Ont0bo8Z4wQ30P4BzJ/.ceuzmNbmCegzth7SmaCGeQqXWLd11pkAa', 'male', NULL, 64, 1044, 1044, '14514784515484', '1', NULL, NULL, 73, '2023-09-17 13:38:18', '2023-09-17 13:38:18', NULL, 0, 1, NULL, NULL, NULL),
(64, 'ssss', NULL, NULL, '2218', 'ddddd', '01202851774', 0.00, 'hemaqwe123@email.com', '$2y$10$oCaqCcVzXHrKeq2LOsPase2V5fjd16E.KNDiqrZA2jzjLuThlJxHu', 'male', NULL, 64, 1044, 1044, '1321321564684', '1', NULL, 'uploads/customerLists/nyxBxq0wkGB75WZmf03OSbFjnStjnci8PErpOgfY.jpg', 74, '2023-09-17 13:41:47', '2023-10-01 18:15:44', NULL, 0, NULL, NULL, '0000', 1),
(65, 'ibrahin ramadan', NULL, NULL, '2219', 'dddd', '01201484662', 0.00, '147cc@email.com', '$2y$10$VfCnGvPexDl7PFXr6I5Dr.osgAuiPkGkQ0D5tsllVd088bdVIYNvu', 'male', NULL, 64, 1044, 1044, '47412154785125', '1', NULL, NULL, 75, '2023-09-17 13:48:48', '2023-09-17 13:48:48', NULL, 0, 1, NULL, NULL, NULL),
(66, 'ibrahin ramadanxx', NULL, NULL, '2220', 'dddd', '01148380020', 0.00, '147cxxc@email.com', '$2y$10$VfCnGvPexDl7PFXr6I5Dr.osgAuiPkGkQ0D5tsllVd088bdVIYNvu', 'male', NULL, 64, 1044, 1044, '47412154785125', '1', NULL, NULL, 75, '2023-09-17 13:48:48', '2023-09-24 17:55:53', NULL, 0, 1, NULL, '7477', NULL),
(67, 'hemahero', NULL, NULL, '2221', '484848', '01203487551', 0.00, '0125@email.com', '$2y$10$H2wox8cvWMcZPvFR/mCr5uG85hj/qa1CufxKTfI6FViC3POQBQE6S', 'male', NULL, 64, 1044, 1044, '1245748541258', '1', NULL, NULL, 76, '2023-09-17 14:37:43', '2023-09-17 14:47:16', NULL, 0, 1, NULL, '5741', 1),
(68, 'amgaaaaaad', NULL, NULL, '2222', '2525', '01202345678', 0.00, '1515@email.com', '$2y$10$4ZbCNfgtvqbJB/NUzWX2vOVb/Z.vD49/TIj6WGk19IRoW6ZkoRiL.', 'male', NULL, 64, 1044, 1044, '12345678951024', '1', NULL, NULL, 77, '2023-09-17 17:03:50', '2023-09-17 17:04:54', NULL, 0, 1, NULL, '9708', 1),
(69, 'test test test', NULL, NULL, '2223', 'p[p[', '01202658550', 0.00, 'tester123@email.com', '$2y$10$UydM7gia72EmYED76nPLKeG3DftQ.4VeTPDM3kXxmi0gPNCyJiLse', 'male', NULL, 64, 1044, 1044, '12345678998745', '1', NULL, NULL, 78, '2023-09-17 17:16:56', '2023-09-17 17:18:10', NULL, 0, 1, NULL, '5393', 1),
(70, 'zzzzzzzzzzzzzzzzzzzzz', NULL, NULL, '2224', 'dasdasd', '012012365478', 0.00, '14785qwer@email.com', '$2y$10$yQjaQd0qHh/FzoTIR4pHx.6dmvP.0CSeH.LHD8UIstgRLA4ZJA8ee', 'male', NULL, 64, 1044, 1044, 'dwdwdwdwd', '1', NULL, NULL, 79, '2023-09-17 17:22:19', '2023-09-17 17:23:03', NULL, 0, 1, NULL, '4128', 1),
(71, 'ibrahim', NULL, NULL, '2225', 'dddd', '01202851773', 0.00, 'ibrahim0123@email.com', '$2y$10$Ji5cMM3kuCyfiHlZD8pyv.I7SM7vpnaFrlmH.WspDklGWFm/QPzCq', 'male', NULL, 64, 1044, 1044, '14785236984105', '1', NULL, NULL, 80, '2023-09-18 11:43:58', '2023-09-18 11:56:52', NULL, 0, 1, NULL, '2734', 1),
(72, 'hhhh', 'szz', 'dddd', '2226', 'sss', '01202851770', 0.00, 'hhh123@email.com', '$2y$10$YqhlBG5vheMj7lEam101YuXDsrgl/rdqrw1ePonojTohrRiH1bZuq', 'male', NULL, 64, 1044, 1044, '01214574102698', '1', NULL, NULL, 81, '2023-09-18 11:58:32', '2023-10-01 11:57:17', NULL, 0, 1, 1, '0000', 1),
(73, 'hhaaaaaa', NULL, NULL, '2227', 'ddddd', '01202837880', 0.00, '123nm@email.com', '$2y$10$6fGbGTpelqe/nJqXy3XcT.b6zj62c0Yl2BLBABn54g5DYh5QOAfiK', 'male', NULL, 64, 1044, 1044, '56666666663746', '1', NULL, NULL, 82, '2023-09-18 13:56:13', '2023-09-18 13:56:13', NULL, 0, 1, NULL, '7321', 0),
(74, 'sdsdsd', NULL, NULL, '2228', '4441177', '01202894771', 0.00, '147clc@email.com', '$2y$10$c.7YVFD7Qdy81WH4A/kUIO2MC2b8QijAzIFq90hRfaB3.MuuK4n7i', 'male', NULL, 64, 1044, 1044, '78965412365478', '1', NULL, NULL, 83, '2023-09-18 14:37:17', '2023-09-18 16:06:32', NULL, 0, 1, 1, '5194', 1),
(75, 'amgd v', NULL, NULL, '2229', 'wwewe', '01202851777', 0.00, '147ee@email.com', '$2y$10$b2kqAejbpr.wD/hqb/gyBuMKec6LflTTaVCGxdjt2Kb67j.7RC82a', 'male', NULL, 64, 1044, 1044, '12345678951478', '1', NULL, NULL, 84, '2023-09-19 11:30:13', '2023-09-20 11:26:26', NULL, 0, 1, 2, '4385', 1),
(76, 'fjfjg', NULL, NULL, '2230', 'yxududdudu', '01202851888', 0.00, '123gf@email.com', '$2y$10$eKGNPSDf4ZhkjGgNO.qED.JRB.xeoPhHzC9Njj0XR/IjqMKD9anSK', 'male', NULL, 64, 1044, 1044, '07534568764457', '1', NULL, NULL, 85, '2023-09-20 10:51:27', '2023-09-20 10:51:27', NULL, 0, 1, NULL, '8740', 0),
(77, 'oijdfs', NULL, NULL, '2231', '84848', '01202891444', 0.00, '111zz@email.com', '$2y$10$zpzhtW461OUr6WmnZwl6NOVT3HN9TNhJ9mqJJxT6Obo.ig8d3luOm', 'male', NULL, 64, 1044, 1044, '12345678987415', '1', NULL, NULL, 86, '2023-09-20 11:44:20', '2023-09-20 11:45:41', NULL, 0, 1, NULL, '5747', 1),
(78, 'hemahems', NULL, NULL, '2232', 'gghbbbbb', '01202877777', 0.00, '123zz@email.com', '$2y$10$QSi1BcS0VwW.x1a1ogCbGOYAqQDcg2vhdr1v5tZpXqtZ/6eGl2XqK', 'male', NULL, 64, 1044, 1044, '24567865436543', '1', NULL, NULL, 87, '2023-09-20 11:53:21', '2023-09-20 11:59:15', NULL, 0, 1, NULL, '5483', 1),
(79, 'ffff', NULL, NULL, '2233', 'v gg', '01203333669', 0.00, '123nmcf@email.com', '$2y$10$KcTteSIqSXQE7TCKVcDTZephAzO9n2TsOF3SeYLHheHiYUfVLdH5S', 'male', NULL, 64, 1044, 1044, '12345678907543', '1', NULL, NULL, 88, '2023-09-20 12:01:08', '2023-09-20 12:01:08', NULL, 0, 1, NULL, '3391', 0),
(80, 'dddfffff', NULL, NULL, '2234', 'dddddd', '01202851000', 0.00, '123mz@email.com', '$2y$10$rbbHIKR0mY0.qq5f9W5yEe3B1bG7ZYW7Hkkn81Xn2z.QNh.VN4MCO', 'male', NULL, 64, 1044, 1044, '12345678909876', '1', NULL, NULL, 89, '2023-09-20 12:02:31', '2023-09-20 12:02:54', NULL, 0, 1, NULL, '5311', 1),
(81, 'hhhhhhhhh', NULL, NULL, '2235', 'gggb', '01202851700', 0.00, '12mmnbnn@email.com', '$2y$10$ENrbBCY9jvSCjNqU3h8Jc.2eUKv/C6gQBkAW77OMhUdbB0MBY2Kei', 'male', NULL, 64, 1044, 1044, '12345678974265', '1', NULL, NULL, 90, '2023-09-20 12:33:49', '2023-09-20 12:33:49', NULL, 0, 1, NULL, '8274', 0),
(82, 'dwdwdw', NULL, NULL, '2236', 'ddwwddwwdwdwdwd', '01202851444', 0.00, 'ddasdas@ddwd', '$2y$10$/QHOE5lA.1F2pDMp3ow/1u4AJiHAawZZL/EMlRJgHNkZ8OCVkCgIy', 'male', NULL, 64, 1044, 1044, '12365478520147', '1', NULL, NULL, 91, '2023-09-20 13:25:02', '2023-09-20 13:25:02', NULL, 0, 1, NULL, '5573', 0),
(83, 'Magda Gamal Sayed Ahmed', NULL, NULL, '2237', '٢٥ ش سكة عبدالرازق- البساتين', '01110650397', 0.00, 'magdaahmed1999613@gmail.com', '$2y$10$tpU.aGFYIR8T5JbFxhAR0uI1X3Wlj33qcI1NRuoxOtXwe6nnupfxa', 'female', NULL, 64, 1048, 1048, '29906130100', '1', NULL, NULL, 92, '2023-09-20 14:13:48', '2023-09-20 14:13:48', NULL, 0, 1, NULL, '8532', 0),
(84, 'sayed', NULL, NULL, '2238', '25 st hjjkn', '01153574001', 0.00, 'magdagamal900@gmail.com', '$2y$10$5Phr4PM/f9.JOwpUCzwHuOS3EqjK0WXY1KTB3WlvP3FhqmuY4eN0y', 'female', NULL, 64, 1048, 1048, '29906130100609', '1', NULL, NULL, 93, '2023-09-20 16:06:28', '2023-09-20 16:06:29', NULL, 0, 1, NULL, '4197', 0),
(85, 'hello', NULL, NULL, '2239', 'dddddd', '01202894770', 0.00, '147ss@email.com', '$2y$10$EuGsUmt5.q3jYWdtIGiXrO6XxKnUauFV8nE1OXx/zYw00SEycc5nm', 'male', NULL, 64, 1044, 1044, '74185298541748', '1', NULL, NULL, 94, '2023-09-20 16:39:26', '2023-09-20 16:42:42', NULL, 0, 1, 1, '1871', 1),
(86, 'dwdwdwd', NULL, NULL, '2240', 'fgdfg', '01202851701', 0.00, '1232ss@email.com', '$2y$10$f0dFFw9niWBFftrpsH6/t.AQG1Kr6c/4nJQPrhCVTCTf3B4QBScJW', 'male', NULL, 64, 1044, 1044, '12345678952147', '1', NULL, NULL, 95, '2023-09-20 17:07:55', '2023-09-20 17:11:59', NULL, 0, 1, 1, '6572', 1),
(87, 'rrraaa', NULL, NULL, '2241', 'gzhzhhz', '01202800000', 0.00, '1zz3nn@email.com', '$2y$10$KK2iiGyoHusB42M6RfPQjueGEjsARc7anew9uuPyZaDy2xfJbq7f6', 'male', NULL, 64, 1044, 1044, '25436812548572', '1', NULL, NULL, 96, '2023-09-20 17:33:00', '2023-09-20 17:36:30', NULL, 0, 1, 1, '9211', 1),
(88, 'hellotgere', NULL, NULL, '2242', 'cvvhhh', '01222222222', 0.00, '12vv@email.com', '$2y$10$5retNwG.Cih3BCLeEkxiw.yW/0u4eq2/avCzqzopQ7bwUEnuQioqC', 'male', NULL, 64, 1044, 1044, '12345678601258', '1', NULL, NULL, 97, '2023-09-20 18:13:11', '2023-09-20 18:17:07', NULL, 0, 1, NULL, '3112', 1),
(89, '123nn@email.com', NULL, NULL, '2243', 'gfc', '01207421558', 0.00, '1211n@email.com', '$2y$10$2hIoYBJEEcsWA/gaC.T4POqeEXajPhFWa4dvrIRJcjJUlcM4bFEmO', 'male', NULL, 64, 1044, 1044, '12547841255874', '1', NULL, NULL, 98, '2023-09-20 18:25:23', '2023-09-20 18:28:38', NULL, 0, 1, 1, '7684', 1),
(90, 'ali', 'a', 'b', '2244', 'new cairo', '01008811415', 2000.00, 'alihu.dev@gmail.com', '$2y$10$BDOHIhtvmoogNfj7J4ObUuxqsoDiANs3w3hwZ6bNNgAB//VP4TjC6', 'male', NULL, 64, 1044, 1044, '12345678901239', '1', NULL, NULL, 99, '2023-09-20 18:31:18', '2023-10-02 10:33:07', NULL, 0, 1, 1, '0000', 1),
(91, 'ibrahim astra', NULL, NULL, '2245', 'cxg', '01202877771', 0.00, '12aa@email.com', '$2y$10$nQeb876bEOGQkpHT2y5oquOXF3ZACcZQPhvh0FOFIv7N.Kg4o2Z9u', 'male', NULL, 64, 1044, 1044, '58545275463258', '1', NULL, NULL, 100, '2023-09-21 11:03:05', '2023-09-21 11:03:41', NULL, 0, 1, NULL, '1789', 1),
(92, 'qqwwee', NULL, NULL, '2246', 'vxvx', '01202051111', 0.00, '123aa@email.com', '$2y$10$MYcIFXWFkn2L4pOljfrT2uwiLP0EYC5ff3n9OEpy6LTRvsrF9CzOe', 'male', NULL, 64, 1044, 1044, '22225849675103', '1', NULL, NULL, 101, '2023-09-21 13:02:04', '2023-09-21 13:02:28', NULL, 0, 1, NULL, '3070', 1),
(93, 'Mohamed Wahba', NULL, NULL, '2247', '123 st', '01223698748', 0.00, 'm.wahba@gmail.com', '$2y$10$skOSDltaE/fBwSG3SH3UEOaFgXXWqUl/GK6sddRROqqrRnSgKHsq.', 'male', NULL, 64, 1048, 1048, '15935741236987', '1', NULL, NULL, 102, '2023-09-21 13:51:32', '2023-09-21 13:53:45', NULL, 0, 1, 2, '3414', 1),
(94, 'ali salem', NULL, NULL, '2248', 'ghcbh', '010088552236585858', 0.00, 'aaa@aaa.com', '$2y$10$3DxVWzmWaASAVJya8mqbJeMyPAdaPtwg/Cels2ivS89ou4RLiRLvS', 'male', NULL, 64, 1048, 1048, 'hhhhhhhhhhhhhh', '1', NULL, NULL, 103, '2023-09-21 14:10:45', '2023-09-21 14:14:42', NULL, 0, 1, 2, '9293', 1),
(95, 'ali', NULL, NULL, '2249', 'agsjal', '01008811239', 0.00, 'alihu@email.com', '$2y$10$IMOmY95C/CPeIerMJMmQoO/hChF2kGySbaxot2tTM3t9adHmhOTR2', 'female', NULL, 64, 1048, 1048, '12345678901237', '1', NULL, NULL, 104, '2023-09-21 14:23:26', '2023-09-21 14:47:59', NULL, 0, 1, 1, '9552', 1),
(96, 'ali', NULL, NULL, '2250', 'hdbaha7', '01008811456', 0.00, 'aaaa@aa.com', '$2y$10$6o0vxv0Apb/lK/KOCT0qe.YTN2NBRtGn4QXTr1VOykPXxqbmR1NVi', 'male', NULL, 64, 1044, 1044, '12345678901236', '1', NULL, NULL, 105, '2023-09-21 14:51:10', '2023-09-21 14:53:04', NULL, 0, 1, 1, '7846', 1),
(97, 'adasdasd', NULL, NULL, '2251', '10155', '01202851111', 0.00, 'asdasd@email', '$2y$10$2Unul//ZMu7bb33aU8xG7uwKx979OM13NSNDid2q.w3Lecrw.MJV2', 'male', NULL, 64, 1044, 1044, ' ', '1', NULL, NULL, 106, '2023-09-21 15:28:56', '2023-09-21 15:28:58', NULL, 0, 1, NULL, '2269', 0),
(98, 'xcvcxv', NULL, NULL, '2252', 'ttttttttttt', '01202850000', 0.00, 'andkdde@gmail.com', '$2y$10$2gG8BgnzMlMCIPVbhqI.bu/0kXttsStOneLqHq1CwCFNQ1v72QBXG', 'male', '2023-06-18', 64, 1044, 15400, '12345678912345', ' ', NULL, NULL, 107, '2023-09-21 15:39:49', '2023-09-21 15:39:49', NULL, 0, 2, 2, '5215', 0),
(99, 'yutrrty', NULL, NULL, '2253', '9894', '01202855555', 0.00, 'rtyurt@email', '$2y$10$zXFU3lbTut2zsUv4BooB5uCi7JJ8TCzjSpDAZHpRSkZACIQsIk7qK', 'male', NULL, 64, 1044, 1044, ' ', '159753', NULL, NULL, 109, '2023-09-21 15:46:30', '2023-09-21 15:46:31', NULL, 0, 1, NULL, '6721', 0),
(100, 'adasdas', NULL, NULL, '2254', 'fff', '01206478101', 0.00, '123nn@email', '$2y$10$OA7Klv/ifX0kbKDyQBYQSOGqIZL7uItJCOf8.ZtyvvbwVrTdbppsO', 'male', NULL, 64, 1044, 1044, ' ', '15975370', NULL, NULL, 111, '2023-09-21 16:07:04', '2023-09-21 16:07:05', NULL, 0, 1, NULL, '7852', 0),
(101, 'ccccc', NULL, NULL, '2255', 'sss', '01202897440', 0.00, '123nn@email.com', '$2y$10$OVGeQBPnclKOcGNWdYugBuGzFDnQhLKXmYjKOdIGDWUvkqj1BVF6W', 'male', NULL, 64, 1044, 1044, '12345678912340', ' ', NULL, NULL, 112, '2023-09-21 16:09:26', '2023-09-21 16:09:27', NULL, 0, 1, NULL, '2825', 0),
(102, 'hassan', NULL, NULL, '2256', 'nasr ciry', '01285305454', 0.00, 'h.shabana@gmqil.com', '$2y$10$6uA5H/ba5DAF8ObdBaeusuo4m1KvwnaL.t.g7pv/yZRPP.xc3oI.e', 'male', NULL, 64, 1048, 1048, '12345678901235', ' ', NULL, NULL, 113, '2023-09-22 15:54:45', '2023-09-22 16:00:12', NULL, 0, 1, NULL, '7777', 0),
(103, 'mohamed hamed', NULL, NULL, '2257', 'nasr city', '01285305454', 0.00, 'mhamed.m@gmail.com', '$2y$10$s9p8XemA5gXIB/J66hTSUuD10CxQDJY3/lHIbRqueL9VLgVgdQo1G', 'male', NULL, 64, 1044, 1044, '12365407896548', ' ', NULL, NULL, 114, '2023-09-22 16:03:28', '2023-09-22 16:04:24', NULL, 0, 1, NULL, '5695', 0),
(109, 'gg1@email.com', NULL, NULL, '2263', 'jjhhj', '01203985221', 0.00, 'ssdd@email.om', '$2y$10$5DPr4J5h61tNYYOxWcdQRuK27eZYLjdKcWURBrqgi5ddsejqGSyC2', 'male', NULL, 64, 1044, 1044, '1321321564684', ' ', NULL, NULL, 120, '2023-09-24 13:49:59', '2023-09-24 13:49:59', NULL, 0, 1, NULL, '1268', 1),
(111, 'magda', NULL, NULL, '2264', '25', '01111650397', 0.00, 'magdaahmed19@gmail.com', '$2y$10$mr7zaD2SQb2.1QZBTd0lC.AYlp/7iLc.R/aE0AKa7piiIafkmvwV6', 'female', NULL, 64, 1048, 1048, '1321321564684', ' ', NULL, NULL, 125, '2023-09-24 16:25:14', '2023-09-24 17:39:55', NULL, 0, 1, NULL, '0000', 1),
(112, 'aaa ddd', 'aaa', 'ddd', '2265', 'dff00', '01202700991', 0.00, '123mdcmvn@email.com', '$2y$10$2MzVbdcW64MQ.pllTZSvGuacwhT1R6O9at8vERJU3yZ6Fj.46butG', 'male', NULL, 64, 1048, 48395, '1321321564684', ' ', NULL, 'uploads/customerLists/UpbPOCAvvE4YcYpeOjvt8TiHPIcQXLcX8IGmYsqa.jpg', 126, '2023-09-26 17:39:43', '2023-09-26 18:28:22', NULL, 0, 1, NULL, '7321', 1),
(113, 'C2', 'kkkkvbbg', 'zxcv', '2266', 'zzzbb0', '01002851774', 0.00, 'ibra2023@email.com', '$2y$10$uErHCVJYU3VVBbaIwMh4E.2hek3JT4xO9tjYHFDqwf5L/GmEbdG5O', 'male', NULL, 64, 1048, 48386, '1321321564684', ' ', NULL, 'uploads/customerLists/aRJFBeM2r2WSouTvEEaWBgHWafQTc4V5KAD7dvSS.jpg', 127, '2023-09-26 17:57:07', '2023-10-01 14:48:29', NULL, 0, 1, NULL, '2245', 1),
(114, 'mmmmmmmmm', 'kgghjj', 'hfhhy', '2267', 'cchhh', '01002851770', 0.00, '12mmn@email.com', '$2y$10$WCYZUwegT2vnHsmDYTi38.jhvd/DPYv0isL5aG2sa8ctsOpYRN43i', 'male', NULL, 64, 1049, 15425, '1321321564684', ' ', NULL, 'uploads/customerLists/rcSX6I1QnFJl0kYWE6c2Mb3yfUvbUfDHvnGjloZW.jpg', 128, '2023-09-26 18:16:40', '2023-10-01 12:00:09', NULL, 0, 1, 1, '2265', 1),
(115, 'aaaa', 'mmmm', 'wwww', '2268', '000000', '01000000001', 0.00, 'nn@email.com', '$2y$10$qFe5X.z4Zuw5XT.JsTugouzYJLeAayOoG8rrxDt7kNf.0WSsgt7Yq', 'male', NULL, 64, 1048, 48394, '1321321564684', ' ', NULL, 'uploads/customerLists/vgCY2dw9JPFEYLIN2shkoZnIKzFiWQlXNDXL5sZV.jpg', 129, '2023-09-26 20:16:36', '2023-09-27 15:43:19', NULL, 0, 1, 2, '0000', 1),
(116, 'xyzbv dfhjj', 'xyzbv', 'dfhjj', '2269', 'ghjhg', '01113212966', 0.00, 'superzicmu@gmail.com', '$2y$10$UrSvt5bG5mHKHo9bF4//XuJt5atPuELQPxm7yEQL6SqD9VHg6/.I6', 'male', NULL, 64, 1044, 1044, '1321321564684', ' ', NULL, NULL, 130, '2023-09-26 22:13:07', '2023-09-26 22:17:09', NULL, 0, 1, 1, '7984', 1),
(117, 'hassan ahmed', 'hassan', 'ahmed', '2270', 'nile00000', '01235647890', 83680.00, 'hchhghh@hghg.com', '$2y$10$BOfcGkIkfaMzvR4OxFJx6uNBFiuPxdeTj/npK5Cthvps7fgkTkfSm', 'male', NULL, 64, 1044, 1044, '1321321564684', ' ', NULL, NULL, 131, '2023-09-27 10:08:14', '2023-09-27 07:30:31', NULL, 0, 1, 1, '4072', 1),
(118, 'ali salem', 'alihu', 'salem', '2271', 'ghytgy677 fhgghjgg57', '01008811415', 1570.00, 'abs@hus.gg', '$2y$10$TYpI4lFXMtIHA8GBeHEPguTBqyOEXi7r3WyEgYBM6PbX37d9jLs3.', 'male', NULL, 64, 1045, 1045, '1321321564684', ' ', NULL, NULL, 132, '2023-09-27 11:06:49', '2023-09-27 11:20:17', NULL, 0, 1, 2, '7590', 1),
(119, 'll,,mm yuiokjn', 'll,,mm', 'yuiokjn', '2272', 'oioioi', '01203984115', 0.00, 'hhbb11@email.com', '$2y$10$ur3wqnEjZaTu/BVH3f0CLuzOCfvPCOCo8FM9BSEdjfz35ARhNombq', 'male', NULL, 64, 1044, 1044, '1321321564684', ' ', NULL, NULL, 133, '2023-09-27 16:04:26', '2023-09-27 16:04:26', NULL, 0, 1, NULL, '9292', 1),
(120, 'test demo', 'test', 'demo', '2273', 'ctedh0000000000', '01234569875', 0.00, 'demo@email.com', '$2y$10$W9OZtLJdnjTaEjfGJ7bTbOBmXx.BivIaZtJ5hV3PTVpZLCYBiAfy.', 'male', NULL, 64, 1044, 1044, '1321321564684', ' ', NULL, NULL, 134, '2023-09-27 16:04:55', '2023-09-27 16:45:47', NULL, 0, 1, 1, '7231', 1),
(121, 'ddd qqq', 'ddd', 'qqq', '2274', 'zzzzz', '01209871226', 0.00, '123nff@email.com', '$2y$10$pyPhQOpUIndDz8HZxWQYaeeDFsMHEIghVRdTUcro3PJhNr0gp8kvm', 'male', NULL, 64, 1044, 1044, '1321321564684', ' ', NULL, NULL, 135, '2023-09-27 16:11:35', '2023-09-27 16:11:35', NULL, 0, 1, NULL, '6449', 1),
(125, 'ddd www', 'ddd', 'www', '2278', '4eeee', '01202807995', 10000.00, 'qqww@email.com', '$2y$10$GkQ7x4Oej/AAT57OioZEc.mfATehkSlMR5xjals4E601Y.ETiEdAK', 'male', NULL, 64, 1057, 15452, '1321321564684', ' ', NULL, NULL, 139, '2023-09-27 16:53:30', '2023-09-27 14:01:48', NULL, 0, 1, NULL, '7542', 1),
(122, '747474 dadasdasd', '747474', 'dadasdasd', '2275', '000', '01202891220', 0.00, '144d2@email.cm', '$2y$10$gLqWS0AD9GNpsEvdhthNSuLHua3R62RsJZH0KsONTWdyOUQGivDqO', 'male', NULL, 64, 1058, 15470, '1321321564684', ' ', NULL, NULL, 136, '2023-09-27 16:20:35', '2023-09-27 16:28:12', NULL, 0, 1, NULL, '1818', 1),
(123, '12351 8522', '12351', '8522', '2276', 'eeee', '01202897442', 0.00, '111qq@email.com', '$2y$10$.8soqcNyDzSnhs1KyKsDCOtD5q2oLecLK9wG1n1I7tcop/0a3CqqS', 'male', NULL, 64, 1044, 15400, '1321321564684', ' ', NULL, NULL, 137, '2023-09-27 16:32:04', '2023-09-27 16:32:04', NULL, 0, 1, NULL, '6145', 1),
(124, 'jjj aaa', 'jjj', 'aaa', '2277', 'rrrrrr', '01232894771', 0.00, '123qq@email.com', '$2y$10$ygUw.HctR92Jb3y2bC3cY.L7hK0riagGH6/zqN4.eOtxpM5G6RFXS', 'male', NULL, 64, 1044, 15400, '1321321564684', ' ', NULL, NULL, 138, '2023-09-27 16:38:39', '2023-09-27 16:38:39', NULL, 0, 1, NULL, '2914', 1),
(126, 'qwrpo aza', 'qwrpo', 'aza', '2279', 'fxgggvc', '01202831888', 0.00, '123nmm@email.com', '$2y$10$swnyubJErCjm3EEA3en7sO33kG2kApqqXgj1lAlAMN7Q6D/JigdZC', 'male', NULL, 64, 1044, 15400, '1321321564684', ' ', NULL, NULL, 140, '2023-09-27 21:52:21', '2023-09-27 22:03:08', NULL, 0, 1, NULL, '0000', 1),
(127, 'hwllo gff', 'hwllo', 'gff', '2280', 'xcfgg', '01202851227', 0.00, '123ncfn@email.com', '$2y$10$zwN6qUPWSRHbC7NFL7iZJOEwY3LYOAOuRVTSXuDEXpTwFFMwtpdEi', 'male', NULL, 64, 1050, 48326, '1321321564684', '432445', NULL, NULL, 141, '2023-09-27 23:02:39', '2023-09-27 23:04:13', NULL, 0, 1, NULL, '2807', 1),
(128, '12345654 ggff', '12345654', 'ggff', '2281', 'pppp', '01202837441', 0.00, '123bb@email.com', '$2y$10$Qb0pF0CZ9F4v2TXTwH8vQ.6lVaBEit6d77zpRcWdtT1di/q1gxe/m', 'male', NULL, 64, 1049, 15429, '1321321564684', ' ', NULL, NULL, 142, '2023-09-27 23:07:28', '2023-09-27 23:21:28', NULL, 0, 1, 1, '1321', 1),
(129, 'qqwed bxbz', 'ibrahim', 'Ramadan', '2282', 'qqqqqqqqq', '01202866667', 0.00, 'ggd@email.com', '$2y$10$wgxiFGxOSNh9VClu0qGyiuDrTt.2RzGNkY4rqjyUAhdun7nDPGM4K', 'female', NULL, 64, 1051, 48453, '1321321564684', ' ', NULL, NULL, 143, '2023-09-27 23:35:09', '2023-09-27 23:40:01', NULL, 0, 1, 1, '4379', 1),
(130, 'qqwwee qqqw', 'qqwwee', 'qqqw', '2283', 'ddd', '01202041775', 0.00, '123cn@email.com', '$2y$10$ehUGOnE9rgf352FqZjXVVOiPKg3XyOjdANbHGze1GH2GvfVpNFb6S', 'male', NULL, 64, 1044, 15400, '1321321564684', '123nn@email.com', NULL, NULL, 144, '2023-09-27 23:51:42', '2023-09-27 23:56:30', NULL, 0, 1, 1, '4082', 1),
(131, 'qqwwxx zzaaqq', 'qqwwxx', 'zzaaqq', '2284', 'aaa', '01202851336', 0.00, 'aa123nn@email.com', '$2y$10$Jw9H/CveTCkOWYNfsssBSOLINXuTzU2GRwAOVowKUpbmSFMFHUNoG', 'male', NULL, 64, 1048, 48390, '1321321564684', ' ', NULL, NULL, 145, '2023-09-28 00:11:14', '2023-09-28 00:11:14', NULL, 0, 1, NULL, '5340', 1),
(132, 'aaqqtt hhshbs', 'aaqqtt', 'hhshbs', '2285', 'gggg', '01102851770', 0.00, '123nvzvsn@email.com', '$2y$10$sjN4Srf/nqibtKLMUKy4LuAIBX3xdogpQi3DysIefRW8h7JY5zoMS', 'male', NULL, 64, 1048, 48394, '1321321564684', ' ', NULL, NULL, 146, '2023-09-28 00:15:27', '2023-09-28 16:17:42', NULL, 0, 1, 1, '0000', 1),
(133, 'dodo yoyo', 'dodo', 'yoyo', '2286', 'nile', '01236549871', 0.00, 'yoyo@dodo.com', '$2y$10$LBF9dgG5t18h4eUbHoow0eEVMz/4USU2U2dpV0pvrq9ikceoSCaUy', 'male', NULL, 64, 1044, 15400, '1321321564684', ' ', NULL, NULL, 147, '2023-09-28 01:09:05', '2023-09-28 01:10:13', NULL, 0, 1, 1, '9877', 1),
(134, 'bvv ccccc', 'bvv', 'ccccc', '2287', 'frdfgt', '01201251774', 0.00, 'qe1@gg.com', '$2y$10$5cOwj6KolI5FlCbqUp8UdebzsvfNiOKYmPHvstVw/DJrY2vAuiE.q', 'male', NULL, 64, 1058, 15470, '1321321564684', 'ggshxd', NULL, NULL, 148, '2023-09-28 11:10:42', '2023-09-28 11:17:13', NULL, 0, 1, 1, '0000', 1),
(135, 'qaw', 'qaw', 'rree', '2288', 'eeeww', '01202851333', 94495.00, '123ccnn@email.com', '$2y$10$8NOUHWK8lFOUOV3oxv7Cu.ijyFEuNWb7Z.D0B5h3Etj1/lXd.BkPa', 'male', NULL, 64, 1049, 15425, '1321321564684', ' ', NULL, 'uploads/customerLists/l5pI33qK4vPSAqVY2gPGHvIXnJNYBJGBtWiPKljE.jpg', 149, '2023-09-28 12:12:20', '2023-10-01 17:44:19', NULL, 0, 1, 2, '3609', 1),
(136, 'tete dede', 'tete', 'dede', '2289', 'nile', '01456327890', 0.00, 'dede@tet.com', '$2y$10$eSjgH8ExM76k16XfSJ1Rk.af1EEPIc1PyAWov5VAqBWrwOSbRdOQm', 'male', NULL, 64, 1048, 48393, '1321321564684', ' ', NULL, NULL, 150, '2023-09-28 17:02:38', '2023-09-28 17:05:53', NULL, 0, 1, 2, '6037', 1),
(137, 'mohamed mohamed', 'mohamed', 'mohamed', '2290', '144 st', '01223212321', 0.00, 'm@mm.com', '$2y$10$U2u0t.immaWTLd8x59uUk.LMjkzcqsf1eUVQypjQltgBBLy.pHKUO', 'male', NULL, 64, 1044, 1044, '1321321564684', '15328', NULL, NULL, 151, '2023-09-28 17:07:04', '2023-09-28 17:07:04', NULL, 0, 1, NULL, '5372', 1),
(138, 'ghdhd bdbdbd', 'ghdhd', 'bdbdbd', '2291', 'hgebe', '01002851777', 0.00, '1rr@email.com', '$2y$10$kZQ3Sk.j3T4WsptX3GItA.GA5/NiSFdrZ0u4fxYunGV9e/IYF30lm', 'male', NULL, 64, 1069, 15560, '1321321564684', '123dfs', NULL, 'uploads/customerLists/O6E3CxacDnGdbxizGolSY2YZl3cSUQmPBO4S7fco.jpg', 152, '2023-09-28 20:56:04', '2023-09-28 20:59:25', NULL, 0, 1, 2, '5529', 1),
(139, 'hello astra', 'hello', 'astra', '2292', 'dero', '01326547890', 0.00, 'astra@astra.com', '$2y$10$k0GTXi1iPcpCgatcKovDvOuQCtJClNHrICtLIqdOaQe.dbwFEUkGi', 'male', NULL, 64, 1046, 48320, '1321321564684', ' ', NULL, NULL, 153, '2023-09-28 21:17:07', '2023-09-28 21:18:12', NULL, 0, 1, 1, '9981', 1),
(140, 'gogo bero', 'gogo', 'bero', '2293', 'nile', '01325649870', 0.00, 'gofo@bero.com', '$2y$10$jFJWkcar24T54PFeVVpWR.tpNFuHU1EwAeE4unthOQw7sqC9ROWgq', 'male', NULL, 64, 1048, 48394, '1321321564684', '1457377888', NULL, NULL, 154, '2023-09-30 22:56:14', '2023-09-30 23:01:45', NULL, 0, 1, 1, '1413', 1),
(141, 'gvd vxvx', 'gvd', 'vxvx', '2294', 'ddnfnd', '01202855550', 0.00, '123nnsss@email.com', '$2y$10$ymA0VdPeiBbEFSWMimCQge5b69dwsu2jagGMVDvRA6pmSo/7FHNVG', 'male', NULL, 64, 1046, 48323, '1321321564684', ' ', NULL, NULL, 155, '2023-10-01 11:47:32', '2023-10-01 11:47:32', NULL, 0, 1, NULL, '7287', 1),
(142, 'ali salem', 'ali', 'salem', '2295', 'assf', '01008855646', 0.00, 'hus@hus.com', '$2y$10$AhOpEdswh/nU.2gNgwKlD.AsVET8bN02rU.Fz76Frm4qUq4Hasbtu', 'male', NULL, 64, 1044, 15400, '1321321564684', 'vh647', NULL, NULL, 156, '2023-10-01 11:53:07', '2023-10-01 11:53:07', NULL, 0, 1, NULL, '2356', 1),
(143, 'mohamed ali', 'mohamed', 'ali', '2296', '123 st.', '01225803697', 0.00, 'mohamed@ali.com', '$2y$10$AO2rsEaopaIFNl4bTKEVaOP/K8JvxlzTySgSaBJbJnioWYl112Jqq', 'male', NULL, 64, 1048, 48391, '1321321564684', '12345', NULL, NULL, 157, '2023-10-01 12:00:29', '2023-10-01 12:07:00', NULL, 0, 1, 2, '5170', 1),
(144, 'j jjj', 'j', 'jjj', '2297', 'iiii', '01208851774', 0.00, 'jjj@ema.com', '$2y$10$UtJaBPaFnZvvR/nK4FOHc.CbUDVwI9EgRxGSSHpcKZ60xNBuHjTA6', 'male', NULL, 64, 1044, 15400, '1321321564684', '741852954', NULL, NULL, 158, '2023-10-01 12:19:40', '2023-10-01 12:19:40', NULL, 0, 1, NULL, '6122', 1),
(145, 'mohamed tharwat', 'mohamed', 'tharwat', '2298', 'alrx', '01288401433', 0.00, 'tharwatm204@gmail.com', '$2y$10$KUGV4RscwEjxmapndXt8fe650XWjdr3xd7z7EqezvW2fNe4E/16ym', 'male', NULL, 64, 1066, 48355, '1321321564684', ' ', NULL, NULL, 159, '2023-10-01 14:17:42', '2023-10-01 14:17:42', NULL, 0, 1, NULL, '4886', 1),
(146, 'hdhs gdhdhd', 'hdhs', 'gdhdhd', '2299', 'zszz', '01202051444', 0.00, '123nvvn@email.com', '$2y$10$PAsYvJ2OOW3ipyjQHiMYvuucBR9Uycbj4c9Zax3idcbYId1kLYm3i', 'male', NULL, 64, 1050, 15432, '1321321564684', 'hhddh', NULL, 'uploads/customerLists/4ru4LSJ3HrymTXXPIrKZrlLzGtCTIgDDtVzDp2MK.jpg', 160, '2023-10-01 18:53:16', '2023-10-01 18:53:54', NULL, 0, 1, NULL, '2188', 1),
(147, 'zero astra', 'zero', 'astra', '2300', 'ghkl', '01452369875', 0.00, 'zero@astra.com', '$2y$10$tuHj8HvfKYs8dZiUoJCj5Oc7Iyus2yNkXa3NM1LdXyyyEvFw4U5hK', 'male', NULL, 64, 1044, 15400, '1321321564684', '0987612345', NULL, NULL, 161, '2023-10-01 20:46:34', '2023-10-01 20:48:00', NULL, 0, 1, 1, '3601', 1);

-- --------------------------------------------------------

--
-- Table structure for table `discountcard_customer_packages`
--

CREATE TABLE `discountcard_customer_packages` (
  `id` bigint UNSIGNED NOT NULL,
  `package_name_en` varchar(191) CHARACTER SET utf8mb4 COLLATE utf8mb4_unicode_ci NOT NULL,
  `package_name_ar` varchar(191) CHARACTER SET utf8mb4 COLLATE utf8mb4_unicode_ci DEFAULT NULL,
  `package_description_en` text CHARACTER SET utf8mb4 COLLATE utf8mb4_unicode_ci,
  `package_description_ar` text CHARACTER SET utf8mb4 COLLATE utf8mb4_unicode_ci,
  `price` double(8,2) NOT NULL,
  `discount_amount` double(8,2) DEFAULT '0.00',
  `discount_type` enum('fixed','descending') COLLATE utf8mb4_unicode_ci DEFAULT NULL,
  `customers_no` int DEFAULT '1',
  `image_dir` varchar(191) CHARACTER SET utf8mb4 COLLATE utf8mb4_unicode_ci DEFAULT NULL,
  `image` varchar(191) CHARACTER SET utf8mb4 COLLATE utf8mb4_unicode_ci DEFAULT NULL,
  `icon_dir` varchar(191) CHARACTER SET utf8mb4 COLLATE utf8mb4_unicode_ci DEFAULT NULL,
  `icon` varchar(191) CHARACTER SET utf8mb4 COLLATE utf8mb4_unicode_ci DEFAULT NULL,
  `customer_type_id` bigint UNSIGNED DEFAULT NULL,
  `created_at` timestamp NULL DEFAULT NULL,
  `updated_at` timestamp NULL DEFAULT NULL,
  `deleted_at` timestamp NULL DEFAULT NULL,
  `deleted_by` int NOT NULL DEFAULT '0'
) ENGINE=MyISAM DEFAULT CHARSET=utf8mb4 COLLATE=utf8mb4_unicode_ci;

--
-- Dumping data for table `discountcard_customer_packages`
--

INSERT INTO `discountcard_customer_packages` (`id`, `package_name_en`, `package_name_ar`, `package_description_en`, `package_description_ar`, `price`, `discount_amount`, `discount_type`, `customers_no`, `image_dir`, `image`, `icon_dir`, `icon`, `customer_type_id`, `created_at`, `updated_at`, `deleted_at`, `deleted_by`) VALUES
(1, 'Silver Plan', 'Silver Plan Arabic', 'Lorem Ipsum is simply dummy text of the printing and typesetting industry.', 'Description Arabic', 100.00, 0.00, NULL, 1, NULL, NULL, NULL, 'uploads/customerPackages/LCRPJr2Wj5Rsfu8pQZuNRIkDW21XyzhhaqCF24LC.jpg', 1, '2023-03-13 11:35:15', '2023-08-21 09:24:57', NULL, 0),
(2, 'Gold Plan', 'Gold Plan Arabic', 'some description', 'Description Arabic', 200.00, 10.00, 'fixed', 5, NULL, NULL, NULL, 'uploads/customerPackages/Ri8qWl9NUYVJrxrE2Q9prTzOUk6mffF2vJmcjCVM.jpg', 1, '2023-04-02 10:12:57', '2023-09-13 08:37:54', NULL, 0),
(3, 'Misr Travel', 'Misr Travel Arabic', 'Misr Travel', 'Description Arabic', 0.00, 0.00, NULL, 1, NULL, NULL, NULL, NULL, 2, '2023-04-13 09:34:55', '2023-05-23 13:23:12', NULL, 0),
(4, 'NBK Back', 'NBK Back Arabic', 'NBK Back', 'Description Arabic', 0.00, 0.00, NULL, 1, NULL, 'uploads/customerPackages/TyHlWJ6qKk3nPBMnb52eYcglqo8R7ln8AwXZ370k.jpg', NULL, 'uploads/customerPackages/wZSlz8tY8FQntt2ijXGwEfy22Usl6Y8vPqdbep9f.jpg', 3, '2023-04-13 09:36:32', '2023-05-23 13:29:15', NULL, 0),
(5, 'Med Right', 'Med Right Arabic', 'Med Right', 'Description Arabic', 0.00, 0.00, NULL, 1, NULL, NULL, NULL, 'uploads/customerPackages/VVfjiKD9WYdTFUdVFGSil39nFnicCChuj5wmbMph.png', 4, '2023-04-13 09:36:48', '2023-05-23 13:30:12', NULL, 0),
(6, 'dsfsdg', 'sdgsd', 'sdgsd', 'gsdgs', 20.00, 0.00, NULL, 1, '/images/customer_packages/2023/07/16/', 'customer_packages_1358_1689511531.png', '/images/customer_packages/2023/07/16/', 'customer_packages_373_1689511531.png', 1, '2023-07-16 12:45:31', '2023-07-18 07:58:22', '2023-07-18 07:58:22', 1),
(7, 'dfgd', 'fgd', 'dfgdf', 'dfgd', 21.00, 0.00, NULL, 1, NULL, NULL, NULL, NULL, 4, '2023-07-18 07:58:53', '2023-07-18 07:59:00', '2023-07-18 07:59:00', 0),
(8, 'بلابلالبا', 'لبابلا', 'بابلا', 'لابلا', 23.00, 0.00, NULL, 1, NULL, NULL, NULL, NULL, 1, '2023-07-18 08:32:34', '2023-07-18 08:32:56', '2023-07-18 08:32:56', 1),
(9, 'لبابلاب', 'لابلاب', 'لابا', 'بلابا', 434.00, 0.00, NULL, 1, NULL, NULL, NULL, NULL, 1, '2023-07-18 08:32:44', '2023-07-18 08:32:56', '2023-07-18 08:32:56', 1),
(10, 'يسبسيب', 'سيبسيب', 'سيب', 'يسب', 21.00, 0.00, NULL, 1, NULL, NULL, NULL, NULL, 1, '2023-07-18 08:33:39', '2023-07-18 08:33:47', '2023-07-18 08:33:47', 0),
(11, 'ثصقصثق', 'ثصقصثق', 'ثصقص', 'صثق', 324.00, 0.00, NULL, 1, NULL, NULL, NULL, NULL, 1, '2023-07-18 08:34:00', '2023-07-18 08:34:13', '2023-07-18 08:34:13', 1),
(12, 'يسبس', 'يبسي', 'يبس', 'يبس', 32.00, 0.00, NULL, 1, NULL, NULL, NULL, NULL, 1, '2023-07-18 08:35:12', '2023-07-18 08:35:22', '2023-07-18 08:35:22', 1),
(13, 'Platinum', 'Platinum', NULL, NULL, 500.00, 0.00, NULL, 1, NULL, NULL, NULL, NULL, 1, '2023-08-20 11:48:38', '2023-08-20 11:49:49', '2023-08-20 11:49:49', 0),
(14, 'test', 'test', NULL, NULL, 10.00, 0.00, NULL, 1, NULL, NULL, NULL, NULL, 13, '2023-08-20 11:57:41', '2023-08-20 12:00:57', '2023-08-20 12:00:57', 0);

-- --------------------------------------------------------

--
-- Table structure for table `discountcard_customer_types`
--

CREATE TABLE `discountcard_customer_types` (
  `id` bigint UNSIGNED NOT NULL,
  `type_name_en` varchar(191) CHARACTER SET utf8mb4 COLLATE utf8mb4_unicode_ci NOT NULL,
  `type_name_ar` varchar(191) CHARACTER SET utf8mb4 COLLATE utf8mb4_unicode_ci DEFAULT NULL,
  `type_description_en` text CHARACTER SET utf8mb4 COLLATE utf8mb4_unicode_ci,
  `type_description_ar` text CHARACTER SET utf8mb4 COLLATE utf8mb4_unicode_ci,
  `icon_dir` varchar(191) CHARACTER SET utf8mb4 COLLATE utf8mb4_unicode_ci DEFAULT NULL,
  `icon` varchar(191) CHARACTER SET utf8mb4 COLLATE utf8mb4_unicode_ci DEFAULT NULL,
  `created_at` timestamp NULL DEFAULT NULL,
  `updated_at` timestamp NULL DEFAULT NULL,
  `deleted_at` timestamp NULL DEFAULT NULL,
  `deleted_by` int NOT NULL DEFAULT '0'
) ENGINE=MyISAM DEFAULT CHARSET=utf8mb4 COLLATE=utf8mb4_unicode_ci;

--
-- Dumping data for table `discountcard_customer_types`
--

INSERT INTO `discountcard_customer_types` (`id`, `type_name_en`, `type_name_ar`, `type_description_en`, `type_description_ar`, `icon_dir`, `icon`, `created_at`, `updated_at`, `deleted_at`, `deleted_by`) VALUES
(1, 'Individuals', 'Individuals Arabic', 'Individuals', 'Description Arabic', NULL, 'uploads/customerTypes/wl8yu2GEnF7w2g055J1dJiBwnZvE9f8eMAcXZcbf.png', '2023-03-13 11:34:51', '2023-03-14 08:03:10', NULL, 0),
(2, 'Groups', 'Groups Arabic', 'Groups', 'Description Arabic', NULL, 'uploads/customerTypes/2hIosho5ThyXrJXQK0nGmKkb3dtA9iQ61rzdaTbz.png', '2023-03-13 12:01:53', '2023-03-14 08:03:19', NULL, 0),
(3, 'Corporates', 'Corporates Arabic', 'Corporates', 'Description Arabic', NULL, 'uploads/customerTypes/NkWojQYR5v7DNgnej0uBpYTw1Yg5RNUQcihruiWV.png', '2023-03-13 12:02:04', '2023-03-14 08:03:31', NULL, 0),
(4, 'Insurance', 'Insurance Arabic', 'Insurance', 'Description Arabic', NULL, 'uploads/customerTypes/NB0IBKweX7ZkPLfB1dndECvkeCfCGLcUIwNfrCYk.png', '2023-03-13 12:02:13', '2023-03-14 08:03:40', NULL, 0),
(6, 'sdfsd', 'gfhgh', 'wewr', 'ghfgh', NULL, 'customer_types_7831_1689507250.png', '2023-07-16 11:34:10', '2023-07-18 07:57:03', '2023-07-18 07:57:03', 1),
(7, 'dfbfd', 'ngfnfgn', 'gnf', 'gfhgh', '/images/customer_types/2023/07/16/', 'customer_types_1177_1689507599.png', '2023-07-16 11:39:59', '2023-07-18 07:57:03', '2023-07-18 07:57:03', 1),
(8, 'sdfsdsfs', 'sdfdsg', 'gsdg', 'gsgd', NULL, NULL, '2023-07-18 07:57:47', '2023-07-18 07:57:57', '2023-07-18 07:57:57', 0),
(9, 'efwf', 'efwwef', 'efwef', 'efwf', NULL, NULL, '2023-07-18 08:17:07', '2023-07-18 08:17:16', '2023-07-18 08:17:16', 0),
(10, 'hfghfg', 'fgfg', 'gfhf', 'fhgfgh', NULL, NULL, '2023-07-18 08:17:49', '2023-07-18 08:17:58', '2023-07-18 08:17:58', 0),
(11, 'fghfgh', 'fghhgf', 'fghf', 'fghfg', NULL, NULL, '2023-07-18 08:18:08', '2023-07-18 08:18:34', '2023-07-18 08:18:34', 1),
(12, 'gfjfgj', 'jfgjfj', 'gfjgfj', 'fgjfgj', NULL, NULL, '2023-07-18 08:18:22', '2023-07-18 08:18:34', '2023-07-18 08:18:34', 1),
(13, 'test', 'test', NULL, NULL, NULL, NULL, '2023-08-20 11:56:44', '2023-08-20 11:58:58', '2023-08-20 11:58:58', 1);

-- --------------------------------------------------------

--
-- Table structure for table `discountcard_invoices`
--

CREATE TABLE `discountcard_invoices` (
  `id` bigint UNSIGNED NOT NULL,
  `invoice_uniqid` varchar(191) CHARACTER SET utf8mb4 COLLATE utf8mb4_unicode_ci DEFAULT NULL,
  `transaction_id` bigint UNSIGNED DEFAULT NULL,
  `session_uniqid` varchar(191) CHARACTER SET utf8mb4 COLLATE utf8mb4_unicode_ci NOT NULL COMMENT 'if 0 so the transaction_id is checkout else it is sessions',
  `provider_id` bigint UNSIGNED DEFAULT NULL,
  `customer_list_id` bigint UNSIGNED DEFAULT NULL,
  `total_amount` double(11,2) NOT NULL,
  `total_discount` double(11,2) NOT NULL,
  `price_before_discount` double(11,2) NOT NULL,
  `status` tinyint(1) NOT NULL,
  `quantity_no` tinyint NOT NULL,
  `date` datetime NOT NULL,
  `created_at` timestamp NULL DEFAULT NULL,
  `updated_at` timestamp NULL DEFAULT NULL,
  `price` double(11,2) DEFAULT NULL,
  `public_price` double(11,2) DEFAULT NULL
) ENGINE=InnoDB DEFAULT CHARSET=utf8mb4 COLLATE=utf8mb4_unicode_ci;

--
-- Dumping data for table `discountcard_invoices`
--

INSERT INTO `discountcard_invoices` (`id`, `invoice_uniqid`, `transaction_id`, `session_uniqid`, `provider_id`, `customer_list_id`, `total_amount`, `total_discount`, `price_before_discount`, `status`, `quantity_no`, `date`, `created_at`, `updated_at`, `price`, `public_price`) VALUES
(12, '64f871b273240', 204, '0', 8847, 50, 1220.00, 0.00, 1220.00, 1, 3, '2023-09-06 15:33:54', '2023-09-06 15:33:54', '2023-09-06 15:33:54', 1220.00, 1220.00),
(13, '64f873cdc383b', 205, '0', 8847, 50, 1220.00, 0.00, 1220.00, 1, 3, '2023-09-06 15:42:53', '2023-09-06 15:42:53', '2023-09-06 15:42:53', 1220.00, 1220.00),
(14, '64f88726c921a', 209, '0', 8847, 49, 1320.00, 0.00, 1320.00, 1, 4, '2023-09-06 17:05:26', '2023-09-06 17:05:26', '2023-09-06 17:05:26', 1310.00, 1320.00),
(15, '64f887ba514f3', 210, '0', 8849, 47, 20.00, 0.00, 20.00, 1, 1, '2023-09-06 17:07:54', '2023-09-06 17:07:54', '2023-09-06 17:07:54', 18.00, 20.00),
(16, '64f895e98b198', 214, '0', 8849, 49, 2359.80, 0.00, 2359.80, 1, 4, '2023-09-06 18:08:25', '2023-09-06 18:08:25', '2023-09-06 18:08:25', 2123.82, 2359.80),
(17, '64f8d3413e3c5', 224, '0', 8847, 49, 1100.00, 0.00, 1100.00, 1, 3, '2023-09-06 22:30:09', '2023-09-06 22:30:09', '2023-09-06 22:30:09', 1090.00, 1100.00),
(18, '64f8d44115e3a', 225, '0', 8847, 49, 1000.00, 0.00, 1000.00, 1, 2, '2023-09-06 22:34:25', '2023-09-06 22:34:25', '2023-09-06 22:34:25', 1000.00, 1000.00),
(19, '64f9858fb2dac', 227, '0', 8847, 49, 175.00, 0.00, 175.00, 1, 1, '2023-09-07 11:10:55', '2023-09-07 11:10:55', '2023-09-07 11:10:55', 157.50, 175.00),
(20, '64f986c667281', 228, '0', 8849, 49, 997.00, 0.00, 997.00, 1, 4, '2023-09-07 11:16:06', '2023-09-07 11:16:06', '2023-09-07 11:16:06', 897.30, 997.00),
(21, '64f98c81df1fd', 231, '0', 8849, 47, 40.00, 0.00, 40.00, 1, 1, '2023-09-07 11:40:33', '2023-09-07 11:40:33', '2023-09-07 11:40:33', 36.00, 40.00),
(22, '64f990cbb93fa', 235, '0', 8849, 49, 140.00, 0.00, 140.00, 1, 1, '2023-09-07 11:58:51', '2023-09-07 11:58:51', '2023-09-07 11:58:51', 126.00, 140.00),
(23, '64f992d98522e', 239, '0', 8849, 49, 1337.60, 0.00, 1337.60, 1, 2, '2023-09-07 12:07:37', '2023-09-07 12:07:37', '2023-09-07 12:07:37', 1203.84, 1337.60),
(24, '64f99873b4ed4', 240, '0', 8847, 49, 520.00, 0.00, 520.00, 1, 2, '2023-09-07 12:31:31', '2023-09-07 12:31:31', '2023-09-07 12:31:31', 520.00, 520.00),
(25, '64f99a92845c8', 241, '0', 8847, 47, 175.00, 0.00, 175.00, 1, 1, '2023-09-07 12:40:34', '2023-09-07 12:40:34', '2023-09-07 12:40:34', 157.50, 175.00),
(26, '64f99c1842579', 243, '0', 8847, 47, 175.00, 0.00, 175.00, 1, 1, '2023-09-07 12:47:04', '2023-09-07 12:47:04', '2023-09-07 12:47:04', 157.50, 175.00),
(27, '64f9a3e197332', 248, '0', 8850, 47, 175.73, 0.00, 175.73, 1, 2, '2023-09-07 13:20:17', '2023-09-07 13:20:17', '2023-09-07 13:20:17', 147.47, 175.73),
(28, '64f9c8a3206a5', 258, '0', 8851, 47, 1145.00, 0.00, 1145.00, 1, 3, '2023-09-07 15:57:07', '2023-09-07 15:57:07', '2023-09-07 15:57:07', 1087.75, 1145.00),
(29, '64f9c9a42a379', 259, '0', 8848, 47, 635.00, 0.00, 635.00, 1, 4, '2023-09-07 16:01:24', '2023-09-07 16:01:24', '2023-09-07 16:01:24', 635.00, 635.00),
(30, '64f9ca4d8f152', 260, '0', 8847, 47, 260.00, 0.00, 260.00, 1, 4, '2023-09-07 16:04:13', '2023-09-07 16:04:13', '2023-09-07 16:04:13', 260.00, 260.00),
(31, '64f9ca9c77524', 261, '0', 8850, 47, 750.73, 0.00, 750.73, 1, 4, '2023-09-07 16:05:32', '2023-09-07 16:05:32', '2023-09-07 16:05:32', 722.47, 750.73),
(32, '64f9cae784b52', 262, '0', 8849, 47, 2742.00, 0.00, 2742.00, 1, 5, '2023-09-07 16:06:47', '2023-09-07 16:06:47', '2023-09-07 16:06:47', 2467.80, 2742.00),
(33, '64f9d03008f9d', 266, '0', 8847, 53, 1220.00, 0.00, 1220.00, 1, 3, '2023-09-07 16:29:20', '2023-09-07 16:29:20', '2023-09-07 16:29:20', 1220.00, 1220.00),
(34, '64f9d03913866', 267, '0', 8847, 52, 460.00, 0.00, 460.00, 1, 4, '2023-09-07 16:29:29', '2023-09-07 16:29:29', '2023-09-07 16:29:29', 450.00, 460.00),
(35, '64f9d04bcc739', 268, '0', 8847, 54, 370.00, 0.00, 370.00, 1, 4, '2023-09-07 16:29:47', '2023-09-07 16:29:47', '2023-09-07 16:29:47', 360.00, 370.00),
(36, '64f9d061afb4c', 269, '0', 8847, 47, 1290.00, 0.00, 1290.00, 1, 4, '2023-09-07 16:30:09', '2023-09-07 16:30:09', '2023-09-07 16:30:09', 1280.00, 1290.00),
(37, '64f9d0a985f4e', 273, '0', 8847, 47, 500.00, 0.00, 500.00, 1, 4, '2023-09-07 16:31:21', '2023-09-07 16:31:21', '2023-09-07 16:31:21', 500.00, 500.00),
(38, '64f9d0aa0b741', 272, '0', 8847, 54, 355.00, 0.00, 355.00, 1, 4, '2023-09-07 16:31:22', '2023-09-07 16:31:22', '2023-09-07 16:31:22', 355.00, 355.00),
(39, '64f9d0aa4a975', 270, '0', 8847, 53, 530.00, 0.00, 530.00, 1, 5, '2023-09-07 16:31:22', '2023-09-07 16:31:22', '2023-09-07 16:31:22', 530.00, 530.00),
(40, '64f9d0aa70f03', 271, '0', 8847, 52, 530.00, 0.00, 530.00, 1, 5, '2023-09-07 16:31:22', '2023-09-07 16:31:22', '2023-09-07 16:31:22', 530.00, 530.00),
(41, '64f9d74f479ba', 274, '0', 8849, 54, 4576.96, 0.00, 4576.96, 1, 6, '2023-09-07 16:59:43', '2023-09-07 16:59:43', '2023-09-07 16:59:43', 4125.01, 4576.96),
(42, '64fdc49923f62', 288, '0', 8850, 48, 460.00, 0.00, 460.00, 1, 1, '2023-09-10 16:28:57', '2023-09-10 16:28:57', '2023-09-10 16:28:57', 460.00, 460.00),
(43, '64fdc6862dfa8', 289, '0', 8850, 48, 1166.10, 0.00, 1166.10, 1, 2, '2023-09-10 16:37:10', '2023-09-10 16:37:10', '2023-09-10 16:37:10', 757.97, 1166.10),
(44, '64fedcf497adb', 295, '0', 8849, 49, 40.00, 0.00, 40.00, 1, 1, '2023-09-11 12:25:08', '2023-09-11 12:25:08', '2023-09-11 12:25:08', 36.00, 40.00),
(45, '64fef64dbb9e6', 298, '0', 8852, 49, 65.00, 0.00, 65.00, 1, 1, '2023-09-11 14:13:17', '2023-09-11 14:13:17', '2023-09-11 14:13:17', 65.00, 65.00),
(46, '64fef6f05776c', 299, '0', 8852, 49, 45.00, 0.00, 45.00, 1, 1, '2023-09-11 14:16:00', '2023-09-11 14:16:00', '2023-09-11 14:16:00', 45.00, 45.00),
(47, '64fef78a4db3f', 300, '0', 8852, 49, 45.00, 0.00, 45.00, 1, 1, '2023-09-11 14:18:34', '2023-09-11 14:18:34', '2023-09-11 14:18:34', 45.00, 45.00),
(48, '64fef8e740504', 303, '0', 8852, 49, 45.00, 0.00, 45.00, 1, 1, '2023-09-11 14:24:23', '2023-09-11 14:24:23', '2023-09-11 14:24:23', 45.00, 45.00),
(49, '64fefabbc85ce', 304, '0', 8852, 49, 100.00, 0.00, 100.00, 1, 1, '2023-09-11 14:32:11', '2023-09-11 14:32:11', '2023-09-11 14:32:11', 90.00, 100.00),
(50, '64fefb1d0579a', 305, '0', 8852, 49, 100.00, 0.00, 100.00, 1, 1, '2023-09-11 14:33:49', '2023-09-11 14:33:49', '2023-09-11 14:33:49', 90.00, 100.00),
(51, '64fefb8213e86', 306, '0', 8852, 49, 100.00, 0.00, 100.00, 1, 1, '2023-09-11 14:35:30', '2023-09-11 14:35:30', '2023-09-11 14:35:30', 90.00, 100.00),
(52, '64fefc4e20447', 307, '0', 8852, 49, 40.00, 0.00, 40.00, 1, 1, '2023-09-11 14:38:54', '2023-09-11 14:38:54', '2023-09-11 14:38:54', 40.00, 40.00),
(53, '64fefd0676c6b', 310, '0', 8852, 49, 65.00, 0.00, 65.00, 1, 1, '2023-09-11 14:41:58', '2023-09-11 14:41:58', '2023-09-11 14:41:58', 65.00, 65.00),
(54, '64fefd737e579', 311, '0', 8852, 49, 65.00, 0.00, 65.00, 1, 1, '2023-09-11 14:43:47', '2023-09-11 14:43:47', '2023-09-11 14:43:47', 65.00, 65.00),
(55, '65006ba984791', 312, '0', 8847, 48, 990.00, 0.00, 990.00, 1, 3, '2023-09-12 16:46:17', '2023-09-12 16:46:17', '2023-09-12 16:46:17', 980.00, 990.00),
(56, '65006c0121704', 313, '0', 8847, 48, 220.00, 0.00, 220.00, 1, 1, '2023-09-12 16:47:45', '2023-09-12 16:47:45', '2023-09-12 16:47:45', 220.00, 220.00),
(57, '65015e6a7cf7b', 315, '0', 8847, 48, 990.00, 0.00, 990.00, 1, 3, '2023-09-13 10:02:02', '2023-09-13 10:02:02', '2023-09-13 10:02:02', 980.00, 990.00),
(58, '65015fb906730', 316, '0', 8851, 48, 2705.00, 0.00, 2705.00, 1, 5, '2023-09-13 10:07:37', '2023-09-13 10:07:37', '2023-09-13 10:07:37', 2569.75, 2705.00),
(59, '6501aae669d28', 331, '0', 8851, 48, 990.00, 0.00, 990.00, 1, 3, '2023-09-13 15:28:22', '2023-09-13 15:28:22', '2023-09-13 15:28:22', 940.50, 990.00),
(60, '6501cf51e25dc', 339, '0', 8851, 48, 3225.00, 0.00, 3225.00, 1, 8, '2023-09-13 18:03:45', '2023-09-13 18:03:45', '2023-09-13 18:03:45', 3063.75, 3225.00),
(61, '6501d08233342', 340, '0', 8847, 48, 1320.00, 0.00, 1320.00, 1, 4, '2023-09-13 18:08:50', '2023-09-13 18:08:50', '2023-09-13 18:08:50', 1310.00, 1320.00),
(62, '6501dbaf0a95a', 341, '0', 8847, 48, 325.00, 0.00, 325.00, 1, 3, '2023-09-13 18:56:31', '2023-09-13 18:56:31', '2023-09-13 18:56:31', 325.00, 325.00),
(63, '6501f946715dd', 344, '0', 8847, 48, 85.00, 0.00, 85.00, 1, 1, '2023-09-13 21:02:46', '2023-09-13 21:02:46', '2023-09-13 21:02:46', 85.00, 85.00),
(64, '6502b80768bb7', 345, '0', 8847, 48, 1220.00, 0.00, 1220.00, 1, 3, '2023-09-14 10:36:39', '2023-09-14 10:36:39', '2023-09-14 10:36:39', 1220.00, 1220.00),
(65, '6502b8f690556', 346, '0', 8851, 48, 790.00, 0.00, 790.00, 1, 2, '2023-09-14 10:40:38', '2023-09-14 10:40:38', '2023-09-14 10:40:38', 750.50, 790.00),
(66, '6502babf83cb5', 347, '0', 8847, 48, 315.00, 0.00, 315.00, 1, 4, '2023-09-14 10:48:15', '2023-09-14 10:48:15', '2023-09-14 10:48:15', 315.00, 315.00),
(67, '6502c25df1c22', 349, '0', 8847, 48, 465.00, 0.00, 465.00, 1, 4, '2023-09-14 11:20:45', '2023-09-14 11:20:45', '2023-09-14 11:20:45', 465.00, 465.00),
(68, '650aa5e01145c', 353, '0', 8852, 55, 1220.00, 0.00, 1220.00, 1, 3, '2023-09-20 10:57:20', '2023-09-20 10:57:20', '2023-09-20 10:57:20', 1220.00, 1220.00),
(69, '650c64af1628a', 357, '0', 8851, 48, 2285.00, 0.00, 2285.00, 1, 5, '2023-09-21 18:43:43', '2023-09-21 18:43:43', '2023-09-21 18:43:43', 2170.75, 2285.00),
(70, '6513d72ab5aa7', 372, '0', 8852, 117, 1220.00, 0.00, 1220.00, 1, 3, '2023-09-27 10:18:02', '2023-09-27 10:18:02', '2023-09-27 10:18:02', 1220.00, 1220.00),
(71, '6513d91f8d8fa', 373, '0', 8852, 117, 100.00, 0.00, 100.00, 1, 1, '2023-09-27 10:26:23', '2023-09-27 10:26:23', '2023-09-27 10:26:23', 90.00, 100.00),
(72, '651431408e5ce', 374, '0', 8852, 120, 2030.00, 0.00, 2030.00, 1, 12, '2023-09-27 16:42:24', '2023-09-27 16:42:24', '2023-09-27 16:42:24', 2020.00, 2030.00),
(73, '651431abdf2b5', 375, '0', 8852, 120, 10975.00, 0.00, 10975.00, 1, 27, '2023-09-27 16:44:11', '2023-09-27 16:44:11', '2023-09-27 16:44:11', 10518.50, 10975.00),
(74, '6514320b785a2', 376, '0', 8852, 120, 10975.00, 0.00, 10975.00, 1, 27, '2023-09-27 16:45:47', '2023-09-27 16:45:47', '2023-09-27 16:45:47', 10518.50, 10975.00),
(75, '651433463ed4b', 377, '0', 8852, 120, 275.00, 0.00, 275.00, 1, 2, '2023-09-27 16:51:02', '2023-09-27 16:51:02', '2023-09-27 16:51:02', 275.00, 275.00),
(76, '6515804c16ad2', 378, '0', 8852, 135, 1000.00, 0.00, 1000.00, 1, 2, '2023-09-28 16:31:56', '2023-09-28 16:31:56', '2023-09-28 16:31:56', 1000.00, 1000.00),
(77, '6515b3bf3ad33', 382, '0', 8852, 135, 1110.00, 0.00, 1110.00, 1, 3, '2023-09-28 20:11:27', '2023-09-28 20:11:27', '2023-09-28 20:11:27', 1110.00, 1110.00),
(78, '6515b877da100', 385, '0', 8852, 135, 920.00, 0.00, 920.00, 1, 2, '2023-09-28 20:31:35', '2023-09-28 20:31:35', '2023-09-28 20:31:35', 920.00, 920.00),
(79, '6515b8a728ee5', 386, '0', 8852, 135, 895.00, 0.00, 895.00, 1, 5, '2023-09-28 20:32:23', '2023-09-28 20:32:23', '2023-09-28 20:32:23', 885.00, 895.00),
(80, '6515b95adf3d4', 387, '0', 8852, 135, 250.00, 0.00, 250.00, 1, 3, '2023-09-28 20:35:22', '2023-09-28 20:35:22', '2023-09-28 20:35:22', 240.00, 250.00),
(81, '6515ba594771c', 388, '0', 8852, 135, 675.00, 0.00, 675.00, 1, 4, '2023-09-28 20:39:37', '2023-09-28 20:39:37', '2023-09-28 20:39:37', 665.00, 675.00),
(82, '6515bc0291d10', 390, '0', 8852, 135, 1950.00, 0.00, 1950.00, 1, 10, '2023-09-28 20:46:42', '2023-09-28 20:46:42', '2023-09-28 20:46:42', 1940.00, 1950.00),
(83, '6515bc3248706', 391, '0', 8852, 135, 1190.00, 0.00, 1190.00, 1, 3, '2023-09-28 20:47:30', '2023-09-28 20:47:30', '2023-09-28 20:47:30', 1190.00, 1190.00),
(84, '6515bc4f25cfb', 392, '0', 8852, 135, 1460.00, 0.00, 1460.00, 1, 6, '2023-09-28 20:47:59', '2023-09-28 20:47:59', '2023-09-28 20:47:59', 1450.00, 1460.00),
(85, '6515c043aa398', 393, '0', 8852, 138, 460.00, 0.00, 460.00, 1, 4, '2023-09-28 21:04:51', '2023-09-28 21:04:51', '2023-09-28 21:04:51', 450.00, 460.00),
(86, '65198588cff3b', 395, '0', 8849, 135, 40.00, 0.00, 40.00, 1, 1, '2023-10-01 17:43:20', '2023-10-01 17:43:20', '2023-10-01 17:43:20', 36.00, 40.00);

-- --------------------------------------------------------

--
-- Table structure for table `discountcard_otp_accounts`
--

CREATE TABLE `discountcard_otp_accounts` (
  `id` bigint UNSIGNED NOT NULL,
  `name` varchar(191) CHARACTER SET utf8mb4 COLLATE utf8mb4_unicode_ci DEFAULT NULL,
  `mobile` varchar(191) CHARACTER SET utf8mb4 COLLATE utf8mb4_unicode_ci NOT NULL,
  `package_id` tinyint DEFAULT NULL,
  `type_id` tinyint DEFAULT NULL,
  `verified_at` timestamp NULL DEFAULT NULL,
  `otp_code` varchar(191) CHARACTER SET utf8mb4 COLLATE utf8mb4_unicode_ci NOT NULL,
  `expire_date` varchar(255) COLLATE utf8mb4_unicode_ci DEFAULT NULL,
  `created_at` timestamp NULL DEFAULT NULL,
  `updated_at` timestamp NULL DEFAULT NULL
) ENGINE=InnoDB DEFAULT CHARSET=utf8mb4 COLLATE=utf8mb4_unicode_ci;

--
-- Dumping data for table `discountcard_otp_accounts`
--

INSERT INTO `discountcard_otp_accounts` (`id`, `name`, `mobile`, `package_id`, `type_id`, `verified_at`, `otp_code`, `expire_date`, `created_at`, `updated_at`) VALUES
(1, 'anas', '+201277112438', 1, 1, '2023-09-11 15:46:50', '1234', NULL, NULL, '2023-09-11 15:46:50'),
(2, 'ibrahim', '01202851774', 1, 3, '2023-05-22 10:02:21', '0000', '2023-09-27 22:09:39', NULL, '2023-09-27 21:59:39'),
(3, NULL, '01202648110', NULL, NULL, NULL, '0000', NULL, '2023-09-24 13:29:56', '2023-09-24 13:29:56'),
(4, NULL, '01202857990', NULL, NULL, NULL, '0000', NULL, '2023-09-24 13:32:13', '2023-09-24 13:32:13'),
(5, NULL, '01103510225', NULL, NULL, '2023-09-24 13:45:16', '0000', '2023-09-24 13:55:09', '2023-09-24 13:44:04', '2023-09-24 13:45:16'),
(6, NULL, '01203985221', NULL, NULL, '2023-09-24 13:49:57', '0000', '2023-09-24 13:59:51', '2023-09-24 13:49:51', '2023-09-24 13:49:57'),
(7, NULL, '01111650397', NULL, NULL, '2023-09-24 16:25:12', '0000', '2023-09-24 16:33:03', '2023-09-24 16:23:03', '2023-09-24 16:25:12'),
(8, NULL, '01202861002', NULL, NULL, '2023-09-26 17:33:51', '0000', '2023-09-26 17:44:13', '2023-09-26 17:29:42', '2023-09-26 17:34:13'),
(9, NULL, '01202710885', NULL, NULL, '2023-09-26 17:36:14', '0000', '2023-09-26 17:49:05', '2023-09-26 17:36:02', '2023-09-26 17:39:05'),
(10, NULL, '01202700995', NULL, NULL, '2023-09-26 17:39:42', '0000', '2023-09-26 17:49:40', '2023-09-26 17:39:40', '2023-09-26 17:39:42'),
(11, NULL, '01202700990', NULL, NULL, '2023-09-26 17:43:33', '0000', '2023-09-26 17:53:26', '2023-09-26 17:43:26', '2023-09-26 17:43:33'),
(12, NULL, '01202700991', NULL, NULL, '2023-09-26 17:43:49', '0000', '2023-09-26 17:53:48', '2023-09-26 17:43:48', '2023-09-26 17:43:49'),
(13, NULL, '01002851774', NULL, NULL, '2023-09-26 17:57:06', '0000', '2023-09-26 18:12:27', '2023-09-26 17:56:57', '2023-09-26 18:02:27'),
(14, NULL, '01002851770', NULL, NULL, '2023-09-26 18:16:38', '0000', '2023-09-26 18:26:36', '2023-09-26 18:16:36', '2023-09-26 18:16:38'),
(15, NULL, '01202851771', NULL, NULL, '2023-09-26 19:30:54', '0000', '2023-09-26 19:59:12', '2023-09-26 19:30:46', '2023-09-26 19:49:12'),
(16, NULL, '01202851777', NULL, NULL, '2023-09-26 19:31:12', '0000', '2023-09-26 19:41:09', '2023-09-26 19:31:09', '2023-09-26 19:31:12'),
(17, NULL, '01202851722', NULL, NULL, NULL, '0000', '2023-09-26 20:01:22', '2023-09-26 19:49:18', '2023-09-26 19:51:22'),
(18, NULL, '01202851000', NULL, NULL, '2023-09-26 19:55:01', '0000', '2023-09-26 20:04:55', '2023-09-26 19:54:55', '2023-09-26 19:55:01'),
(19, NULL, '01000000000', NULL, NULL, '2023-09-26 20:16:34', '0000', '2023-09-26 20:26:25', '2023-09-26 20:16:25', '2023-09-26 20:16:34'),
(20, NULL, '01000000001', NULL, NULL, '2023-09-26 21:25:32', '0000', '2023-09-26 21:35:29', '2023-09-26 21:25:29', '2023-09-26 21:25:32'),
(21, NULL, '01113212966', NULL, NULL, '2023-09-26 22:13:06', '0000', '2023-09-26 22:22:46', '2023-09-26 22:12:46', '2023-09-26 22:13:06'),
(22, NULL, '01235647890', NULL, NULL, '2023-09-27 10:08:12', '0000', '2023-09-27 10:17:26', '2023-09-27 10:07:26', '2023-09-27 10:08:12'),
(23, NULL, '01008855791', NULL, NULL, '2023-09-27 11:06:47', '0000', '2023-09-27 11:13:53', '2023-09-27 11:03:53', '2023-09-27 11:06:47'),
(24, NULL, '01008811415', NULL, NULL, '2023-09-27 11:18:25', '0000', '2023-09-27 11:28:19', '2023-09-27 11:18:19', '2023-09-27 11:18:25'),
(25, NULL, '01203984115', NULL, NULL, '2023-09-27 16:04:25', '0000', '2023-09-27 16:14:19', '2023-09-27 16:04:19', '2023-09-27 16:04:25'),
(26, NULL, '01234569875', NULL, NULL, '2023-09-27 16:04:54', '0000', '2023-09-27 16:14:45', '2023-09-27 16:04:45', '2023-09-27 16:04:54'),
(27, NULL, '01209871226', NULL, NULL, '2023-09-27 16:11:34', '0000', '2023-09-27 16:21:28', '2023-09-27 16:11:28', '2023-09-27 16:11:34'),
(28, NULL, '01202891220', NULL, NULL, '2023-09-27 16:20:34', '0000', '2023-09-27 16:30:31', '2023-09-27 16:20:31', '2023-09-27 16:20:34'),
(29, NULL, '01202897442', NULL, NULL, '2023-09-27 16:32:02', '0000', '2023-09-27 16:42:01', '2023-09-27 16:32:01', '2023-09-27 16:32:02'),
(30, NULL, '01232894771', NULL, NULL, '2023-09-27 16:38:38', '0000', '2023-09-27 16:48:36', '2023-09-27 16:38:36', '2023-09-27 16:38:38'),
(31, NULL, '01202807995', NULL, NULL, '2023-09-27 16:53:27', '0000', '2023-09-27 17:03:25', '2023-09-27 16:53:25', '2023-09-27 16:53:27'),
(32, NULL, '01202888888', NULL, NULL, NULL, '0000', '2023-09-27 21:38:05', '2023-09-27 21:28:05', '2023-09-27 21:28:05'),
(33, NULL, '01202870000', NULL, NULL, '2023-09-27 21:52:19', '0000', '2023-09-27 22:10:48', '2023-09-27 21:33:31', '2023-09-27 22:00:48'),
(34, NULL, '01202870001', NULL, NULL, '2023-09-27 21:59:14', '0000', '2023-09-27 22:10:44', '2023-09-27 21:58:39', '2023-09-27 22:00:44'),
(35, NULL, '01202831880', NULL, NULL, '2023-09-27 22:01:35', '0000', '2023-09-27 22:11:03', '2023-09-27 22:01:03', '2023-09-27 22:01:35'),
(36, NULL, '01202831888', NULL, NULL, '2023-09-27 22:01:52', '0000', '2023-09-27 22:11:41', '2023-09-27 22:01:41', '2023-09-27 22:01:52'),
(37, NULL, '01202851990', NULL, NULL, NULL, '0000', '2023-09-27 23:09:47', '2023-09-27 22:59:27', '2023-09-27 22:59:47'),
(38, NULL, '01202851227', NULL, NULL, '2023-09-27 23:02:37', '0000', '2023-09-27 23:13:39', '2023-09-27 23:02:34', '2023-09-27 23:03:39'),
(39, NULL, '01202837441', NULL, NULL, '2023-09-27 23:07:27', '0000', '2023-09-27 23:17:24', '2023-09-27 23:07:24', '2023-09-27 23:07:27'),
(40, NULL, '01202866666', NULL, NULL, '2023-09-27 23:35:07', '0000', '2023-09-27 23:44:52', '2023-09-27 23:34:52', '2023-09-27 23:35:07'),
(41, NULL, '01202866667', NULL, NULL, '2023-09-27 23:37:21', '0000', '2023-09-27 23:47:15', '2023-09-27 23:37:15', '2023-09-27 23:37:21'),
(42, NULL, '01202041775', NULL, NULL, '2023-09-27 23:51:41', '0000', '2023-09-28 00:01:34', '2023-09-27 23:51:34', '2023-09-27 23:51:41'),
(43, NULL, '01202851336', NULL, NULL, '2023-09-28 00:11:13', '0000', '2023-09-28 00:21:00', '2023-09-28 00:11:00', '2023-09-28 00:11:13'),
(44, NULL, '01102851774', NULL, NULL, '2023-09-28 00:15:26', '0000', '2023-09-28 00:25:17', '2023-09-28 00:15:17', '2023-09-28 00:15:26'),
(45, NULL, '01102851770', NULL, NULL, '2023-09-28 00:17:53', '0000', '2023-09-28 00:27:47', '2023-09-28 00:17:47', '2023-09-28 00:17:53'),
(46, NULL, '01236549871', NULL, NULL, '2023-09-28 01:09:04', '0000', '2023-09-28 01:18:57', '2023-09-28 01:08:57', '2023-09-28 01:09:04'),
(47, NULL, '01201251774', NULL, NULL, '2023-09-28 11:10:41', '0000', '2023-09-28 11:20:38', '2023-09-28 11:10:38', '2023-09-28 11:10:41'),
(48, NULL, '01202851330', NULL, NULL, '2023-09-28 12:12:19', '0000', '2023-09-28 12:22:17', '2023-09-28 12:12:17', '2023-09-28 12:12:19'),
(49, NULL, '01202851333', NULL, NULL, '2023-09-28 12:24:51', '0000', '2023-09-28 12:34:43', '2023-09-28 12:24:43', '2023-09-28 12:24:51'),
(50, NULL, '01456327890', NULL, NULL, '2023-09-28 17:02:37', '0000', '2023-09-28 17:12:30', '2023-09-28 17:02:30', '2023-09-28 17:02:37'),
(51, NULL, '01223212321', NULL, NULL, '2023-09-28 17:07:03', '0000', '2023-09-28 17:16:57', '2023-09-28 17:06:57', '2023-09-28 17:07:03'),
(52, NULL, '01002851777', NULL, NULL, '2023-09-28 20:56:04', '0000', '2023-09-28 21:05:56', '2023-09-28 20:55:39', '2023-09-28 20:56:04'),
(53, NULL, '01326547890', NULL, NULL, '2023-09-28 21:17:06', '0000', '2023-09-28 21:27:03', '2023-09-28 21:17:03', '2023-09-28 21:17:06'),
(54, NULL, '01325649870', NULL, NULL, '2023-09-30 22:56:12', '0000', '2023-09-30 23:06:09', '2023-09-30 22:56:09', '2023-09-30 22:56:12'),
(55, NULL, '01202541334', NULL, NULL, '2023-10-01 11:15:26', '0000', '2023-10-01 11:24:54', '2023-10-01 11:14:54', '2023-10-01 11:15:26'),
(56, NULL, '01202855550', NULL, NULL, '2023-10-01 11:47:29', '0000', '2023-10-01 11:57:27', '2023-10-01 11:47:27', '2023-10-01 11:47:29'),
(57, NULL, '01008855646', NULL, NULL, '2023-10-01 11:53:05', '0000', '2023-10-01 12:02:59', '2023-10-01 11:52:59', '2023-10-01 11:53:05'),
(58, NULL, '01225803697', NULL, NULL, '2023-10-01 12:00:27', '0000', '2023-10-01 12:10:15', '2023-10-01 12:00:15', '2023-10-01 12:00:27'),
(59, NULL, '01208851774', NULL, NULL, '2023-10-01 12:19:38', '0000', '2023-10-01 12:29:34', '2023-10-01 12:19:34', '2023-10-01 12:19:38'),
(60, NULL, '01288401433', NULL, NULL, '2023-10-01 14:17:41', '0000', '2023-10-01 14:27:37', '2023-10-01 14:17:37', '2023-10-01 14:17:41'),
(61, NULL, '01008866730', NULL, NULL, NULL, '0000', '2023-10-01 14:32:48', '2023-10-01 14:22:48', '2023-10-01 14:22:48'),
(62, NULL, '01202051444', NULL, NULL, '2023-10-01 18:53:11', '0000', '2023-10-01 19:03:09', '2023-10-01 18:53:09', '2023-10-01 18:53:11'),
(63, NULL, '01452369875', NULL, NULL, '2023-10-01 20:46:33', '0000', '2023-10-01 20:56:29', '2023-10-01 20:46:29', '2023-10-01 20:46:33');

-- --------------------------------------------------------

--
-- Table structure for table `discountcard_paymob_orders`
--

CREATE TABLE `discountcard_paymob_orders` (
  `id` bigint UNSIGNED NOT NULL,
  `order_id` varchar(191) CHARACTER SET utf8mb4 COLLATE utf8mb4_unicode_ci NOT NULL,
  `order_data` json NOT NULL,
  `first_name` varchar(191) CHARACTER SET utf8mb4 COLLATE utf8mb4_unicode_ci NOT NULL,
  `last_name` varchar(191) CHARACTER SET utf8mb4 COLLATE utf8mb4_unicode_ci NOT NULL,
  `email` varchar(191) CHARACTER SET utf8mb4 COLLATE utf8mb4_unicode_ci NOT NULL,
  `password` varchar(191) CHARACTER SET utf8mb4 COLLATE utf8mb4_unicode_ci NOT NULL,
  `type_id` int NOT NULL,
  `package_id` int NOT NULL,
  `created_at` timestamp NULL DEFAULT NULL,
  `updated_at` timestamp NULL DEFAULT NULL
) ENGINE=InnoDB DEFAULT CHARSET=utf8mb4 COLLATE=utf8mb4_unicode_ci;

--
-- Dumping data for table `discountcard_paymob_orders`
--

INSERT INTO `discountcard_paymob_orders` (`id`, `order_id`, `order_data`, `first_name`, `last_name`, `email`, `password`, `type_id`, `package_id`, `created_at`, `updated_at`) VALUES
(26, '112626372', '{\"id\": 112626372, \"url\": \"https://accept.paymob.com/standalone/?ref=i_LRR2YTFRTDViSlVnRWUzWkdJMFZsMUtPUT09X082aGRvTmlsQm9aVC9COWY3K1JGalE9PQ\", \"data\": {}, \"items\": [], \"token\": \"LRR2YTFRTDViSlVnRWUzWkdJMFZsMUtPUT09X082aGRvTmlsQm9aVC9COWY3K1JGalE9PQ\", \"currency\": \"EGP\", \"merchant\": {\"id\": 735052, \"city\": \"Cairo\", \"state\": \"\", \"phones\": [\"+201033971192\"], \"street\": \"\", \"country\": \"EGY\", \"created_at\": \"2023-04-02T10:15:01.348721\", \"postal_code\": \"\", \"company_name\": \"ASTRA TECH\", \"company_emails\": [\"support@astra-tech.net\"]}, \"collector\": null, \"is_cancel\": false, \"is_return\": false, \"order_url\": \"https://accept.paymob.com/standalone/?ref=i_LRR2YTFRTDViSlVnRWUzWkdJMFZsMUtPUT09X082aGRvTmlsQm9aVC9COWY3K1JGalE9PQ\", \"api_source\": \"OTHER\", \"created_at\": \"2023-04-06T14:11:23.804884\", \"is_canceled\": false, \"is_returned\": false, \"amount_cents\": 100, \"shipping_data\": null, \"payment_method\": \"tbc\", \"commission_fees\": 0, \"delivery_needed\": false, \"is_payment_locked\": false, \"merchant_order_id\": null, \"paid_amount_cents\": 0, \"delivery_vat_cents\": 0, \"merchant_staff_tag\": null, \"delivery_fees_cents\": 0, \"wallet_notification\": null, \"notify_user_with_email\": false}', 'First', 'Last', 'first@last.com', '12345678', 1, 1, '2023-04-06 12:11:23', '2023-04-06 12:11:23'),
(27, '112627158', '{\"id\": 112627158, \"url\": \"https://accept.paymob.com/standalone/?ref=i_LRR2T0VSOUxUQk9DZTc5bVNlM2pPR08yQT09X3cySS9MK1ZGMDR6R1JoKzYwREM0MUE9PQ\", \"data\": {}, \"items\": [], \"token\": \"LRR2T0VSOUxUQk9DZTc5bVNlM2pPR08yQT09X3cySS9MK1ZGMDR6R1JoKzYwREM0MUE9PQ\", \"currency\": \"EGP\", \"merchant\": {\"id\": 735052, \"city\": \"Cairo\", \"state\": \"\", \"phones\": [\"+201033971192\"], \"street\": \"\", \"country\": \"EGY\", \"created_at\": \"2023-04-02T10:15:01.348721\", \"postal_code\": \"\", \"company_name\": \"ASTRA TECH\", \"company_emails\": [\"support@astra-tech.net\"]}, \"collector\": null, \"is_cancel\": false, \"is_return\": false, \"order_url\": \"https://accept.paymob.com/standalone/?ref=i_LRR2T0VSOUxUQk9DZTc5bVNlM2pPR08yQT09X3cySS9MK1ZGMDR6R1JoKzYwREM0MUE9PQ\", \"api_source\": \"OTHER\", \"created_at\": \"2023-04-06T14:15:07.764983\", \"is_canceled\": false, \"is_returned\": false, \"amount_cents\": 20000, \"shipping_data\": null, \"payment_method\": \"tbc\", \"commission_fees\": 0, \"delivery_needed\": false, \"is_payment_locked\": false, \"merchant_order_id\": null, \"paid_amount_cents\": 0, \"delivery_vat_cents\": 0, \"merchant_staff_tag\": null, \"delivery_fees_cents\": 0, \"wallet_notification\": null, \"notify_user_with_email\": false}', 'Second', 'second', 'second@email.com', '12345678', 1, 2, '2023-04-06 12:15:07', '2023-04-06 12:15:07'),
(28, '112630509', '{\"id\": 112630509, \"url\": \"https://accept.paymob.com/standalone/?ref=i_LRR2WE42bWk4cnN1dUF2Z3JXYkJ2YldaZz09X0FBU3lGSk1hV05iNFYxVlRlUGRJcWc9PQ\", \"data\": {}, \"items\": [], \"token\": \"LRR2WE42bWk4cnN1dUF2Z3JXYkJ2YldaZz09X0FBU3lGSk1hV05iNFYxVlRlUGRJcWc9PQ\", \"currency\": \"EGP\", \"merchant\": {\"id\": 735052, \"city\": \"Cairo\", \"state\": \"\", \"phones\": [\"+201033971192\"], \"street\": \"\", \"country\": \"EGY\", \"created_at\": \"2023-04-02T10:15:01.348721\", \"postal_code\": \"\", \"company_name\": \"ASTRA TECH\", \"company_emails\": [\"support@astra-tech.net\"]}, \"collector\": null, \"is_cancel\": false, \"is_return\": false, \"order_url\": \"https://accept.paymob.com/standalone/?ref=i_LRR2WE42bWk4cnN1dUF2Z3JXYkJ2YldaZz09X0FBU3lGSk1hV05iNFYxVlRlUGRJcWc9PQ\", \"api_source\": \"OTHER\", \"created_at\": \"2023-04-06T14:27:39.071836\", \"is_canceled\": false, \"is_returned\": false, \"amount_cents\": 20000, \"shipping_data\": null, \"payment_method\": \"tbc\", \"commission_fees\": 0, \"delivery_needed\": false, \"is_payment_locked\": false, \"merchant_order_id\": null, \"paid_amount_cents\": 0, \"delivery_vat_cents\": 0, \"merchant_staff_tag\": null, \"delivery_fees_cents\": 0, \"wallet_notification\": null, \"notify_user_with_email\": false}', 'Clementine', 'Garrett', 'soqyvip@mailinator.com', 'soqyvip@mailinator.com', 1, 2, '2023-04-06 12:27:39', '2023-04-06 12:27:39'),
(29, '113304973', '{\"id\": 113304973, \"url\": \"https://accept.paymob.com/standalone/?ref=i_LRR2dGpKdVNSSU8zSWhQV0ZZMEsxTHJhQT09Xzg2eHRCYmJsYXRkdkxqNkxFZ0FoL0E9PQ\", \"data\": {}, \"items\": [], \"token\": \"LRR2dGpKdVNSSU8zSWhQV0ZZMEsxTHJhQT09Xzg2eHRCYmJsYXRkdkxqNkxFZ0FoL0E9PQ\", \"currency\": \"EGP\", \"merchant\": {\"id\": 735052, \"city\": \"Cairo\", \"state\": \"\", \"phones\": [\"+201033971192\"], \"street\": \"\", \"country\": \"EGY\", \"created_at\": \"2023-04-02T10:15:01.348721\", \"postal_code\": \"\", \"company_name\": \"ASTRA TECH\", \"company_emails\": [\"support@astra-tech.net\"]}, \"collector\": null, \"is_cancel\": false, \"is_return\": false, \"order_url\": \"https://accept.paymob.com/standalone/?ref=i_LRR2dGpKdVNSSU8zSWhQV0ZZMEsxTHJhQT09Xzg2eHRCYmJsYXRkdkxqNkxFZ0FoL0E9PQ\", \"api_source\": \"OTHER\", \"created_at\": \"2023-04-09T11:31:17.852327\", \"is_canceled\": false, \"is_returned\": false, \"amount_cents\": 10000, \"shipping_data\": null, \"payment_method\": \"tbc\", \"commission_fees\": 0, \"delivery_needed\": false, \"is_payment_locked\": false, \"merchant_order_id\": null, \"paid_amount_cents\": 0, \"delivery_vat_cents\": 0, \"merchant_staff_tag\": null, \"delivery_fees_cents\": 0, \"wallet_notification\": null, \"notify_user_with_email\": false}', 'Jenette', 'Wheeler', 'mosu@mailinator.com', 'mosu@mailinator.com', 1, 1, '2023-04-09 09:31:17', '2023-04-09 09:31:17'),
(30, '117280323', '{\"id\": 117280323, \"url\": \"https://accept.paymob.com/standalone/?ref=i_LRR2SWx5TjVLYXlONGhPNnFJbi9WQnk0QT09XzErRHBiemNsK3RoY294QXc0Ylo1S0E9PQ\", \"data\": {}, \"items\": [], \"token\": \"LRR2SWx5TjVLYXlONGhPNnFJbi9WQnk0QT09XzErRHBiemNsK3RoY294QXc0Ylo1S0E9PQ\", \"currency\": \"EGP\", \"merchant\": {\"id\": 735052, \"city\": \"Cairo\", \"state\": \"\", \"phones\": [\"+201033971192\"], \"street\": \"\", \"country\": \"EGY\", \"created_at\": \"2023-04-02T10:15:01.348721\", \"postal_code\": \"\", \"company_name\": \"ASTRA TECH\", \"company_emails\": [\"support@astra-tech.net\"]}, \"collector\": null, \"is_cancel\": false, \"is_return\": false, \"order_url\": \"https://accept.paymob.com/standalone/?ref=i_LRR2SWx5TjVLYXlONGhPNnFJbi9WQnk0QT09XzErRHBiemNsK3RoY294QXc0Ylo1S0E9PQ\", \"api_source\": \"OTHER\", \"created_at\": \"2023-04-25T18:21:40.826250\", \"is_canceled\": false, \"is_returned\": false, \"amount_cents\": 40000, \"shipping_data\": null, \"payment_method\": \"tbc\", \"commission_fees\": 0, \"delivery_needed\": false, \"is_payment_locked\": false, \"merchant_order_id\": null, \"paid_amount_cents\": 0, \"delivery_vat_cents\": 0, \"merchant_staff_tag\": null, \"delivery_fees_cents\": 0, \"wallet_notification\": null, \"notify_user_with_email\": false}', 'Fredericka', 'Williamson', 'qepimozyba@mailinator.com', 'Pa$$w0rd!', 3, 4, '2023-04-25 16:21:40', '2023-04-25 16:21:40'),
(31, '126706582', '{\"id\": 126706582, \"url\": \"https://accept.paymob.com/standalone/?ref=i_LRR2UVlDYXhpZlFRRS81cVZWbDJFU0FkUT09XzZHMmU5dHRoQ0x4YmNpVmxuWEpLVmc9PQ\", \"data\": {}, \"items\": [], \"token\": \"LRR2UVlDYXhpZlFRRS81cVZWbDJFU0FkUT09XzZHMmU5dHRoQ0x4YmNpVmxuWEpLVmc9PQ\", \"currency\": \"EGP\", \"merchant\": {\"id\": 735052, \"city\": \"Cairo\", \"state\": \"\", \"phones\": [\"+201033971192\"], \"street\": \"\", \"country\": \"EGY\", \"created_at\": \"2023-04-02T11:15:01.348721\", \"postal_code\": \"\", \"company_name\": \"ASTRA TECH\", \"company_emails\": [\"support@astra-tech.net\"]}, \"collector\": null, \"is_cancel\": false, \"is_return\": false, \"order_url\": \"https://accept.paymob.com/standalone/?ref=i_LRR2UVlDYXhpZlFRRS81cVZWbDJFU0FkUT09XzZHMmU5dHRoQ0x4YmNpVmxuWEpLVmc9PQ\", \"api_source\": \"OTHER\", \"created_at\": \"2023-06-04T12:15:47.178986\", \"is_canceled\": false, \"is_returned\": false, \"amount_cents\": 20000, \"shipping_data\": null, \"payment_method\": \"tbc\", \"commission_fees\": 0, \"delivery_needed\": false, \"is_payment_locked\": false, \"merchant_order_id\": null, \"paid_amount_cents\": 0, \"delivery_vat_cents\": 0, \"merchant_staff_tag\": null, \"delivery_fees_cents\": 0, \"wallet_notification\": null, \"notify_user_with_email\": false}', 'ASA', 'FDFDF', 'AA@WW.com', '12345678', 1, 2, '2023-06-04 09:15:47', '2023-06-04 09:15:47'),
(32, '126707105', '{\"id\": 126707105, \"url\": \"https://accept.paymob.com/standalone/?ref=i_LRR2TUpTWHp0QnRaSnFETE9zaUs5ZjN5QT09X211djE0NG5UVjMzT1I1bXZnanFnUVE9PQ\", \"data\": {}, \"items\": [], \"token\": \"LRR2TUpTWHp0QnRaSnFETE9zaUs5ZjN5QT09X211djE0NG5UVjMzT1I1bXZnanFnUVE9PQ\", \"currency\": \"EGP\", \"merchant\": {\"id\": 735052, \"city\": \"Cairo\", \"state\": \"\", \"phones\": [\"+201033971192\"], \"street\": \"\", \"country\": \"EGY\", \"created_at\": \"2023-04-02T11:15:01.348721\", \"postal_code\": \"\", \"company_name\": \"ASTRA TECH\", \"company_emails\": [\"support@astra-tech.net\"]}, \"collector\": null, \"is_cancel\": false, \"is_return\": false, \"order_url\": \"https://accept.paymob.com/standalone/?ref=i_LRR2TUpTWHp0QnRaSnFETE9zaUs5ZjN5QT09X211djE0NG5UVjMzT1I1bXZnanFnUVE9PQ\", \"api_source\": \"OTHER\", \"created_at\": \"2023-06-04T12:18:56.364835\", \"is_canceled\": false, \"is_returned\": false, \"amount_cents\": 10000, \"shipping_data\": null, \"payment_method\": \"tbc\", \"commission_fees\": 0, \"delivery_needed\": false, \"is_payment_locked\": false, \"merchant_order_id\": null, \"paid_amount_cents\": 0, \"delivery_vat_cents\": 0, \"merchant_staff_tag\": null, \"delivery_fees_cents\": 0, \"wallet_notification\": null, \"notify_user_with_email\": false}', 'aa', 'bb', 'qq@dd.com', '12345678', 1, 1, '2023-06-04 09:18:56', '2023-06-04 09:18:56'),
(33, '146225270', '{\"id\": 146225270, \"url\": \"https://accept.paymob.com/standalone/?ref=i_LRR2WUpvNXU3Y1FiT1ZIcW1XR01hR2NZdz09XzlBU2JMbFBvSjlQSk1hSWRob2F5VWc9PQ\", \"data\": {}, \"items\": [], \"token\": \"LRR2WUpvNXU3Y1FiT1ZIcW1XR01hR2NZdz09XzlBU2JMbFBvSjlQSk1hSWRob2F5VWc9PQ\", \"currency\": \"EGP\", \"merchant\": {\"id\": 735052, \"city\": \"Cairo\", \"state\": \"\", \"phones\": [\"+201033971192\"], \"street\": \"\", \"country\": \"EGY\", \"created_at\": \"2023-04-02T11:15:01.348721\", \"postal_code\": \"\", \"company_name\": \"ASTRA TECH\", \"company_emails\": [\"support@astra-tech.net\"]}, \"collector\": null, \"is_cancel\": false, \"is_return\": false, \"order_url\": \"https://accept.paymob.com/standalone/?ref=i_LRR2WUpvNXU3Y1FiT1ZIcW1XR01hR2NZdz09XzlBU2JMbFBvSjlQSk1hSWRob2F5VWc9PQ\", \"api_source\": \"OTHER\", \"created_at\": \"2023-08-27T12:29:55.850784\", \"is_canceled\": false, \"is_returned\": false, \"amount_cents\": 10000, \"shipping_data\": null, \"payment_method\": \"tbc\", \"commission_fees\": 0, \"delivery_needed\": false, \"is_payment_locked\": false, \"merchant_order_id\": null, \"paid_amount_cents\": 0, \"delivery_vat_cents\": 0, \"merchant_staff_tag\": null, \"delivery_fees_cents\": 0, \"wallet_notification\": null, \"notify_user_with_email\": false}', 'sasa', 'fgfgf', 'sdf@email.com', '123456789', 1, 1, '2023-08-27 12:29:55', '2023-08-27 12:29:55'),
(34, '146236433', '{\"id\": 146236433, \"url\": \"https://accept.paymob.com/standalone/?ref=i_LRR2bWpMNXRyQzFqRTZWTWZra0JjOVBWdz09X29Wb0lrWWdQNTJ1M01KTjNQTXdqbkE9PQ\", \"data\": {}, \"items\": [], \"token\": \"LRR2bWpMNXRyQzFqRTZWTWZra0JjOVBWdz09X29Wb0lrWWdQNTJ1M01KTjNQTXdqbkE9PQ\", \"currency\": \"EGP\", \"merchant\": {\"id\": 735052, \"city\": \"Cairo\", \"state\": \"\", \"phones\": [\"+201033971192\"], \"street\": \"\", \"country\": \"EGY\", \"created_at\": \"2023-04-02T11:15:01.348721\", \"postal_code\": \"\", \"company_name\": \"ASTRA TECH\", \"company_emails\": [\"support@astra-tech.net\"]}, \"collector\": null, \"is_cancel\": false, \"is_return\": false, \"order_url\": \"https://accept.paymob.com/standalone/?ref=i_LRR2bWpMNXRyQzFqRTZWTWZra0JjOVBWdz09X29Wb0lrWWdQNTJ1M01KTjNQTXdqbkE9PQ\", \"api_source\": \"OTHER\", \"created_at\": \"2023-08-27T13:39:19.334342\", \"is_canceled\": false, \"is_returned\": false, \"amount_cents\": 20000, \"shipping_data\": null, \"payment_method\": \"tbc\", \"commission_fees\": 0, \"delivery_needed\": false, \"is_payment_locked\": false, \"merchant_order_id\": null, \"paid_amount_cents\": 0, \"delivery_vat_cents\": 0, \"merchant_staff_tag\": null, \"delivery_fees_cents\": 0, \"wallet_notification\": null, \"notify_user_with_email\": false}', 'gjfg', 'fhdf', 'srg@sa.ck', '12345678', 1, 2, '2023-08-27 13:39:19', '2023-08-27 13:39:19'),
(35, '146236938', '{\"id\": 146236938, \"url\": \"https://accept.paymob.com/standalone/?ref=i_LRR2YUR1Q2V6Qll1bk9ybW0wL0s1Qy9tQT09X2ZqZEUzQWYwYTJkeERsc1dCWXo3aUE9PQ\", \"data\": {}, \"items\": [], \"token\": \"LRR2YUR1Q2V6Qll1bk9ybW0wL0s1Qy9tQT09X2ZqZEUzQWYwYTJkeERsc1dCWXo3aUE9PQ\", \"currency\": \"EGP\", \"merchant\": {\"id\": 735052, \"city\": \"Cairo\", \"state\": \"\", \"phones\": [\"+201033971192\"], \"street\": \"\", \"country\": \"EGY\", \"created_at\": \"2023-04-02T11:15:01.348721\", \"postal_code\": \"\", \"company_name\": \"ASTRA TECH\", \"company_emails\": [\"support@astra-tech.net\"]}, \"collector\": null, \"is_cancel\": false, \"is_return\": false, \"order_url\": \"https://accept.paymob.com/standalone/?ref=i_LRR2YUR1Q2V6Qll1bk9ybW0wL0s1Qy9tQT09X2ZqZEUzQWYwYTJkeERsc1dCWXo3aUE9PQ\", \"api_source\": \"OTHER\", \"created_at\": \"2023-08-27T13:42:03.196209\", \"is_canceled\": false, \"is_returned\": false, \"amount_cents\": 20000, \"shipping_data\": null, \"payment_method\": \"tbc\", \"commission_fees\": 0, \"delivery_needed\": false, \"is_payment_locked\": false, \"merchant_order_id\": null, \"paid_amount_cents\": 0, \"delivery_vat_cents\": 0, \"merchant_staff_tag\": null, \"delivery_fees_cents\": 0, \"wallet_notification\": null, \"notify_user_with_email\": false}', 'gfhfgh', 'tert', 'hngh@sasd.com', '12345678', 1, 2, '2023-08-27 13:42:03', '2023-08-27 13:42:03'),
(36, '146238421', '{\"id\": 146238421, \"url\": \"https://accept.paymob.com/standalone/?ref=i_LRR2STNvOHFtMjYrVXZMNjVLSkJJUm1zZz09XzJHZXVUSXp1V1pMZDVCcmRZSWFnbmc9PQ\", \"data\": {}, \"items\": [], \"token\": \"LRR2STNvOHFtMjYrVXZMNjVLSkJJUm1zZz09XzJHZXVUSXp1V1pMZDVCcmRZSWFnbmc9PQ\", \"currency\": \"EGP\", \"merchant\": {\"id\": 735052, \"city\": \"Cairo\", \"state\": \"\", \"phones\": [\"+201033971192\"], \"street\": \"\", \"country\": \"EGY\", \"created_at\": \"2023-04-02T11:15:01.348721\", \"postal_code\": \"\", \"company_name\": \"ASTRA TECH\", \"company_emails\": [\"support@astra-tech.net\"]}, \"collector\": null, \"is_cancel\": false, \"is_return\": false, \"order_url\": \"https://accept.paymob.com/standalone/?ref=i_LRR2STNvOHFtMjYrVXZMNjVLSkJJUm1zZz09XzJHZXVUSXp1V1pMZDVCcmRZSWFnbmc9PQ\", \"api_source\": \"OTHER\", \"created_at\": \"2023-08-27T13:49:05.276313\", \"is_canceled\": false, \"is_returned\": false, \"amount_cents\": 20000, \"shipping_data\": null, \"payment_method\": \"tbc\", \"commission_fees\": 0, \"delivery_needed\": false, \"is_payment_locked\": false, \"merchant_order_id\": null, \"paid_amount_cents\": 0, \"delivery_vat_cents\": 0, \"merchant_staff_tag\": null, \"delivery_fees_cents\": 0, \"wallet_notification\": null, \"notify_user_with_email\": false}', 'gdfgfd', 'gfjf', 'sdf@lsjd.com', '12345678', 1, 2, '2023-08-27 13:49:05', '2023-08-27 13:49:05'),
(37, '150270507', '{\"id\": 150270507, \"url\": \"https://accept.paymob.com/standalone/?ref=i_LRR2Q1RiY1JUZGNodnpVdzg4UE1mNkpNZz09XzdVeXNaODFzcWtxeG82bzNkVlVxc2c9PQ\", \"data\": {}, \"items\": [], \"token\": \"LRR2Q1RiY1JUZGNodnpVdzg4UE1mNkpNZz09XzdVeXNaODFzcWtxeG82bzNkVlVxc2c9PQ\", \"currency\": \"EGP\", \"merchant\": {\"id\": 893990, \"city\": \"Cairo\", \"state\": \"\", \"phones\": [\"+201033978114\"], \"street\": \"\", \"country\": \"EGY\", \"created_at\": \"2023-09-06T12:05:15.391842\", \"postal_code\": \"\", \"company_name\": \"Astra\", \"company_emails\": null}, \"collector\": null, \"is_cancel\": false, \"is_return\": false, \"order_url\": \"https://accept.paymob.com/standalone/?ref=i_LRR2Q1RiY1JUZGNodnpVdzg4UE1mNkpNZz09XzdVeXNaODFzcWtxeG82bzNkVlVxc2c9PQ\", \"api_source\": \"OTHER\", \"created_at\": \"2023-09-13T14:02:09.805067\", \"is_canceled\": false, \"is_returned\": false, \"amount_cents\": 10000, \"shipping_data\": null, \"payment_method\": \"tbc\", \"commission_fees\": 0, \"delivery_needed\": false, \"is_payment_locked\": false, \"merchant_order_id\": null, \"paid_amount_cents\": 0, \"delivery_vat_cents\": 0, \"merchant_staff_tag\": null, \"delivery_fees_cents\": 0, \"wallet_notification\": null, \"notify_user_with_email\": false}', 'company name', 'a', 'companyn@gmail.com', '123456789', 1, 1, '2023-09-13 13:02:10', '2023-09-13 13:02:10');

-- --------------------------------------------------------

--
-- Table structure for table `discountcard_paymob_order_details`
--

CREATE TABLE `discountcard_paymob_order_details` (
  `id` bigint UNSIGNED NOT NULL,
  `paymob_transaction_id` varchar(191) CHARACTER SET utf8mb4 COLLATE utf8mb4_unicode_ci NOT NULL,
  `order_data` json DEFAULT NULL,
  `transaction_id` int NOT NULL DEFAULT '0',
  `transaction_type` varchar(191) CHARACTER SET utf8mb4 COLLATE utf8mb4_unicode_ci NOT NULL,
  `status` varchar(191) CHARACTER SET utf8mb4 COLLATE utf8mb4_unicode_ci DEFAULT NULL,
  `deleted_at` timestamp NULL DEFAULT NULL,
  `created_at` timestamp NULL DEFAULT NULL,
  `updated_at` timestamp NULL DEFAULT NULL
) ENGINE=InnoDB DEFAULT CHARSET=utf8mb4 COLLATE=utf8mb4_unicode_ci;

--
-- Dumping data for table `discountcard_paymob_order_details`
--

INSERT INTO `discountcard_paymob_order_details` (`id`, `paymob_transaction_id`, `order_data`, `transaction_id`, `transaction_type`, `status`, `deleted_at`, `created_at`, `updated_at`) VALUES
(12, '128277826', NULL, 24, 'checkout', 'success', NULL, '2023-08-27 14:08:28', '2023-08-27 14:08:28'),
(13, '128286525', NULL, 0, 'register', 'success', NULL, '2023-08-27 14:51:12', '2023-08-27 14:51:12'),
(14, '128300069', NULL, 30, 'checkout', 'success', NULL, '2023-08-27 16:05:41', '2023-08-27 16:05:41'),
(15, '128301492', NULL, 31, 'checkout', 'success', NULL, '2023-08-27 16:14:02', '2023-08-27 16:14:02'),
(16, '128304441', NULL, 34, 'checkout', 'success', NULL, '2023-08-27 16:30:38', '2023-08-27 16:30:38'),
(17, '128304638', NULL, 35, 'checkout', 'success', NULL, '2023-08-27 16:31:52', '2023-08-27 16:31:52'),
(18, '128305414', NULL, 36, 'checkout', 'success', NULL, '2023-08-27 16:36:09', '2023-08-27 16:36:09'),
(19, '128718097', NULL, 41, 'checkout', 'success', NULL, '2023-08-29 16:52:38', '2023-08-29 16:52:38'),
(20, '130305258', NULL, 183, 'checkout', 'false', NULL, '2023-09-05 13:21:18', '2023-09-05 13:21:18'),
(21, '130305640', NULL, 183, 'checkout', 'success', NULL, '2023-09-05 13:24:01', '2023-09-05 13:24:01'),
(22, '130313769', NULL, 0, 'register', 'success', NULL, '2023-09-05 14:12:12', '2023-09-05 14:12:12'),
(23, '130313997', NULL, 0, 'register', 'success', NULL, '2023-09-05 14:13:23', '2023-09-05 14:13:23'),
(24, '130315678', NULL, 186, 'checkout', 'success', NULL, '2023-09-05 14:23:00', '2023-09-05 14:23:00'),
(25, '130317087', NULL, 0, 'register', 'success', NULL, '2023-09-05 14:31:15', '2023-09-05 14:31:15'),
(26, '130317340', NULL, 187, 'checkout', 'success', NULL, '2023-09-05 14:32:36', '2023-09-05 14:32:36'),
(27, '130344230', NULL, 191, 'checkout', 'success', NULL, '2023-09-05 16:52:08', '2023-09-05 16:52:08'),
(28, '130547974', NULL, 204, 'checkout', 'success', NULL, '2023-09-06 15:33:53', '2023-09-06 15:33:53'),
(29, '130549195', NULL, 205, 'checkout', 'false', NULL, '2023-09-06 15:40:23', '2023-09-06 15:40:23'),
(30, '130549412', NULL, 205, 'checkout', 'false', NULL, '2023-09-06 15:41:35', '2023-09-06 15:41:35'),
(31, '130549616', NULL, 205, 'checkout', 'success', NULL, '2023-09-06 15:42:53', '2023-09-06 15:42:53'),
(32, '130557314', NULL, 206, 'checkout', 'false', NULL, '2023-09-06 16:20:32', '2023-09-06 16:20:32'),
(33, '130557888', NULL, 206, 'checkout', 'false', NULL, '2023-09-06 16:23:23', '2023-09-06 16:23:23'),
(34, '130558347', NULL, 206, 'checkout', 'false', NULL, '2023-09-06 16:25:34', '2023-09-06 16:25:34'),
(35, '130561186', NULL, 207, 'checkout', 'false', NULL, '2023-09-06 16:39:39', '2023-09-06 16:39:39'),
(36, '130562100', NULL, 208, 'checkout', 'false', NULL, '2023-09-06 16:44:20', '2023-09-06 16:44:20'),
(37, '130716892', NULL, 235, 'checkout', 'false', NULL, '2023-09-07 11:58:44', '2023-09-07 11:58:44'),
(38, '131315881', NULL, 288, 'checkout', 'false', NULL, '2023-09-10 16:28:51', '2023-09-10 16:28:51'),
(39, '131681376', NULL, 312, 'checkout', 'success', NULL, '2023-09-12 16:46:16', '2023-09-12 16:46:16'),
(40, '131681654', NULL, 313, 'checkout', 'success', NULL, '2023-09-12 16:47:44', '2023-09-12 16:47:44'),
(41, '131858594', NULL, 331, 'checkout', 'success', NULL, '2023-09-13 15:28:21', '2023-09-13 15:28:21'),
(42, '131895628', NULL, 341, 'checkout', 'success', NULL, '2023-09-13 18:56:29', '2023-09-13 18:56:29'),
(43, '133105843', NULL, 353, 'checkout', 'success', NULL, '2023-09-20 10:57:19', '2023-09-20 10:57:19'),
(44, '134508093', NULL, 376, 'checkout', 'success', NULL, '2023-09-27 16:45:46', '2023-09-27 16:45:46'),
(45, '134509303', NULL, 377, 'checkout', 'success', NULL, '2023-09-27 16:51:01', '2023-09-27 16:51:01'),
(46, '134755133', NULL, 382, 'checkout', 'success', NULL, '2023-09-28 20:11:26', '2023-09-28 20:11:26'),
(47, '134761183', NULL, 387, 'checkout', 'success', NULL, '2023-09-28 20:35:21', '2023-09-28 20:35:21'),
(48, '134762146', NULL, 388, 'checkout', 'success', NULL, '2023-09-28 20:39:35', '2023-09-28 20:39:35'),
(49, '134763826', NULL, 390, 'checkout', 'success', NULL, '2023-09-28 20:46:41', '2023-09-28 20:46:41'),
(50, '134768159', NULL, 393, 'checkout', 'success', NULL, '2023-09-28 21:04:50', '2023-09-28 21:04:50');

-- --------------------------------------------------------

--
-- Table structure for table `discountcard_provider_wishlists`
--

CREATE TABLE `discountcard_provider_wishlists` (
  `id` bigint UNSIGNED NOT NULL,
  `provider_branch_id` int NOT NULL,
  `customer_id` int NOT NULL,
  `created_at` timestamp NULL DEFAULT NULL,
  `updated_at` timestamp NULL DEFAULT NULL
) ENGINE=InnoDB DEFAULT CHARSET=utf8mb4 COLLATE=utf8mb4_unicode_ci;

--
-- Dumping data for table `discountcard_provider_wishlists`
--

INSERT INTO `discountcard_provider_wishlists` (`id`, `provider_branch_id`, `customer_id`, `created_at`, `updated_at`) VALUES
(4, 4351, 9, '2023-06-18 13:53:52', '2023-06-18 13:53:52'),
(11, 6746, 6, '2023-06-20 08:15:07', '2023-06-20 08:15:07'),
(28, 7311, 6, '2023-06-25 13:22:23', '2023-06-25 13:22:23'),
(29, 6586, 4, '2023-06-26 12:04:37', '2023-06-26 12:04:37'),
(30, 6136, 4, '2023-06-26 12:07:05', '2023-06-26 12:07:05'),
(31, 6527, 4, '2023-06-26 13:42:10', '2023-06-26 13:42:10'),
(35, 6945, 5, '2023-07-05 11:29:13', '2023-07-05 11:29:13'),
(38, 4796, 4, '2023-07-26 11:50:01', '2023-07-26 11:50:01'),
(40, 6015, 4, '2023-08-06 08:22:25', '2023-08-06 08:22:25'),
(41, 6206, 23, '2023-08-06 10:42:28', '2023-08-06 10:42:28'),
(44, 6765, 23, '2023-08-06 13:29:31', '2023-08-06 13:29:31'),
(46, 8820, 23, '2023-08-10 11:11:23', '2023-08-10 11:11:23'),
(47, 6746, 23, '2023-08-13 10:24:42', '2023-08-13 10:24:42'),
(48, 6212, 23, '2023-08-13 10:25:20', '2023-08-13 10:25:20'),
(49, 6746, 27, '2023-08-13 10:32:28', '2023-08-13 10:32:28'),
(53, 4848, 23, '2023-08-15 09:07:01', '2023-08-15 09:07:01'),
(54, 8778, 23, '2023-08-16 09:51:49', '2023-08-16 09:51:49'),
(56, 8823, 23, '2023-08-16 12:18:57', '2023-08-16 12:18:57'),
(60, 8819, 23, '2023-08-17 14:12:52', '2023-08-17 14:12:52'),
(61, 8834, 23, '2023-08-17 14:13:18', '2023-08-17 14:13:18'),
(62, 5508, 6, '2023-08-20 13:44:12', '2023-08-20 13:44:12'),
(64, 6746, 25, '2023-08-21 07:53:25', '2023-08-21 07:53:25'),
(66, 6206, 34, '2023-08-21 13:56:17', '2023-08-21 13:56:17'),
(67, 4627, 34, '2023-08-21 13:56:39', '2023-08-21 13:56:39'),
(69, 4688, 23, '2023-08-21 14:06:03', '2023-08-21 14:06:03'),
(70, 6725, 23, '2023-08-21 14:07:20', '2023-08-21 14:07:20'),
(71, 8819, 35, '2023-08-22 07:35:31', '2023-08-22 07:35:31'),
(72, 6746, 35, '2023-08-22 07:35:33', '2023-08-22 07:35:33'),
(73, 4646, 35, '2023-08-22 07:35:36', '2023-08-22 07:35:36'),
(74, 6206, 35, '2023-08-22 07:35:48', '2023-08-22 07:35:48'),
(75, 6398, 35, '2023-08-22 08:51:11', '2023-08-22 08:51:11'),
(76, 5448, 35, '2023-08-22 08:51:17', '2023-08-22 08:51:17'),
(77, 7380, 35, '2023-08-22 09:18:50', '2023-08-22 09:18:50'),
(78, 6980, 35, '2023-08-24 11:38:58', '2023-08-24 11:38:58'),
(79, 6954, 35, '2023-08-24 11:39:03', '2023-08-24 11:39:03'),
(80, 6964, 35, '2023-08-24 11:39:07', '2023-08-24 11:39:07'),
(88, 8847, 47, '2023-09-06 16:33:47', '2023-09-06 16:33:47'),
(89, 8847, 90, '2023-10-01 11:47:38', '2023-10-01 11:47:38'),
(90, 8852, 90, '2023-10-01 11:47:40', '2023-10-01 11:47:40'),
(91, 8849, 90, '2023-10-01 11:48:19', '2023-10-01 11:48:19'),
(92, 8850, 90, '2023-10-01 11:48:24', '2023-10-01 11:48:24'),
(93, 8848, 90, '2023-10-01 11:48:36', '2023-10-01 11:48:36');

-- --------------------------------------------------------

--
-- Table structure for table `discountcard_qr_code_logs`
--

CREATE TABLE `discountcard_qr_code_logs` (
  `id` bigint UNSIGNED NOT NULL,
  `code` varchar(191) CHARACTER SET utf8mb4 COLLATE utf8mb4_unicode_ci NOT NULL,
  `status` tinyint(1) NOT NULL DEFAULT '1',
  `generated_at` timestamp NOT NULL,
  `scanned_at` timestamp NULL DEFAULT NULL,
  `provider_scan_at` timestamp NULL DEFAULT NULL,
  `customer_list_id` bigint UNSIGNED NOT NULL,
  `provider_id` bigint UNSIGNED DEFAULT NULL,
  `created_at` timestamp NULL DEFAULT NULL,
  `updated_at` timestamp NULL DEFAULT NULL
) ENGINE=MyISAM DEFAULT CHARSET=utf8mb4 COLLATE=utf8mb4_unicode_ci;

--
-- Dumping data for table `discountcard_qr_code_logs`
--

INSERT INTO `discountcard_qr_code_logs` (`id`, `code`, `status`, `generated_at`, `scanned_at`, `provider_scan_at`, `customer_list_id`, `provider_id`, `created_at`, `updated_at`) VALUES
(2443, 'a8a86999-15af-4cc0-8b90-470470614f5e', 1, '2023-08-13 14:16:09', NULL, NULL, 6, NULL, '2023-08-13 14:16:09', '2023-08-13 14:16:09'),
(2448, '01470', 1, '2023-08-14 07:23:35', '2023-08-14 07:24:12', '2023-08-14 07:24:12', 4, 8819, '2023-08-14 07:23:35', '2023-08-14 07:24:12'),
(2471, '13cbe8d5-4048-401f-9693-37de763b629b', 1, '2023-08-16 08:09:50', NULL, NULL, 24, NULL, '2023-08-16 08:09:50', '2023-08-16 08:09:50'),
(2296, 'a2ca9254-c305-407d-887f-18d1217448e3', 1, '2023-08-13 08:17:14', NULL, NULL, 5, NULL, '2023-08-13 08:17:14', '2023-08-13 08:17:14'),
(2445, 'dsfsdfsdfdgdfgdsdsdsd', 1, '2023-08-14 07:14:46', '2023-08-14 07:15:47', '2023-08-14 07:15:47', 21, 8819, '2023-08-14 07:14:46', '2023-08-14 07:15:47'),
(2472, 'dsfsdfsdfdgdfgdsdsdsd', 1, '2023-08-20 07:41:38', NULL, NULL, 23, NULL, '2023-08-20 07:41:38', '2023-08-20 07:41:38'),
(2339, '6cd622c1-c89c-43a2-b69e-30df50fb639b', 1, '2023-08-13 10:05:09', NULL, NULL, 27, NULL, '2023-08-13 10:05:09', '2023-08-13 10:05:09');

-- --------------------------------------------------------

--
-- Table structure for table `discountcard_service_approvals`
--

CREATE TABLE `discountcard_service_approvals` (
  `id` bigint UNSIGNED NOT NULL,
  `provider_branch_id` int NOT NULL,
  `service_name` varchar(191) CHARACTER SET utf8mb4 COLLATE utf8mb4_unicode_ci NOT NULL,
  `price` double(8,2) NOT NULL,
  `status` enum('pending','cancel','added','founded') CHARACTER SET utf8mb4 COLLATE utf8mb4_unicode_ci NOT NULL DEFAULT 'pending',
  `created_at` timestamp NULL DEFAULT NULL,
  `updated_at` timestamp NULL DEFAULT NULL
) ENGINE=InnoDB DEFAULT CHARSET=utf8mb4 COLLATE=utf8mb4_unicode_ci;

-- --------------------------------------------------------

--
-- Table structure for table `discountcard_service_wish_lists`
--

CREATE TABLE `discountcard_service_wish_lists` (
  `id` bigint UNSIGNED NOT NULL,
  `service_id` int NOT NULL,
  `customer_id` int NOT NULL,
  `provider_branch_id` int NOT NULL,
  `service_type` enum('1','2') CHARACTER SET utf8mb4 COLLATE utf8mb4_unicode_ci NOT NULL,
  `created_at` timestamp NULL DEFAULT NULL,
  `updated_at` timestamp NULL DEFAULT NULL
) ENGINE=InnoDB DEFAULT CHARSET=utf8mb4 COLLATE=utf8mb4_unicode_ci;

--
-- Dumping data for table `discountcard_service_wish_lists`
--

INSERT INTO `discountcard_service_wish_lists` (`id`, `service_id`, `customer_id`, `provider_branch_id`, `service_type`, `created_at`, `updated_at`) VALUES
(15, 2155, 9, 6149, '2', '2023-06-19 07:29:34', '2023-06-19 07:29:34'),
(18, 2623, 9, 5417, '1', '2023-06-19 07:45:28', '2023-06-19 07:45:28'),
(19, 1, 9, 5417, '1', '2023-06-19 07:48:48', '2023-06-19 07:48:48'),
(20, 37, 9, 6632, '2', '2023-06-19 08:10:27', '2023-06-19 08:10:27'),
(21, 1, 9, 6149, '2', '2023-06-19 08:17:59', '2023-06-19 08:17:59'),
(22, 2, 9, 6149, '2', '2023-06-19 08:19:01', '2023-06-19 08:19:01'),
(23, 3, 9, 6149, '2', '2023-06-19 08:19:56', '2023-06-19 08:19:56'),
(27, 218, 6, 6746, '2', '2023-06-20 08:15:29', '2023-06-20 08:15:29'),
(35, 2636, 4, 6084, '1', '2023-06-21 08:09:48', '2023-06-21 08:09:48'),
(36, 145, 6, 6746, '2', '2023-06-25 13:19:56', '2023-06-25 13:19:56'),
(45, 20, 4, 6746, '2', '2023-07-05 11:56:18', '2023-07-05 11:56:18'),
(46, 4, 4, 6746, '2', '2023-07-05 11:56:26', '2023-07-05 11:56:26'),
(52, 2995, 23, 8820, '1', '2023-08-06 13:09:40', '2023-08-06 13:09:40'),
(53, 3025, 23, 8820, '1', '2023-08-06 13:10:34', '2023-08-06 13:10:34'),
(56, 10, 4, 6086, '2', '2023-08-08 11:24:52', '2023-08-08 11:24:52'),
(60, 39, 27, 6746, '2', '2023-08-13 10:32:31', '2023-08-13 10:32:31'),
(66, 2164, 23, 8819, '2', '2023-08-14 11:37:33', '2023-08-14 11:37:33'),
(67, 38, 23, 6746, '2', '2023-08-14 11:37:38', '2023-08-14 11:37:38'),
(68, 138, 23, 6746, '2', '2023-08-15 09:06:09', '2023-08-15 09:06:09'),
(69, 56, 23, 6746, '2', '2023-08-15 09:07:53', '2023-08-15 09:07:53'),
(71, 2744, 23, 8819, '2', '2023-08-16 11:46:43', '2023-08-16 11:46:43'),
(73, 2164, 30, 8819, '2', '2023-08-20 14:23:32', '2023-08-20 14:23:32'),
(74, 2744, 4, 8819, '2', '2023-08-20 17:01:58', '2023-08-20 17:01:58'),
(75, 38, 25, 6746, '2', '2023-08-21 07:53:35', '2023-08-21 07:53:35'),
(76, 5743, 23, 8823, '1', '2023-08-21 08:17:08', '2023-08-21 08:17:08'),
(77, 2164, 34, 8819, '2', '2023-08-21 13:52:26', '2023-08-21 13:52:26'),
(78, 2744, 34, 8819, '2', '2023-08-21 13:54:28', '2023-08-21 13:54:28'),
(79, 5, 23, 6746, '2', '2023-08-21 14:08:23', '2023-08-21 14:08:23'),
(80, 2164, 35, 8819, '2', '2023-08-22 07:36:01', '2023-08-22 07:36:01'),
(81, 38, 35, 6746, '2', '2023-08-22 07:36:04', '2023-08-22 07:36:04'),
(82, 7238, 90, 8850, '1', '2023-09-27 16:21:41', '2023-09-27 16:21:41');

-- --------------------------------------------------------

--
-- Table structure for table `discountcard_sessions`
--

CREATE TABLE `discountcard_sessions` (
  `id` bigint UNSIGNED NOT NULL,
  `session_uniqid` varchar(255) CHARACTER SET utf8mb4 COLLATE utf8mb4_unicode_ci DEFAULT NULL,
  `provider_id` bigint UNSIGNED NOT NULL,
  `customer_list_id` bigint UNSIGNED NOT NULL,
  `customer_confirmation` timestamp NULL DEFAULT NULL,
  `provider_confirmation` timestamp NULL DEFAULT NULL,
  `status` enum('done','canceled','in_progress') CHARACTER SET utf8mb4 COLLATE utf8mb4_unicode_ci NOT NULL DEFAULT 'in_progress',
  `canceled_by` varchar(255) CHARACTER SET utf8mb4 COLLATE utf8mb4_unicode_ci DEFAULT NULL,
  `created_at` timestamp NULL DEFAULT NULL,
  `updated_at` timestamp NULL DEFAULT NULL,
  `deleted_at` timestamp NULL DEFAULT NULL
) ENGINE=MyISAM DEFAULT CHARSET=utf8mb4 COLLATE=utf8mb4_unicode_ci;

--
-- Dumping data for table `discountcard_sessions`
--

INSERT INTO `discountcard_sessions` (`id`, `session_uniqid`, `provider_id`, `customer_list_id`, `customer_confirmation`, `provider_confirmation`, `status`, `canceled_by`, `created_at`, `updated_at`, `deleted_at`) VALUES
(78, '64d8970d877fb', 8820, 21, NULL, NULL, 'in_progress', NULL, '2023-08-13 08:40:45', '2023-08-13 08:41:01', '2023-08-13 08:41:01'),
(77, '64d896faa9382', 8820, 21, NULL, NULL, 'in_progress', NULL, '2023-08-13 08:40:26', '2023-08-13 08:40:44', '2023-08-13 08:40:44'),
(76, '64d891c38df0b', 8819, 4, NULL, NULL, 'in_progress', NULL, '2023-08-13 08:18:11', '2023-08-13 10:29:42', '2023-08-13 10:29:42'),
(75, '64d79d0396677', 8819, 4, NULL, NULL, 'in_progress', NULL, '2023-08-12 14:53:55', '2023-08-13 08:18:11', '2023-08-13 08:18:11'),
(74, '64d79b26bc39f', 8819, 4, NULL, NULL, 'in_progress', NULL, '2023-08-12 14:45:58', '2023-08-12 14:53:55', '2023-08-12 14:53:55'),
(73, '64d79a48e5e95', 8819, 4, NULL, NULL, 'in_progress', NULL, '2023-08-12 14:42:16', '2023-08-12 14:45:58', '2023-08-12 14:45:58'),
(72, '64d7996fe37cb', 8819, 4, NULL, NULL, 'in_progress', NULL, '2023-08-12 14:38:39', '2023-08-12 14:42:16', '2023-08-12 14:42:16'),
(71, '64d797ff23a84', 8819, 4, NULL, NULL, 'in_progress', NULL, '2023-08-12 14:32:31', '2023-08-12 14:38:39', '2023-08-12 14:38:39'),
(70, '64d7903cbfc4e', 8819, 4, NULL, NULL, 'in_progress', NULL, '2023-08-12 13:59:24', '2023-08-12 14:32:31', '2023-08-12 14:32:31'),
(69, '64d78c08c4e20', 8819, 4, '2023-08-12 13:41:40', '2023-08-12 13:41:42', 'in_progress', NULL, '2023-08-12 13:41:28', '2023-08-12 13:59:24', '2023-08-12 13:59:24'),
(68, '64d78bce8608e', 8819, 4, '2023-08-12 13:40:41', '2023-08-12 13:40:39', 'in_progress', NULL, '2023-08-12 13:40:30', '2023-08-12 13:41:28', '2023-08-12 13:41:28'),
(67, '64d770a37eccb', 8819, 4, '2023-08-12 11:44:47', '2023-08-12 11:44:49', 'done', NULL, '2023-08-12 11:44:35', '2023-08-12 11:45:17', NULL),
(66, '64d762366d5da', 8819, 4, '2023-08-12 10:43:14', '2023-08-12 10:43:16', 'in_progress', NULL, '2023-08-12 10:43:02', '2023-08-12 11:44:35', '2023-08-12 11:44:35'),
(65, '64d7610fce3b8', 8819, 4, '2023-08-12 10:40:01', '2023-08-12 10:40:04', 'in_progress', NULL, '2023-08-12 10:38:07', '2023-08-12 10:43:02', '2023-08-12 10:43:02'),
(64, '64d75eb939e58', 8819, 4, '2023-08-12 10:32:57', '2023-08-12 10:32:54', 'done', NULL, '2023-08-12 10:28:09', '2023-08-12 10:34:59', NULL),
(63, '64d4fcfa08044', 8819, 5, NULL, NULL, 'in_progress', NULL, '2023-08-10 15:06:34', '2023-08-10 15:07:41', '2023-08-10 15:07:41'),
(62, '64d4fcca99148', 8819, 5, NULL, NULL, 'in_progress', NULL, '2023-08-10 15:05:46', '2023-08-10 15:05:50', '2023-08-10 15:05:50'),
(61, '64d4fc99f179f', 8819, 5, NULL, NULL, 'in_progress', NULL, '2023-08-10 15:04:57', '2023-08-10 15:05:03', '2023-08-10 15:05:03'),
(60, '64d4fbf915361', 8819, 5, NULL, NULL, 'in_progress', NULL, '2023-08-10 15:02:17', '2023-08-10 15:04:16', '2023-08-10 15:04:16'),
(59, '64d4fba2e0b22', 8819, 5, NULL, NULL, 'in_progress', NULL, '2023-08-10 15:00:50', '2023-08-10 15:02:17', '2023-08-10 15:02:17'),
(58, '64d4fb92eb6fa', 8819, 5, NULL, NULL, 'in_progress', NULL, '2023-08-10 15:00:34', '2023-08-10 15:00:50', '2023-08-10 15:00:50'),
(57, '64d4fb3129a02', 8819, 5, NULL, NULL, 'in_progress', NULL, '2023-08-10 14:58:57', '2023-08-10 15:00:34', '2023-08-10 15:00:34'),
(56, '64d4fa81bacd0', 8819, 5, NULL, NULL, 'in_progress', NULL, '2023-08-10 14:56:01', '2023-08-10 14:58:57', '2023-08-10 14:58:57'),
(55, '64d4fa47cb203', 8819, 5, NULL, NULL, 'in_progress', NULL, '2023-08-10 14:55:03', '2023-08-10 14:57:06', '2023-08-10 14:57:06'),
(54, '64d4fa3aaf7b9', 8819, 5, NULL, NULL, 'in_progress', NULL, '2023-08-10 14:54:50', '2023-08-10 14:55:03', '2023-08-10 14:55:03'),
(79, '64d89721072d1', 8820, 21, NULL, NULL, 'in_progress', NULL, '2023-08-13 08:41:05', '2023-08-13 08:41:27', '2023-08-13 08:41:27'),
(80, '64d8973aaebc4', 8820, 21, NULL, NULL, 'in_progress', NULL, '2023-08-13 08:41:30', '2023-08-13 08:42:34', '2023-08-13 08:42:34'),
(81, '64d8977c198dd', 8820, 21, NULL, NULL, 'in_progress', NULL, '2023-08-13 08:42:36', '2023-08-13 08:42:46', '2023-08-13 08:42:46'),
(82, '64d8980be1c66', 8820, 21, NULL, NULL, 'in_progress', NULL, '2023-08-13 08:44:59', '2023-08-13 08:45:33', '2023-08-13 08:45:33'),
(83, '64d89830d92e8', 8820, 21, NULL, NULL, 'in_progress', NULL, '2023-08-13 08:45:36', '2023-08-13 08:46:47', '2023-08-13 08:46:47'),
(84, '64d8987a84abf', 8820, 21, NULL, NULL, 'in_progress', NULL, '2023-08-13 08:46:50', '2023-08-13 08:47:12', '2023-08-13 08:47:12'),
(85, '64d89fe2f01c7', 8820, 21, NULL, NULL, 'in_progress', NULL, '2023-08-13 09:18:26', '2023-08-13 09:19:11', '2023-08-13 09:19:11'),
(86, '64d8a1b9171ae', 8820, 21, NULL, NULL, 'in_progress', NULL, '2023-08-13 09:26:17', '2023-08-13 09:26:27', '2023-08-13 09:26:27'),
(87, '64d8adea2b2f1', 8820, 21, NULL, NULL, 'in_progress', NULL, '2023-08-13 10:18:18', '2023-08-13 10:18:22', '2023-08-13 10:18:22'),
(88, '64d8aec070f81', 8820, 21, NULL, NULL, 'in_progress', NULL, '2023-08-13 10:21:52', '2023-08-13 10:21:56', '2023-08-13 10:21:56'),
(89, '64d8af2375228', 8820, 21, NULL, NULL, 'in_progress', NULL, '2023-08-13 10:23:31', '2023-08-13 10:23:46', '2023-08-13 10:23:46'),
(90, '64d8b03e8f100', 8820, 21, NULL, NULL, 'in_progress', NULL, '2023-08-13 10:28:14', '2023-08-13 10:29:40', '2023-08-13 10:29:40'),
(91, '64d8b096213ab', 8819, 23, NULL, NULL, 'in_progress', NULL, '2023-08-13 10:29:42', '2023-08-13 10:30:03', '2023-08-13 10:30:03'),
(92, '64d8b0ab8977e', 8819, 23, NULL, NULL, 'in_progress', NULL, '2023-08-13 10:30:03', '2023-08-13 10:35:20', '2023-08-13 10:35:20'),
(93, '64d8b1e8c84a6', 8819, 23, NULL, NULL, 'in_progress', NULL, '2023-08-13 10:35:20', '2023-08-13 10:35:38', '2023-08-13 10:35:38'),
(94, '64d8b1fa853dc', 8819, 23, NULL, NULL, 'in_progress', NULL, '2023-08-13 10:35:38', '2023-08-13 10:43:35', '2023-08-13 10:43:35'),
(95, '64d8b2042ad05', 8820, 21, NULL, NULL, 'in_progress', NULL, '2023-08-13 10:35:48', '2023-08-13 10:36:13', '2023-08-13 10:36:13'),
(96, '64d8b339f3008', 8820, 21, NULL, NULL, 'in_progress', NULL, '2023-08-13 10:40:57', '2023-08-13 10:41:06', '2023-08-13 10:41:06'),
(97, '64d8b374a8406', 8820, 21, NULL, NULL, 'in_progress', NULL, '2023-08-13 10:41:56', '2023-08-13 10:42:13', '2023-08-13 10:42:13'),
(98, '64d8b3898725a', 8820, 21, NULL, NULL, 'in_progress', NULL, '2023-08-13 10:42:17', '2023-08-13 10:43:35', '2023-08-13 10:43:35'),
(99, '64d8b3d7cc60a', 8819, 21, NULL, NULL, 'in_progress', NULL, '2023-08-13 10:43:35', '2023-08-13 10:44:30', '2023-08-13 10:44:30'),
(100, '64d8b40ed0dce', 8819, 21, NULL, NULL, 'in_progress', NULL, '2023-08-13 10:44:30', '2023-08-13 10:44:47', '2023-08-13 10:44:47'),
(101, '64d8b41f6f583', 8819, 21, NULL, NULL, 'in_progress', NULL, '2023-08-13 10:44:47', '2023-08-13 10:44:51', '2023-08-13 10:44:51'),
(102, '64d8b4236b2a7', 8819, 21, NULL, NULL, 'in_progress', NULL, '2023-08-13 10:44:51', '2023-08-13 10:45:14', '2023-08-13 10:45:14'),
(103, '64d8b43a478cc', 8820, 21, NULL, NULL, 'in_progress', NULL, '2023-08-13 10:45:14', '2023-08-13 10:45:21', '2023-08-13 10:45:21'),
(104, '64d8b45040c6f', 8820, 21, NULL, NULL, 'in_progress', NULL, '2023-08-13 10:45:36', '2023-08-13 10:46:05', '2023-08-13 10:46:05'),
(105, '64d8b68dd0787', 8820, 21, '2023-08-13 10:55:19', '2023-08-13 10:55:17', 'done', NULL, '2023-08-13 10:55:09', '2023-08-13 10:55:25', NULL),
(106, '64d8b9ece85ec', 8819, 21, '2023-08-13 11:09:42', '2023-08-13 11:09:41', 'in_progress', NULL, '2023-08-13 11:09:32', '2023-08-13 11:11:05', '2023-08-13 11:11:05'),
(107, '64d8ba49cbc0a', 8819, 4, NULL, NULL, 'in_progress', NULL, '2023-08-13 11:11:05', '2023-08-13 11:12:48', '2023-08-13 11:12:48'),
(108, '64d8ba70a44a4', 8820, 21, NULL, NULL, 'in_progress', NULL, '2023-08-13 11:11:44', '2023-08-13 11:12:07', '2023-08-13 11:12:07'),
(109, '64d8ba90275af', 8820, 21, '2023-08-13 11:12:24', '2023-08-13 11:12:23', 'in_progress', NULL, '2023-08-13 11:12:16', '2023-08-13 11:14:50', '2023-08-13 11:14:50'),
(110, '64d8bab082faf', 8819, 4, NULL, NULL, 'in_progress', NULL, '2023-08-13 11:12:48', '2023-08-13 11:26:37', '2023-08-13 11:26:37'),
(111, '64d8bb36b8ca1', 8820, 21, '2023-08-13 11:15:12', '2023-08-13 11:15:11', 'in_progress', NULL, '2023-08-13 11:15:02', '2023-08-13 11:15:31', '2023-08-13 11:15:31'),
(112, '64d8bbdfd876c', 8820, 21, '2023-08-13 11:18:05', '2023-08-13 11:18:07', 'in_progress', NULL, '2023-08-13 11:17:51', '2023-08-13 11:21:02', '2023-08-13 11:21:02'),
(113, '64d8bc9ea4338', 8820, 21, '2023-08-13 11:21:11', '2023-08-13 11:21:09', 'canceled', 'provider', '2023-08-13 11:21:02', '2023-08-13 11:21:14', NULL),
(114, '64d8bcf10d21d', 8820, 21, '2023-08-13 11:22:33', '2023-08-13 11:22:32', 'canceled', 'provider', '2023-08-13 11:22:25', '2023-08-13 11:22:36', NULL),
(115, '64d8bdedcc3c7', 8819, 4, NULL, NULL, 'in_progress', NULL, '2023-08-13 11:26:37', '2023-08-13 11:28:58', '2023-08-13 11:28:58'),
(116, '64d8be7aa53df', 8819, 4, NULL, NULL, 'in_progress', NULL, '2023-08-13 11:28:58', '2023-08-13 12:42:54', '2023-08-13 12:42:54'),
(117, '64d8c05313fbc', 8820, 21, NULL, NULL, 'in_progress', NULL, '2023-08-13 11:36:51', '2023-08-13 11:39:33', '2023-08-13 11:39:33'),
(118, '64d8c0f50e536', 8820, 21, NULL, NULL, 'in_progress', NULL, '2023-08-13 11:39:33', '2023-08-13 11:42:47', '2023-08-13 11:42:47'),
(119, '64d8c1b7642f3', 8820, 21, NULL, NULL, 'in_progress', NULL, '2023-08-13 11:42:47', '2023-08-13 11:46:10', '2023-08-13 11:46:10'),
(120, '64d8c282277e7', 8820, 21, NULL, NULL, 'in_progress', NULL, '2023-08-13 11:46:10', '2023-08-13 11:50:59', '2023-08-13 11:50:59'),
(121, '64d8c3bd4fc1a', 8820, 21, NULL, NULL, 'in_progress', NULL, '2023-08-13 11:51:25', '2023-08-13 11:53:44', '2023-08-13 11:53:44'),
(122, '64d8c44827e75', 8820, 21, NULL, NULL, 'in_progress', NULL, '2023-08-13 11:53:44', '2023-08-13 11:57:49', '2023-08-13 11:57:49'),
(123, '64d8c5434a615', 8820, 21, NULL, NULL, 'in_progress', NULL, '2023-08-13 11:57:55', '2023-08-13 11:59:30', '2023-08-13 11:59:30'),
(124, '64d8c5a2e442e', 8820, 21, NULL, NULL, 'in_progress', NULL, '2023-08-13 11:59:30', '2023-08-13 12:03:14', '2023-08-13 12:03:14'),
(125, '64d8c77b27005', 8820, 21, NULL, NULL, 'in_progress', NULL, '2023-08-13 12:07:23', '2023-08-13 12:11:59', '2023-08-13 12:11:59'),
(126, '64d8c88f96de1', 8820, 21, NULL, NULL, 'in_progress', NULL, '2023-08-13 12:11:59', '2023-08-13 12:26:21', '2023-08-13 12:26:21'),
(127, '64d8cc2beb95e', 8820, 21, NULL, NULL, 'in_progress', NULL, '2023-08-13 12:27:23', '2023-08-13 12:28:45', '2023-08-13 12:28:45'),
(128, '64d8cca0acea4', 8820, 21, NULL, NULL, 'in_progress', NULL, '2023-08-13 12:29:20', '2023-08-13 12:31:34', '2023-08-13 12:31:34'),
(129, '64d8cde3b4219', 8820, 21, NULL, NULL, 'in_progress', NULL, '2023-08-13 12:34:43', '2023-08-13 12:37:46', '2023-08-13 12:37:46'),
(130, '64d8ce9cdc30a', 8820, 21, NULL, NULL, 'in_progress', NULL, '2023-08-13 12:37:48', '2023-08-13 12:50:09', '2023-08-13 12:50:09'),
(131, '64d8cfce443ee', 8819, 23, '2023-08-13 12:48:35', '2023-08-13 12:48:30', 'in_progress', NULL, '2023-08-13 12:42:54', '2023-08-13 13:03:34', '2023-08-13 13:03:34'),
(132, '64d8d181ae6e2', 8820, 21, NULL, NULL, 'in_progress', NULL, '2023-08-13 12:50:09', '2023-08-13 12:55:02', '2023-08-13 12:55:02'),
(133, '64d8d2b2e76fe', 8820, 21, NULL, NULL, 'in_progress', NULL, '2023-08-13 12:55:14', '2023-08-13 12:59:09', '2023-08-13 12:59:09'),
(134, '64d8d4a6d826b', 8819, 23, NULL, NULL, 'in_progress', NULL, '2023-08-13 13:03:34', '2023-08-13 14:41:42', '2023-08-13 14:41:42'),
(135, '64d8dc8f26ba0', 8820, 21, NULL, NULL, 'in_progress', NULL, '2023-08-13 13:37:19', '2023-08-13 13:37:38', '2023-08-13 13:37:38'),
(136, '64d8dd32e9d4c', 8820, 21, NULL, NULL, 'in_progress', NULL, '2023-08-13 13:40:02', '2023-08-13 13:43:47', '2023-08-13 13:43:47'),
(137, '64d8de164f4e5', 8820, 21, NULL, NULL, 'in_progress', NULL, '2023-08-13 13:43:50', '2023-08-13 13:45:54', '2023-08-13 13:45:54'),
(138, '64d8df999913b', 8820, 21, NULL, NULL, 'in_progress', NULL, '2023-08-13 13:50:17', '2023-08-13 13:52:03', '2023-08-13 13:52:03'),
(139, '64d8e07222106', 8820, 21, NULL, NULL, 'in_progress', NULL, '2023-08-13 13:53:54', '2023-08-13 13:54:44', '2023-08-13 13:54:44'),
(140, '64d8e0b2cf788', 8820, 21, NULL, NULL, 'in_progress', NULL, '2023-08-13 13:54:58', '2023-08-13 14:02:02', '2023-08-13 14:02:02'),
(141, '64d8e25a08708', 8820, 21, NULL, NULL, 'in_progress', NULL, '2023-08-13 14:02:02', '2023-08-13 14:05:03', '2023-08-13 14:05:03'),
(142, '64d8e30f77167', 8820, 21, NULL, NULL, 'in_progress', NULL, '2023-08-13 14:05:03', '2023-08-13 14:07:41', '2023-08-13 14:07:41'),
(143, '64d8e421154be', 8820, 21, NULL, NULL, 'in_progress', NULL, '2023-08-13 14:09:37', '2023-08-13 14:09:37', '2023-08-13 14:09:37'),
(144, '64d8e42f52c9e', 8820, 21, NULL, NULL, 'in_progress', NULL, '2023-08-13 14:09:51', '2023-08-13 14:12:46', '2023-08-13 14:12:46'),
(145, '64d8e4de2d107', 8820, 21, NULL, NULL, 'in_progress', NULL, '2023-08-13 14:12:46', '2023-08-13 14:34:13', '2023-08-13 14:34:13'),
(146, '64d8eba68208b', 8819, 23, NULL, NULL, 'in_progress', NULL, '2023-08-13 14:41:42', '2023-08-14 07:15:47', '2023-08-14 07:15:47'),
(147, '64d9d4a39c1a2', 8819, 21, NULL, NULL, 'in_progress', NULL, '2023-08-14 07:15:47', '2023-08-14 07:18:30', '2023-08-14 07:18:30'),
(148, '64d9d546beae8', 8819, 23, NULL, NULL, 'in_progress', NULL, '2023-08-14 07:18:30', '2023-08-14 07:24:12', '2023-08-14 07:24:12'),
(149, '64d9d69c4818b', 8819, 4, NULL, NULL, 'in_progress', NULL, '2023-08-14 07:24:12', '2023-08-14 07:28:37', '2023-08-14 07:28:37'),
(150, '64d9d7a5ad838', 8819, 23, NULL, NULL, 'in_progress', NULL, '2023-08-14 07:28:37', '2023-08-14 09:28:27', '2023-08-14 09:28:27'),
(151, '64d9f3bb23203', 8819, 23, NULL, NULL, 'in_progress', NULL, '2023-08-14 09:28:27', '2023-08-14 12:33:43', '2023-08-14 12:33:43'),
(152, '64da1f279f7bd', 8819, 23, NULL, NULL, 'in_progress', NULL, '2023-08-14 12:33:43', '2023-08-14 12:34:40', '2023-08-14 12:34:40'),
(153, '64da1f602718d', 8819, 23, NULL, NULL, 'in_progress', NULL, '2023-08-14 12:34:40', '2023-08-15 07:42:53', '2023-08-15 07:42:53'),
(154, '64db2c7d57d04', 8819, 23, NULL, NULL, 'in_progress', NULL, '2023-08-15 07:42:53', '2023-08-15 07:43:34', '2023-08-15 07:43:34'),
(155, '64db2ca61646f', 8819, 23, NULL, NULL, 'in_progress', NULL, '2023-08-15 07:43:34', '2023-08-15 07:44:27', '2023-08-15 07:44:27'),
(156, '64db2cdb8ebc8', 8819, 23, NULL, NULL, 'in_progress', NULL, '2023-08-15 07:44:27', '2023-08-15 07:44:27', NULL);

-- --------------------------------------------------------

--
-- Table structure for table `discountcard_session_services`
--

CREATE TABLE `discountcard_session_services` (
  `id` bigint NOT NULL,
  `session_id` bigint NOT NULL DEFAULT '0',
  `service_id` bigint UNSIGNED NOT NULL DEFAULT '0',
  `provider_id` bigint NOT NULL DEFAULT '0',
  `customer_id` bigint NOT NULL DEFAULT '0',
  `service_type` enum('1','2','3','4') CHARACTER SET utf8mb4 COLLATE utf8mb4_unicode_ci NOT NULL COMMENT '1=>custom_price, 2=>our_price, 3=>approval, 4=>medicine',
  `service_name_ar` varchar(255) CHARACTER SET utf8mb4 COLLATE utf8mb4_unicode_ci DEFAULT NULL,
  `service_name_en` varchar(255) CHARACTER SET utf8mb4 COLLATE utf8mb4_unicode_ci DEFAULT NULL,
  `service_name` longtext CHARACTER SET utf8mb4 COLLATE utf8mb4_unicode_ci,
  `item_count` tinyint NOT NULL DEFAULT '1',
  `session_uniqid` varchar(255) CHARACTER SET utf8mb4 COLLATE utf8mb4_unicode_ci DEFAULT NULL,
  `price` double(8,2) NOT NULL DEFAULT '0.00',
  `discount_price` double(8,2) DEFAULT '0.00',
  `image_url` varchar(255) CHARACTER SET utf8mb4 COLLATE utf8mb4_unicode_ci DEFAULT NULL,
  `created_by` enum('provider','customer') CHARACTER SET utf8mb4 COLLATE utf8mb4_unicode_ci NOT NULL,
  `created_at` timestamp NULL DEFAULT NULL,
  `updated_at` timestamp NULL DEFAULT NULL,
  `deleted_at` timestamp NULL DEFAULT NULL
) ENGINE=MyISAM DEFAULT CHARSET=utf8mb4 COLLATE=utf8mb4_unicode_ci;

--
-- Dumping data for table `discountcard_session_services`
--

INSERT INTO `discountcard_session_services` (`id`, `session_id`, `service_id`, `provider_id`, `customer_id`, `service_type`, `service_name_ar`, `service_name_en`, `service_name`, `item_count`, `session_uniqid`, `price`, `discount_price`, `image_url`, `created_by`, `created_at`, `updated_at`, `deleted_at`) VALUES
(61, 99, 2, 8819, 21, '4', 'CAIRO REHAB WALKER NO.3212/3202 SL™', 'CAIRO REHAB WALKER NO.3212/3202 SL™', 'CAIRO REHAB WALKER NO.3212/3202 SL™', 1, '64d8b3d7cc60a', 200.00, 0.00, 'https://tse4.mm.bing.net/th?id=OIP.bU6LhlwlD0ABIZd2XncSbwHaFE&pid=Api&P=0&h=180', 'provider', '2023-08-13 10:43:44', '2023-08-13 10:44:30', '2023-08-13 10:44:30'),
(23, 21, 1, 8819, 27, '4', 'CAIRO REHAB WALKER LE395 NO.3211™', 'CAIRO REHAB WALKER LE395 NO.3211™', 'CAIRO REHAB WALKER LE395 NO.3211™', 1, '64d4e69a13493', 2000.00, 5.00, 'https://tse4.mm.bing.net/th?id=OIP.bU6LhlwlD0ABIZd2XncSbwHaFE&pid=Api&P=0&h=180', 'provider', '2023-08-10 13:31:12', '2023-08-10 13:31:49', '2023-08-10 13:31:49'),
(24, 21, 3, 8819, 27, '4', 'C.R CHAIR TOWLET NO. 5305 LE200™', 'C.R CHAIR TOWLET NO. 5305 LE200™', 'C.R CHAIR TOWLET NO. 5305 LE200™', 1, '64d4e69a13493', 200.00, 0.00, 'https://tse4.mm.bing.net/th?id=OIP.bU6LhlwlD0ABIZd2XncSbwHaFE&pid=Api&P=0&h=180', 'provider', '2023-08-10 13:31:33', '2023-08-10 13:31:49', '2023-08-10 13:31:49'),
(25, 24, 1, 8819, 27, '4', 'CAIRO REHAB WALKER LE395 NO.3211™', 'CAIRO REHAB WALKER LE395 NO.3211™', 'CAIRO REHAB WALKER LE395 NO.3211™', 1, '64d4e76656ab4', 2000.00, 5.00, 'https://tse4.mm.bing.net/th?id=OIP.bU6LhlwlD0ABIZd2XncSbwHaFE&pid=Api&P=0&h=180', 'provider', '2023-08-10 13:34:39', '2023-08-10 13:34:58', '2023-08-10 13:34:58'),
(26, 27, 1, 8819, 27, '4', 'CAIRO REHAB WALKER LE395 NO.3211™', 'CAIRO REHAB WALKER LE395 NO.3211™', 'CAIRO REHAB WALKER LE395 NO.3211™', 1, '64d4e7cd577fc', 2000.00, 5.00, 'https://tse4.mm.bing.net/th?id=OIP.bU6LhlwlD0ABIZd2XncSbwHaFE&pid=Api&P=0&h=180', 'provider', '2023-08-10 13:36:29', '2023-08-10 13:36:40', '2023-08-10 13:36:40'),
(27, 33, 3109, 8820, 27, '1', NULL, 'Amalgam Filling 1Surface', 'Amalgam Filling 1Surface', 1, '64d4e91016056', 25.00, NULL, 'https://tse4.mm.bing.net/th?id=OIP.bU6LhlwlD0ABIZd2XncSbwHaFE&pid=Api&P=0&h=180', 'provider', '2023-08-10 13:45:37', '2023-08-10 13:47:17', '2023-08-10 13:47:17'),
(20, 16, 2, 8819, 27, '4', 'CAIRO REHAB WALKER NO.3212/3202 SL™', 'CAIRO REHAB WALKER NO.3212/3202 SL™', 'CAIRO REHAB WALKER NO.3212/3202 SL™', 1, '64d4e2db1770d', 200.00, 0.00, 'https://tse4.mm.bing.net/th?id=OIP.bU6LhlwlD0ABIZd2XncSbwHaFE&pid=Api&P=0&h=180', 'provider', '2023-08-10 13:15:20', '2023-08-10 13:25:49', '2023-08-10 13:25:49'),
(21, 18, 3109, 8820, 27, '1', 'Amalgam Filling 1Surface', 'Amalgam Filling 1Surface', 'Amalgam Filling 1Surface', 1, '64d4e56a35bd0', 25.00, NULL, 'https://tse4.mm.bing.net/th?id=OIP.bU6LhlwlD0ABIZd2XncSbwHaFE&pid=Api&P=0&h=180', 'provider', '2023-08-10 13:28:39', '2023-08-10 13:30:01', '2023-08-10 13:30:01'),
(17, 15, 1, 8819, 27, '4', 'CAIRO REHAB WALKER LE395 NO.3211™', 'CAIRO REHAB WALKER LE395 NO.3211™', 'CAIRO REHAB WALKER LE395 NO.3211™', 1, '64d4e25660a2a', 2000.00, 5.00, 'https://tse4.mm.bing.net/th?id=OIP.bU6LhlwlD0ABIZd2XncSbwHaFE&pid=Api&P=0&h=180', 'provider', '2023-08-10 13:13:02', '2023-08-10 13:15:07', '2023-08-10 13:15:07'),
(18, 15, 2, 8819, 27, '4', 'CAIRO REHAB WALKER NO.3212/3202 SL™', 'CAIRO REHAB WALKER NO.3212/3202 SL™', 'CAIRO REHAB WALKER NO.3212/3202 SL™', 1, '64d4e25660a2a', 200.00, 0.00, 'https://tse4.mm.bing.net/th?id=OIP.bU6LhlwlD0ABIZd2XncSbwHaFE&pid=Api&P=0&h=180', 'provider', '2023-08-10 13:13:14', '2023-08-10 13:15:07', '2023-08-10 13:15:07'),
(19, 16, 1, 8819, 27, '4', 'CAIRO REHAB WALKER LE395 NO.3211™', 'CAIRO REHAB WALKER LE395 NO.3211™', 'CAIRO REHAB WALKER LE395 NO.3211™', 1, '64d4e2db1770d', 2000.00, 5.00, 'https://tse4.mm.bing.net/th?id=OIP.bU6LhlwlD0ABIZd2XncSbwHaFE&pid=Api&P=0&h=180', 'provider', '2023-08-10 13:15:13', '2023-08-10 13:25:49', '2023-08-10 13:25:49'),
(28, 35, 3111, 8820, 27, '1', NULL, 'Pulpotomy', 'Pulpotomy', 1, '64d4ea74599d1', 25.00, NULL, 'https://tse4.mm.bing.net/th?id=OIP.bU6LhlwlD0ABIZd2XncSbwHaFE&pid=Api&P=0&h=180', 'provider', '2023-08-10 13:48:02', '2023-08-10 13:55:17', '2023-08-10 13:55:17'),
(29, 36, 2, 8819, 27, '4', 'CAIRO REHAB WALKER NO.3212/3202 SL™', 'CAIRO REHAB WALKER NO.3212/3202 SL™', 'CAIRO REHAB WALKER NO.3212/3202 SL™', 1, '64d4ec458adcb', 200.00, 0.00, 'https://tse4.mm.bing.net/th?id=OIP.bU6LhlwlD0ABIZd2XncSbwHaFE&pid=Api&P=0&h=180', 'provider', '2023-08-10 13:55:23', '2023-08-10 14:06:04', '2023-08-10 14:06:04'),
(30, 36, 3, 8819, 27, '4', 'C.R CHAIR TOWLET NO. 5305 LE200™', 'C.R CHAIR TOWLET NO. 5305 LE200™', 'C.R CHAIR TOWLET NO. 5305 LE200™', 1, '64d4ec458adcb', 200.00, 0.00, 'https://tse4.mm.bing.net/th?id=OIP.bU6LhlwlD0ABIZd2XncSbwHaFE&pid=Api&P=0&h=180', 'provider', '2023-08-10 13:55:28', '2023-08-10 14:06:04', '2023-08-10 14:06:04'),
(31, 36, 28, 8819, 27, '3', 'mmm', 'mmm', 'mmm', 2, '64d4ec458adcb', 15.80, NULL, 'https://tse4.mm.bing.net/th?id=OIP.bU6LhlwlD0ABIZd2XncSbwHaFE&pid=Api&P=0&h=180', 'provider', '2023-08-10 13:55:39', '2023-08-10 14:06:04', '2023-08-10 14:06:04'),
(32, 38, 3, 8819, 5, '4', 'C.R CHAIR TOWLET NO. 5305 LE200™', 'C.R CHAIR TOWLET NO. 5305 LE200™', 'C.R CHAIR TOWLET NO. 5305 LE200™', 1, '64d4eed48cc91', 200.00, 0.00, 'https://tse4.mm.bing.net/th?id=OIP.bU6LhlwlD0ABIZd2XncSbwHaFE&pid=Api&P=0&h=180', 'provider', '2023-08-10 14:06:17', '2023-08-10 14:09:09', '2023-08-10 14:09:09'),
(33, 38, 2, 8819, 5, '4', 'CAIRO REHAB WALKER NO.3212/3202 SL™', 'CAIRO REHAB WALKER NO.3212/3202 SL™', 'CAIRO REHAB WALKER NO.3212/3202 SL™', 1, '64d4eed48cc91', 200.00, 0.00, 'https://tse4.mm.bing.net/th?id=OIP.bU6LhlwlD0ABIZd2XncSbwHaFE&pid=Api&P=0&h=180', 'provider', '2023-08-10 14:06:52', '2023-08-10 14:09:09', '2023-08-10 14:09:09'),
(34, 39, 3, 8819, 5, '4', 'C.R CHAIR TOWLET NO. 5305 LE200™', 'C.R CHAIR TOWLET NO. 5305 LE200™', 'C.R CHAIR TOWLET NO. 5305 LE200™', 1, '64d4ef8544692', 200.00, 0.00, 'https://tse4.mm.bing.net/th?id=OIP.bU6LhlwlD0ABIZd2XncSbwHaFE&pid=Api&P=0&h=180', 'provider', '2023-08-10 14:09:16', '2023-08-10 14:16:58', '2023-08-10 14:16:58'),
(35, 39, 2, 8819, 5, '4', 'CAIRO REHAB WALKER NO.3212/3202 SL™', 'CAIRO REHAB WALKER NO.3212/3202 SL™', 'CAIRO REHAB WALKER NO.3212/3202 SL™', 1, '64d4ef8544692', 200.00, 0.00, 'https://tse4.mm.bing.net/th?id=OIP.bU6LhlwlD0ABIZd2XncSbwHaFE&pid=Api&P=0&h=180', 'provider', '2023-08-10 14:10:52', '2023-08-10 14:16:58', '2023-08-10 14:16:58'),
(36, 40, 3111, 8820, 5, '1', 'Pulpotomy', 'Pulpotomy', 'Pulpotomy', 1, '64d4f15a94f19', 25.00, NULL, 'https://tse4.mm.bing.net/th?id=OIP.bU6LhlwlD0ABIZd2XncSbwHaFE&pid=Api&P=0&h=180', 'provider', '2023-08-10 14:18:04', '2023-08-10 14:19:08', '2023-08-10 14:19:08'),
(37, 40, 3109, 8820, 5, '1', 'Amalgam Filling 1Surface', 'Amalgam Filling 1Surface', 'Amalgam Filling 1Surface', 1, '64d4f15a94f19', 25.00, NULL, 'https://tse4.mm.bing.net/th?id=OIP.bU6LhlwlD0ABIZd2XncSbwHaFE&pid=Api&P=0&h=180', 'provider', '2023-08-10 14:18:04', '2023-08-10 14:19:08', '2023-08-10 14:19:08'),
(38, 42, 3111, 8820, 5, '1', NULL, 'Pulpotomy', 'Pulpotomy', 1, '64d4f1e84dbc8', 25.00, NULL, 'https://tse4.mm.bing.net/th?id=OIP.bU6LhlwlD0ABIZd2XncSbwHaFE&pid=Api&P=0&h=180', 'provider', '2023-08-10 14:19:31', '2023-08-10 14:21:13', '2023-08-10 14:21:13'),
(39, 42, 3113, 8820, 5, '1', 'Extraction of 3rd molar impacted in soft tissue', 'Extraction of 3rd molar impacted in soft tissue', 'Extraction of 3rd molar impacted in soft tissue', 1, '64d4f1e84dbc8', 25.00, NULL, 'https://tse4.mm.bing.net/th?id=OIP.bU6LhlwlD0ABIZd2XncSbwHaFE&pid=Api&P=0&h=180', 'provider', '2023-08-10 14:20:44', '2023-08-10 14:21:13', '2023-08-10 14:21:13'),
(40, 43, 2, 8819, 5, '4', 'CAIRO REHAB WALKER NO.3212/3202 SL™', 'CAIRO REHAB WALKER NO.3212/3202 SL™', 'CAIRO REHAB WALKER NO.3212/3202 SL™', 1, '64d4f25968daf', 200.00, 0.00, 'https://tse4.mm.bing.net/th?id=OIP.bU6LhlwlD0ABIZd2XncSbwHaFE&pid=Api&P=0&h=180', 'provider', '2023-08-10 14:21:20', '2023-08-10 14:23:22', '2023-08-10 14:23:22'),
(41, 43, 3, 8819, 5, '4', 'C.R CHAIR TOWLET NO. 5305 LE200™', 'C.R CHAIR TOWLET NO. 5305 LE200™', 'C.R CHAIR TOWLET NO. 5305 LE200™', 1, '64d4f25968daf', 200.00, 0.00, 'https://tse4.mm.bing.net/th?id=OIP.bU6LhlwlD0ABIZd2XncSbwHaFE&pid=Api&P=0&h=180', 'provider', '2023-08-10 14:21:20', '2023-08-10 14:23:22', '2023-08-10 14:23:22'),
(42, 53, 2, 8819, 5, '4', 'CAIRO REHAB WALKER NO.3212/3202 SL™', 'CAIRO REHAB WALKER NO.3212/3202 SL™', 'CAIRO REHAB WALKER NO.3212/3202 SL™', 1, '64d4f4c4d10df', 200.00, 0.00, 'https://tse4.mm.bing.net/th?id=OIP.bU6LhlwlD0ABIZd2XncSbwHaFE&pid=Api&P=0&h=180', 'provider', '2023-08-10 14:31:36', '2023-08-10 14:31:36', NULL),
(43, 55, 2, 8819, 5, '4', 'CAIRO REHAB WALKER NO.3212/3202 SL™', 'CAIRO REHAB WALKER NO.3212/3202 SL™', 'CAIRO REHAB WALKER NO.3212/3202 SL™', 1, '64d4fa47cb203', 200.00, 0.00, 'https://tse4.mm.bing.net/th?id=OIP.bU6LhlwlD0ABIZd2XncSbwHaFE&pid=Api&P=0&h=180', 'provider', '2023-08-10 14:55:12', '2023-08-10 14:56:01', '2023-08-10 14:56:01'),
(44, 63, 2, 8819, 5, '4', 'CAIRO REHAB WALKER NO.3212/3202 SL™', 'CAIRO REHAB WALKER NO.3212/3202 SL™', 'CAIRO REHAB WALKER NO.3212/3202 SL™', 1, '64d4fcfa08044', 200.00, 0.00, 'https://tse4.mm.bing.net/th?id=OIP.bU6LhlwlD0ABIZd2XncSbwHaFE&pid=Api&P=0&h=180', 'provider', '2023-08-10 15:06:43', '2023-08-10 15:06:43', NULL),
(45, 64, 4, 8819, 4, '4', 'CHAIR TOWLET 5201 LE550™', 'CHAIR TOWLET 5201 LE550™', 'CHAIR TOWLET 5201 LE550™', 1, '64d75eb939e58', 500.00, 0.00, 'https://tse4.mm.bing.net/th?id=OIP.bU6LhlwlD0ABIZd2XncSbwHaFE&pid=Api&P=0&h=180', 'provider', '2023-08-12 10:28:29', '2023-08-12 10:28:29', NULL),
(46, 65, 1, 8819, 4, '4', 'CAIRO REHAB WALKER LE395 NO.3211™', 'CAIRO REHAB WALKER LE395 NO.3211™', 'CAIRO REHAB WALKER LE395 NO.3211™', 1, '64d7610fce3b8', 2000.00, 5.00, 'https://tse4.mm.bing.net/th?id=OIP.bU6LhlwlD0ABIZd2XncSbwHaFE&pid=Api&P=0&h=180', 'provider', '2023-08-12 10:39:57', '2023-08-12 10:43:02', '2023-08-12 10:43:02'),
(47, 66, 4, 8819, 4, '4', 'CHAIR TOWLET 5201 LE550™', 'CHAIR TOWLET 5201 LE550™', 'CHAIR TOWLET 5201 LE550™', 1, '64d762366d5da', 500.00, 0.00, 'https://tse4.mm.bing.net/th?id=OIP.bU6LhlwlD0ABIZd2XncSbwHaFE&pid=Api&P=0&h=180', 'provider', '2023-08-12 10:43:10', '2023-08-12 11:44:35', '2023-08-12 11:44:35'),
(48, 67, 2, 8819, 4, '4', 'CAIRO REHAB WALKER NO.3212/3202 SL™', 'CAIRO REHAB WALKER NO.3212/3202 SL™', 'CAIRO REHAB WALKER NO.3212/3202 SL™', 1, '64d770a37eccb', 200.00, 0.00, 'https://tse4.mm.bing.net/th?id=OIP.bU6LhlwlD0ABIZd2XncSbwHaFE&pid=Api&P=0&h=180', 'provider', '2023-08-12 11:44:43', '2023-08-12 11:44:43', NULL),
(49, 68, 2, 8819, 4, '4', 'CAIRO REHAB WALKER NO.3212/3202 SL™', 'CAIRO REHAB WALKER NO.3212/3202 SL™', 'CAIRO REHAB WALKER NO.3212/3202 SL™', 1, '64d78bce8608e', 200.00, 0.00, 'https://tse4.mm.bing.net/th?id=OIP.bU6LhlwlD0ABIZd2XncSbwHaFE&pid=Api&P=0&h=180', 'provider', '2023-08-12 13:40:35', '2023-08-12 13:41:28', '2023-08-12 13:41:28'),
(50, 69, 3, 8819, 4, '4', 'C.R CHAIR TOWLET NO. 5305 LE200™', 'C.R CHAIR TOWLET NO. 5305 LE200™', 'C.R CHAIR TOWLET NO. 5305 LE200™', 1, '64d78c08c4e20', 200.00, 0.00, 'https://tse4.mm.bing.net/th?id=OIP.bU6LhlwlD0ABIZd2XncSbwHaFE&pid=Api&P=0&h=180', 'provider', '2023-08-12 13:41:36', '2023-08-12 13:59:24', '2023-08-12 13:59:24'),
(51, 70, 2, 8819, 4, '4', 'CAIRO REHAB WALKER NO.3212/3202 SL™', 'CAIRO REHAB WALKER NO.3212/3202 SL™', 'CAIRO REHAB WALKER NO.3212/3202 SL™', 1, '64d7903cbfc4e', 200.00, 0.00, 'https://tse4.mm.bing.net/th?id=OIP.bU6LhlwlD0ABIZd2XncSbwHaFE&pid=Api&P=0&h=180', 'provider', '2023-08-12 13:59:34', '2023-08-12 14:32:31', '2023-08-12 14:32:31'),
(52, 70, 4, 8819, 4, '4', 'CHAIR TOWLET 5201 LE550™', 'CHAIR TOWLET 5201 LE550™', 'CHAIR TOWLET 5201 LE550™', 1, '64d7903cbfc4e', 500.00, 0.00, 'https://tse4.mm.bing.net/th?id=OIP.bU6LhlwlD0ABIZd2XncSbwHaFE&pid=Api&P=0&h=180', 'provider', '2023-08-12 14:06:18', '2023-08-12 14:32:31', '2023-08-12 14:32:31'),
(53, 71, 2, 8819, 4, '4', 'CAIRO REHAB WALKER NO.3212/3202 SL™', 'CAIRO REHAB WALKER NO.3212/3202 SL™', 'CAIRO REHAB WALKER NO.3212/3202 SL™', 1, '64d797ff23a84', 200.00, 0.00, 'https://tse4.mm.bing.net/th?id=OIP.bU6LhlwlD0ABIZd2XncSbwHaFE&pid=Api&P=0&h=180', 'provider', '2023-08-12 14:32:43', '2023-08-12 14:38:39', '2023-08-12 14:38:39'),
(54, 72, 3, 8819, 4, '4', 'C.R CHAIR TOWLET NO. 5305 LE200™', 'C.R CHAIR TOWLET NO. 5305 LE200™', 'C.R CHAIR TOWLET NO. 5305 LE200™', 1, '64d7996fe37cb', 200.00, 0.00, 'https://tse4.mm.bing.net/th?id=OIP.bU6LhlwlD0ABIZd2XncSbwHaFE&pid=Api&P=0&h=180', 'provider', '2023-08-12 14:38:51', '2023-08-12 14:42:16', '2023-08-12 14:42:16'),
(55, 73, 2, 8819, 4, '4', 'CAIRO REHAB WALKER NO.3212/3202 SL™', 'CAIRO REHAB WALKER NO.3212/3202 SL™', 'CAIRO REHAB WALKER NO.3212/3202 SL™', 1, '64d79a48e5e95', 200.00, 0.00, 'https://tse4.mm.bing.net/th?id=OIP.bU6LhlwlD0ABIZd2XncSbwHaFE&pid=Api&P=0&h=180', 'provider', '2023-08-12 14:42:21', '2023-08-12 14:45:58', '2023-08-12 14:45:58'),
(56, 73, 12, 8819, 4, '4', 'CHAIR WITHOU.TOILET HEAVY WEIGHT/97551™#', 'CHAIR WITHOU.TOILET HEAVY WEIGHT/97551™#', 'CHAIR WITHOU.TOILET HEAVY WEIGHT/97551™#', 1, '64d79a48e5e95', 1795.00, 0.00, 'https://tse4.mm.bing.net/th?id=OIP.bU6LhlwlD0ABIZd2XncSbwHaFE&pid=Api&P=0&h=180', 'provider', '2023-08-12 14:43:11', '2023-08-12 14:45:58', '2023-08-12 14:45:58'),
(57, 73, 4, 8819, 4, '4', 'CHAIR TOWLET 5201 LE550™', 'CHAIR TOWLET 5201 LE550™', 'CHAIR TOWLET 5201 LE550™', 1, '64d79a48e5e95', 500.00, 0.00, 'https://tse4.mm.bing.net/th?id=OIP.bU6LhlwlD0ABIZd2XncSbwHaFE&pid=Api&P=0&h=180', 'provider', '2023-08-12 14:44:48', '2023-08-12 14:45:58', '2023-08-12 14:45:58'),
(58, 74, 11, 8819, 4, '4', 'CHAIR WITHOUT TOALIET REF/874-51™#', 'CHAIR WITHOUT TOALIET REF/874-51™#', 'CHAIR WITHOUT TOALIET REF/874-51™#', 1, '64d79b26bc39f', 1495.00, 0.00, 'https://tse4.mm.bing.net/th?id=OIP.bU6LhlwlD0ABIZd2XncSbwHaFE&pid=Api&P=0&h=180', 'provider', '2023-08-12 14:46:08', '2023-08-12 14:53:55', '2023-08-12 14:53:55'),
(59, 75, 2, 8819, 4, '4', 'CAIRO REHAB WALKER NO.3212/3202 SL™', 'CAIRO REHAB WALKER NO.3212/3202 SL™', 'CAIRO REHAB WALKER NO.3212/3202 SL™', 1, '64d79d0396677', 200.00, 0.00, 'https://tse4.mm.bing.net/th?id=OIP.bU6LhlwlD0ABIZd2XncSbwHaFE&pid=Api&P=0&h=180', 'provider', '2023-08-12 14:54:03', '2023-08-13 08:18:11', '2023-08-13 08:18:11'),
(60, 75, 4, 8819, 4, '4', 'CHAIR TOWLET 5201 LE550™', 'CHAIR TOWLET 5201 LE550™', 'CHAIR TOWLET 5201 LE550™', 1, '64d79d0396677', 500.00, 0.00, 'https://tse4.mm.bing.net/th?id=OIP.bU6LhlwlD0ABIZd2XncSbwHaFE&pid=Api&P=0&h=180', 'provider', '2023-08-12 14:55:32', '2023-08-13 08:18:11', '2023-08-13 08:18:11'),
(62, 99, 3, 8819, 21, '4', 'C.R CHAIR TOWLET NO. 5305 LE200™', 'C.R CHAIR TOWLET NO. 5305 LE200™', 'C.R CHAIR TOWLET NO. 5305 LE200™', 1, '64d8b3d7cc60a', 200.00, 0.00, 'https://tse4.mm.bing.net/th?id=OIP.bU6LhlwlD0ABIZd2XncSbwHaFE&pid=Api&P=0&h=180', 'provider', '2023-08-13 10:43:51', '2023-08-13 10:44:30', '2023-08-13 10:44:30'),
(63, 105, 3109, 8820, 21, '1', 'Amalgam Filling 1Surface', 'Amalgam Filling 1Surface', 'Amalgam Filling 1Surface', 1, '64d8b68dd0787', 25.00, NULL, 'https://tse4.mm.bing.net/th?id=OIP.bU6LhlwlD0ABIZd2XncSbwHaFE&pid=Api&P=0&h=180', 'provider', '2023-08-13 10:55:14', '2023-08-13 10:55:14', NULL),
(64, 105, 3111, 8820, 21, '1', 'Pulpotomy', 'Pulpotomy', 'Pulpotomy', 1, '64d8b68dd0787', 25.00, NULL, 'https://tse4.mm.bing.net/th?id=OIP.bU6LhlwlD0ABIZd2XncSbwHaFE&pid=Api&P=0&h=180', 'provider', '2023-08-13 10:55:14', '2023-08-13 10:55:14', NULL),
(65, 106, 3, 8819, 21, '4', 'C.R CHAIR TOWLET NO. 5305 LE200™', 'C.R CHAIR TOWLET NO. 5305 LE200™', 'C.R CHAIR TOWLET NO. 5305 LE200™', 1, '64d8b9ece85ec', 200.00, 0.00, 'https://tse4.mm.bing.net/th?id=OIP.bU6LhlwlD0ABIZd2XncSbwHaFE&pid=Api&P=0&h=180', 'provider', '2023-08-13 11:09:38', '2023-08-13 11:11:05', '2023-08-13 11:11:05'),
(66, 107, 2, 8819, 4, '4', 'CAIRO REHAB WALKER NO.3212/3202 SL™', 'CAIRO REHAB WALKER NO.3212/3202 SL™', 'CAIRO REHAB WALKER NO.3212/3202 SL™', 1, '64d8ba49cbc0a', 200.00, 0.00, 'https://tse4.mm.bing.net/th?id=OIP.bU6LhlwlD0ABIZd2XncSbwHaFE&pid=Api&P=0&h=180', 'provider', '2023-08-13 11:11:14', '2023-08-13 11:12:48', '2023-08-13 11:12:48'),
(67, 108, 3109, 8820, 21, '1', 'Amalgam Filling 1Surface', 'Amalgam Filling 1Surface', 'Amalgam Filling 1Surface', 1, '64d8ba70a44a4', 25.00, NULL, 'https://tse4.mm.bing.net/th?id=OIP.bU6LhlwlD0ABIZd2XncSbwHaFE&pid=Api&P=0&h=180', 'provider', '2023-08-13 11:11:49', '2023-08-13 11:11:49', NULL),
(68, 109, 3109, 8820, 21, '1', 'Amalgam Filling 1Surface', 'Amalgam Filling 1Surface', 'Amalgam Filling 1Surface', 1, '64d8ba90275af', 25.00, NULL, 'https://tse4.mm.bing.net/th?id=OIP.bU6LhlwlD0ABIZd2XncSbwHaFE&pid=Api&P=0&h=180', 'provider', '2023-08-13 11:12:20', '2023-08-13 11:12:20', NULL),
(71, 111, 3109, 8820, 21, '1', 'Amalgam Filling 1Surface', 'Amalgam Filling 1Surface', 'Amalgam Filling 1Surface', 1, '64d8bb36b8ca1', 25.00, NULL, 'https://tse4.mm.bing.net/th?id=OIP.bU6LhlwlD0ABIZd2XncSbwHaFE&pid=Api&P=0&h=180', 'provider', '2023-08-13 11:15:07', '2023-08-13 11:15:07', NULL),
(76, 114, 3109, 8820, 21, '1', 'Amalgam Filling 1Surface', 'Amalgam Filling 1Surface', 'Amalgam Filling 1Surface', 1, '64d8bcf10d21d', 25.00, NULL, 'https://tse4.mm.bing.net/th?id=OIP.bU6LhlwlD0ABIZd2XncSbwHaFE&pid=Api&P=0&h=180', 'provider', '2023-08-13 11:22:29', '2023-08-13 11:22:29', NULL),
(73, 112, 3109, 8820, 21, '1', 'Amalgam Filling 1Surface', 'Amalgam Filling 1Surface', 'Amalgam Filling 1Surface', 1, '64d8bbdfd876c', 25.00, NULL, 'https://tse4.mm.bing.net/th?id=OIP.bU6LhlwlD0ABIZd2XncSbwHaFE&pid=Api&P=0&h=180', 'provider', '2023-08-13 11:18:02', '2023-08-13 11:21:02', '2023-08-13 11:21:02'),
(75, 113, 3111, 8820, 21, '1', 'Pulpotomy', 'Pulpotomy', 'Pulpotomy', 1, '64d8bc9ea4338', 25.00, NULL, 'https://tse4.mm.bing.net/th?id=OIP.bU6LhlwlD0ABIZd2XncSbwHaFE&pid=Api&P=0&h=180', 'provider', '2023-08-13 11:21:07', '2023-08-13 11:21:07', NULL),
(77, 110, 4, 8819, 4, '4', 'CHAIR TOWLET 5201 LE550™', 'CHAIR TOWLET 5201 LE550™', 'CHAIR TOWLET 5201 LE550™', 1, '64d8bab082faf', 500.00, 0.00, 'https://tse4.mm.bing.net/th?id=OIP.bU6LhlwlD0ABIZd2XncSbwHaFE&pid=Api&P=0&h=180', 'provider', '2023-08-13 11:25:53', '2023-08-13 11:26:37', '2023-08-13 11:26:37'),
(78, 115, 3, 8819, 4, '4', 'C.R CHAIR TOWLET NO. 5305 LE200™', 'C.R CHAIR TOWLET NO. 5305 LE200™', 'C.R CHAIR TOWLET NO. 5305 LE200™', 1, '64d8bdedcc3c7', 200.00, 0.00, 'https://tse4.mm.bing.net/th?id=OIP.bU6LhlwlD0ABIZd2XncSbwHaFE&pid=Api&P=0&h=180', 'provider', '2023-08-13 11:27:01', '2023-08-13 11:28:58', '2023-08-13 11:28:58'),
(79, 115, 2, 8819, 4, '4', 'CAIRO REHAB WALKER NO.3212/3202 SL™', 'CAIRO REHAB WALKER NO.3212/3202 SL™', 'CAIRO REHAB WALKER NO.3212/3202 SL™', 1, '64d8bdedcc3c7', 200.00, 0.00, 'https://tse4.mm.bing.net/th?id=OIP.bU6LhlwlD0ABIZd2XncSbwHaFE&pid=Api&P=0&h=180', 'provider', '2023-08-13 11:27:33', '2023-08-13 11:28:58', '2023-08-13 11:28:58'),
(80, 116, 2, 8819, 4, '4', 'CAIRO REHAB WALKER NO.3212/3202 SL™', 'CAIRO REHAB WALKER NO.3212/3202 SL™', 'CAIRO REHAB WALKER NO.3212/3202 SL™', 1, '64d8be7aa53df', 200.00, 0.00, 'https://tse4.mm.bing.net/th?id=OIP.bU6LhlwlD0ABIZd2XncSbwHaFE&pid=Api&P=0&h=180', 'provider', '2023-08-13 11:29:10', '2023-08-13 12:42:54', '2023-08-13 12:42:54'),
(81, 117, 3109, 8820, 21, '1', 'Amalgam Filling 1Surface', 'Amalgam Filling 1Surface', 'Amalgam Filling 1Surface', 1, '64d8c05313fbc', 25.00, NULL, 'https://tse4.mm.bing.net/th?id=OIP.bU6LhlwlD0ABIZd2XncSbwHaFE&pid=Api&P=0&h=180', 'provider', '2023-08-13 11:37:00', '2023-08-13 11:39:33', '2023-08-13 11:39:33'),
(82, 118, 3108, 8820, 21, '1', 'Panoramic Dental PXR', 'Panoramic Dental PXR', 'Panoramic Dental PXR', 1, '64d8c0f50e536', 25.00, NULL, 'https://tse4.mm.bing.net/th?id=OIP.bU6LhlwlD0ABIZd2XncSbwHaFE&pid=Api&P=0&h=180', 'provider', '2023-08-13 11:39:38', '2023-08-13 11:42:47', '2023-08-13 11:42:47'),
(83, 118, 3109, 8820, 21, '1', 'Amalgam Filling 1Surface', 'Amalgam Filling 1Surface', 'Amalgam Filling 1Surface', 1, '64d8c0f50e536', 25.00, NULL, 'https://tse4.mm.bing.net/th?id=OIP.bU6LhlwlD0ABIZd2XncSbwHaFE&pid=Api&P=0&h=180', 'provider', '2023-08-13 11:39:38', '2023-08-13 11:42:47', '2023-08-13 11:42:47'),
(84, 118, 3111, 8820, 21, '1', 'Pulpotomy', 'Pulpotomy', 'Pulpotomy', 1, '64d8c0f50e536', 25.00, NULL, 'https://tse4.mm.bing.net/th?id=OIP.bU6LhlwlD0ABIZd2XncSbwHaFE&pid=Api&P=0&h=180', 'provider', '2023-08-13 11:39:38', '2023-08-13 11:42:47', '2023-08-13 11:42:47'),
(85, 119, 3109, 8820, 21, '1', 'Amalgam Filling 1Surface', 'Amalgam Filling 1Surface', 'Amalgam Filling 1Surface', 1, '64d8c1b7642f3', 25.00, NULL, 'https://tse4.mm.bing.net/th?id=OIP.bU6LhlwlD0ABIZd2XncSbwHaFE&pid=Api&P=0&h=180', 'provider', '2023-08-13 11:42:51', '2023-08-13 11:46:10', '2023-08-13 11:46:10'),
(86, 119, 3111, 8820, 21, '1', 'Pulpotomy', 'Pulpotomy', 'Pulpotomy', 1, '64d8c1b7642f3', 25.00, NULL, 'https://tse4.mm.bing.net/th?id=OIP.bU6LhlwlD0ABIZd2XncSbwHaFE&pid=Api&P=0&h=180', 'provider', '2023-08-13 11:42:51', '2023-08-13 11:46:10', '2023-08-13 11:46:10'),
(87, 120, 3109, 8820, 21, '1', 'Amalgam Filling 1Surface', 'Amalgam Filling 1Surface', 'Amalgam Filling 1Surface', 1, '64d8c282277e7', 25.00, NULL, 'https://tse4.mm.bing.net/th?id=OIP.bU6LhlwlD0ABIZd2XncSbwHaFE&pid=Api&P=0&h=180', 'provider', '2023-08-13 11:46:17', '2023-08-13 11:46:17', NULL),
(88, 120, 3111, 8820, 21, '1', 'Pulpotomy', 'Pulpotomy', 'Pulpotomy', 1, '64d8c282277e7', 25.00, NULL, 'https://tse4.mm.bing.net/th?id=OIP.bU6LhlwlD0ABIZd2XncSbwHaFE&pid=Api&P=0&h=180', 'provider', '2023-08-13 11:46:17', '2023-08-13 11:46:17', NULL),
(89, 121, 3108, 8820, 21, '1', 'Panoramic Dental PXR', 'Panoramic Dental PXR', 'Panoramic Dental PXR', 1, '64d8c3bd4fc1a', 25.00, NULL, 'https://tse4.mm.bing.net/th?id=OIP.bU6LhlwlD0ABIZd2XncSbwHaFE&pid=Api&P=0&h=180', 'provider', '2023-08-13 11:51:32', '2023-08-13 11:53:44', '2023-08-13 11:53:44'),
(90, 122, 3109, 8820, 21, '1', 'Amalgam Filling 1Surface', 'Amalgam Filling 1Surface', 'Amalgam Filling 1Surface', 1, '64d8c44827e75', 25.00, NULL, 'https://tse4.mm.bing.net/th?id=OIP.bU6LhlwlD0ABIZd2XncSbwHaFE&pid=Api&P=0&h=180', 'provider', '2023-08-13 11:53:48', '2023-08-13 11:53:48', NULL),
(91, 122, 3111, 8820, 21, '1', 'Pulpotomy', 'Pulpotomy', 'Pulpotomy', 1, '64d8c44827e75', 25.00, NULL, 'https://tse4.mm.bing.net/th?id=OIP.bU6LhlwlD0ABIZd2XncSbwHaFE&pid=Api&P=0&h=180', 'provider', '2023-08-13 11:53:48', '2023-08-13 11:53:48', NULL),
(92, 122, 3113, 8820, 21, '1', 'Extraction of 3rd molar impacted in soft tissue', 'Extraction of 3rd molar impacted in soft tissue', 'Extraction of 3rd molar impacted in soft tissue', 1, '64d8c44827e75', 25.00, NULL, 'https://tse4.mm.bing.net/th?id=OIP.bU6LhlwlD0ABIZd2XncSbwHaFE&pid=Api&P=0&h=180', 'provider', '2023-08-13 11:53:48', '2023-08-13 11:53:48', NULL),
(93, 123, 3109, 8820, 21, '1', 'Amalgam Filling 1Surface', 'Amalgam Filling 1Surface', 'Amalgam Filling 1Surface', 1, '64d8c5434a615', 25.00, NULL, 'https://tse4.mm.bing.net/th?id=OIP.bU6LhlwlD0ABIZd2XncSbwHaFE&pid=Api&P=0&h=180', 'provider', '2023-08-13 11:57:59', '2023-08-13 11:58:26', '2023-08-13 11:58:26'),
(94, 123, 3111, 8820, 21, '1', 'Pulpotomy', 'Pulpotomy', 'Pulpotomy', 1, '64d8c5434a615', 25.00, NULL, 'https://tse4.mm.bing.net/th?id=OIP.bU6LhlwlD0ABIZd2XncSbwHaFE&pid=Api&P=0&h=180', 'provider', '2023-08-13 11:57:59', '2023-08-13 11:58:14', '2023-08-13 11:58:14'),
(95, 123, 3113, 8820, 21, '1', 'Extraction of 3rd molar impacted in soft tissue', 'Extraction of 3rd molar impacted in soft tissue', 'Extraction of 3rd molar impacted in soft tissue', 1, '64d8c5434a615', 25.00, NULL, 'https://tse4.mm.bing.net/th?id=OIP.bU6LhlwlD0ABIZd2XncSbwHaFE&pid=Api&P=0&h=180', 'provider', '2023-08-13 11:57:59', '2023-08-13 11:58:01', '2023-08-13 11:58:01'),
(96, 124, 3108, 8820, 21, '1', 'Panoramic Dental PXR', 'Panoramic Dental PXR', 'Panoramic Dental PXR', 1, '64d8c5a2e442e', 25.00, NULL, 'https://tse4.mm.bing.net/th?id=OIP.bU6LhlwlD0ABIZd2XncSbwHaFE&pid=Api&P=0&h=180', 'provider', '2023-08-13 11:59:35', '2023-08-13 11:59:35', NULL),
(97, 124, 3109, 8820, 21, '1', 'Amalgam Filling 1Surface', 'Amalgam Filling 1Surface', 'Amalgam Filling 1Surface', 1, '64d8c5a2e442e', 25.00, NULL, 'https://tse4.mm.bing.net/th?id=OIP.bU6LhlwlD0ABIZd2XncSbwHaFE&pid=Api&P=0&h=180', 'provider', '2023-08-13 11:59:35', '2023-08-13 11:59:45', '2023-08-13 11:59:45'),
(98, 124, 3111, 8820, 21, '1', 'Pulpotomy', 'Pulpotomy', 'Pulpotomy', 1, '64d8c5a2e442e', 25.00, NULL, 'https://tse4.mm.bing.net/th?id=OIP.bU6LhlwlD0ABIZd2XncSbwHaFE&pid=Api&P=0&h=180', 'provider', '2023-08-13 11:59:35', '2023-08-13 11:59:35', NULL),
(99, 124, 3113, 8820, 21, '1', 'Extraction of 3rd molar impacted in soft tissue', 'Extraction of 3rd molar impacted in soft tissue', 'Extraction of 3rd molar impacted in soft tissue', 1, '64d8c5a2e442e', 25.00, NULL, 'https://tse4.mm.bing.net/th?id=OIP.bU6LhlwlD0ABIZd2XncSbwHaFE&pid=Api&P=0&h=180', 'provider', '2023-08-13 11:59:35', '2023-08-13 11:59:35', NULL),
(100, 125, 3109, 8820, 21, '1', 'Amalgam Filling 1Surface', 'Amalgam Filling 1Surface', 'Amalgam Filling 1Surface', 1, '64d8c77b27005', 25.00, NULL, 'https://tse4.mm.bing.net/th?id=OIP.bU6LhlwlD0ABIZd2XncSbwHaFE&pid=Api&P=0&h=180', 'provider', '2023-08-13 12:07:30', '2023-08-13 12:07:53', '2023-08-13 12:07:53'),
(101, 125, 3111, 8820, 21, '1', 'Pulpotomy', 'Pulpotomy', 'Pulpotomy', 1, '64d8c77b27005', 25.00, NULL, 'https://tse4.mm.bing.net/th?id=OIP.bU6LhlwlD0ABIZd2XncSbwHaFE&pid=Api&P=0&h=180', 'provider', '2023-08-13 12:07:30', '2023-08-13 12:07:32', '2023-08-13 12:07:32'),
(102, 125, 3109, 8820, 21, '1', 'Amalgam Filling 1Surface', 'Amalgam Filling 1Surface', 'Amalgam Filling 1Surface', 1, '64d8c77b27005', 25.00, NULL, 'https://tse4.mm.bing.net/th?id=OIP.bU6LhlwlD0ABIZd2XncSbwHaFE&pid=Api&P=0&h=180', 'provider', '2023-08-13 12:08:51', '2023-08-13 12:08:56', '2023-08-13 12:08:56'),
(103, 125, 3111, 8820, 21, '1', 'Pulpotomy', 'Pulpotomy', 'Pulpotomy', 1, '64d8c77b27005', 25.00, NULL, 'https://tse4.mm.bing.net/th?id=OIP.bU6LhlwlD0ABIZd2XncSbwHaFE&pid=Api&P=0&h=180', 'provider', '2023-08-13 12:08:51', '2023-08-13 12:11:59', '2023-08-13 12:11:59'),
(104, 126, 3109, 8820, 21, '1', 'Amalgam Filling 1Surface', 'Amalgam Filling 1Surface', 'Amalgam Filling 1Surface', 1, '64d8c88f96de1', 25.00, NULL, 'https://tse4.mm.bing.net/th?id=OIP.bU6LhlwlD0ABIZd2XncSbwHaFE&pid=Api&P=0&h=180', 'provider', '2023-08-13 12:12:07', '2023-08-13 12:25:05', '2023-08-13 12:25:05'),
(105, 126, 3108, 8820, 21, '1', 'Panoramic Dental PXR', 'Panoramic Dental PXR', 'Panoramic Dental PXR', 1, '64d8c88f96de1', 25.00, NULL, 'https://tse4.mm.bing.net/th?id=OIP.bU6LhlwlD0ABIZd2XncSbwHaFE&pid=Api&P=0&h=180', 'provider', '2023-08-13 12:12:07', '2023-08-13 12:12:08', '2023-08-13 12:12:08'),
(106, 126, 3111, 8820, 21, '1', 'Pulpotomy', 'Pulpotomy', 'Pulpotomy', 1, '64d8c88f96de1', 25.00, NULL, 'https://tse4.mm.bing.net/th?id=OIP.bU6LhlwlD0ABIZd2XncSbwHaFE&pid=Api&P=0&h=180', 'provider', '2023-08-13 12:12:07', '2023-08-13 12:12:07', NULL),
(107, 127, 3108, 8820, 21, '1', 'Panoramic Dental PXR', 'Panoramic Dental PXR', 'Panoramic Dental PXR', 1, '64d8cc2beb95e', 25.00, NULL, 'https://tse4.mm.bing.net/th?id=OIP.bU6LhlwlD0ABIZd2XncSbwHaFE&pid=Api&P=0&h=180', 'provider', '2023-08-13 12:27:32', '2023-08-13 12:27:32', NULL),
(108, 127, 3109, 8820, 21, '1', 'Amalgam Filling 1Surface', 'Amalgam Filling 1Surface', 'Amalgam Filling 1Surface', 1, '64d8cc2beb95e', 25.00, NULL, 'https://tse4.mm.bing.net/th?id=OIP.bU6LhlwlD0ABIZd2XncSbwHaFE&pid=Api&P=0&h=180', 'provider', '2023-08-13 12:27:32', '2023-08-13 12:27:35', '2023-08-13 12:27:35'),
(109, 128, 3108, 8820, 21, '1', 'Panoramic Dental PXR', 'Panoramic Dental PXR', 'Panoramic Dental PXR', 1, '64d8cca0acea4', 25.00, NULL, 'https://tse4.mm.bing.net/th?id=OIP.bU6LhlwlD0ABIZd2XncSbwHaFE&pid=Api&P=0&h=180', 'provider', '2023-08-13 12:30:35', '2023-08-13 12:30:38', '2023-08-13 12:30:38'),
(110, 128, 3109, 8820, 21, '1', 'Amalgam Filling 1Surface', 'Amalgam Filling 1Surface', 'Amalgam Filling 1Surface', 1, '64d8cca0acea4', 25.00, NULL, 'https://tse4.mm.bing.net/th?id=OIP.bU6LhlwlD0ABIZd2XncSbwHaFE&pid=Api&P=0&h=180', 'provider', '2023-08-13 12:30:35', '2023-08-13 12:30:35', NULL),
(111, 128, 3111, 8820, 21, '1', 'Pulpotomy', 'Pulpotomy', 'Pulpotomy', 1, '64d8cca0acea4', 25.00, NULL, 'https://tse4.mm.bing.net/th?id=OIP.bU6LhlwlD0ABIZd2XncSbwHaFE&pid=Api&P=0&h=180', 'provider', '2023-08-13 12:30:35', '2023-08-13 12:30:35', NULL),
(112, 129, 3109, 8820, 21, '1', 'Amalgam Filling 1Surface', 'Amalgam Filling 1Surface', 'Amalgam Filling 1Surface', 1, '64d8cde3b4219', 25.00, NULL, 'https://tse4.mm.bing.net/th?id=OIP.bU6LhlwlD0ABIZd2XncSbwHaFE&pid=Api&P=0&h=180', 'provider', '2023-08-13 12:34:52', '2023-08-13 12:35:34', '2023-08-13 12:35:34'),
(113, 129, 3111, 8820, 21, '1', 'Pulpotomy', 'Pulpotomy', 'Pulpotomy', 1, '64d8cde3b4219', 25.00, NULL, 'https://tse4.mm.bing.net/th?id=OIP.bU6LhlwlD0ABIZd2XncSbwHaFE&pid=Api&P=0&h=180', 'provider', '2023-08-13 12:34:52', '2023-08-13 12:34:56', '2023-08-13 12:34:56'),
(114, 129, 3113, 8820, 21, '1', 'Extraction of 3rd molar impacted in soft tissue', 'Extraction of 3rd molar impacted in soft tissue', 'Extraction of 3rd molar impacted in soft tissue', 1, '64d8cde3b4219', 25.00, NULL, 'https://tse4.mm.bing.net/th?id=OIP.bU6LhlwlD0ABIZd2XncSbwHaFE&pid=Api&P=0&h=180', 'provider', '2023-08-13 12:34:52', '2023-08-13 12:35:25', '2023-08-13 12:35:25'),
(115, 129, 3108, 8820, 21, '1', 'Panoramic Dental PXR', 'Panoramic Dental PXR', 'Panoramic Dental PXR', 1, '64d8cde3b4219', 25.00, NULL, 'https://tse4.mm.bing.net/th?id=OIP.bU6LhlwlD0ABIZd2XncSbwHaFE&pid=Api&P=0&h=180', 'provider', '2023-08-13 12:36:37', '2023-08-13 12:36:37', NULL),
(116, 129, 3109, 8820, 21, '1', 'Amalgam Filling 1Surface', 'Amalgam Filling 1Surface', 'Amalgam Filling 1Surface', 1, '64d8cde3b4219', 25.00, NULL, 'https://tse4.mm.bing.net/th?id=OIP.bU6LhlwlD0ABIZd2XncSbwHaFE&pid=Api&P=0&h=180', 'provider', '2023-08-13 12:36:37', '2023-08-13 12:36:37', NULL),
(117, 129, 3111, 8820, 21, '1', 'Pulpotomy', 'Pulpotomy', 'Pulpotomy', 1, '64d8cde3b4219', 25.00, NULL, 'https://tse4.mm.bing.net/th?id=OIP.bU6LhlwlD0ABIZd2XncSbwHaFE&pid=Api&P=0&h=180', 'provider', '2023-08-13 12:36:37', '2023-08-13 12:36:37', NULL),
(118, 129, 3113, 8820, 21, '1', 'Extraction of 3rd molar impacted in soft tissue', 'Extraction of 3rd molar impacted in soft tissue', 'Extraction of 3rd molar impacted in soft tissue', 1, '64d8cde3b4219', 25.00, NULL, 'https://tse4.mm.bing.net/th?id=OIP.bU6LhlwlD0ABIZd2XncSbwHaFE&pid=Api&P=0&h=180', 'provider', '2023-08-13 12:36:37', '2023-08-13 12:36:37', NULL),
(119, 130, 3108, 8820, 21, '1', 'Panoramic Dental PXR', 'Panoramic Dental PXR', 'Panoramic Dental PXR', 1, '64d8ce9cdc30a', 25.00, NULL, 'https://tse4.mm.bing.net/th?id=OIP.bU6LhlwlD0ABIZd2XncSbwHaFE&pid=Api&P=0&h=180', 'provider', '2023-08-13 12:37:54', '2023-08-13 12:46:51', '2023-08-13 12:46:51'),
(120, 130, 3109, 8820, 21, '1', 'Amalgam Filling 1Surface', 'Amalgam Filling 1Surface', 'Amalgam Filling 1Surface', 1, '64d8ce9cdc30a', 25.00, NULL, 'https://tse4.mm.bing.net/th?id=OIP.bU6LhlwlD0ABIZd2XncSbwHaFE&pid=Api&P=0&h=180', 'provider', '2023-08-13 12:37:54', '2023-08-13 12:46:52', '2023-08-13 12:46:52'),
(121, 130, 3111, 8820, 21, '1', 'Pulpotomy', 'Pulpotomy', 'Pulpotomy', 1, '64d8ce9cdc30a', 25.00, NULL, 'https://tse4.mm.bing.net/th?id=OIP.bU6LhlwlD0ABIZd2XncSbwHaFE&pid=Api&P=0&h=180', 'provider', '2023-08-13 12:37:54', '2023-08-13 12:46:57', '2023-08-13 12:46:57'),
(122, 131, 1, 8819, 23, '4', 'CAIRO REHAB WALKER LE395 NO.3211™', 'CAIRO REHAB WALKER LE395 NO.3211™', 'CAIRO REHAB WALKER LE395 NO.3211™', 2, '64d8cfce443ee', 2000.00, 5.00, 'https://tse4.mm.bing.net/th?id=OIP.bU6LhlwlD0ABIZd2XncSbwHaFE&pid=Api&P=0&h=180', 'provider', '2023-08-13 12:43:06', '2023-08-13 13:03:34', '2023-08-13 13:03:34'),
(123, 131, 6, 8819, 23, '4', 'CHAIR TOWLET REF/696™#', 'CHAIR TOWLET REF/696™#', 'CHAIR TOWLET REF/696™#', 1, '64d8cfce443ee', 700.00, 0.00, 'https://tse4.mm.bing.net/th?id=OIP.bU6LhlwlD0ABIZd2XncSbwHaFE&pid=Api&P=0&h=180', 'provider', '2023-08-13 12:44:56', '2023-08-13 13:03:34', '2023-08-13 13:03:34'),
(124, 131, 14, 8819, 23, '4', 'STICK CRUTCH T SHAPE REF/930L(26) LE80™', 'STICK CRUTCH T SHAPE REF/930L(26) LE80™', 'STICK CRUTCH T SHAPE REF/930L(26) LE80™', 30, '64d8cfce443ee', 85.00, 0.00, 'https://tse4.mm.bing.net/th?id=OIP.bU6LhlwlD0ABIZd2XncSbwHaFE&pid=Api&P=0&h=180', 'provider', '2023-08-13 12:45:46', '2023-08-13 13:03:34', '2023-08-13 13:03:34'),
(125, 131, 45, 8819, 23, '4', 'ALPHA AMINO PROTOTYPE 216 120/TAB!!', 'ALPHA AMINO PROTOTYPE 216 120/TAB!!', 'ALPHA AMINO PROTOTYPE 216 120/TAB!!', 5, '64d8cfce443ee', 500.00, 0.00, 'https://tse4.mm.bing.net/th?id=OIP.bU6LhlwlD0ABIZd2XncSbwHaFE&pid=Api&P=0&h=180', 'provider', '2023-08-13 12:46:46', '2023-08-13 13:03:34', '2023-08-13 13:03:34'),
(126, 132, 3108, 8820, 21, '1', 'Panoramic Dental PXR', 'Panoramic Dental PXR', 'Panoramic Dental PXR', 1, '64d8d181ae6e2', 25.00, NULL, 'https://tse4.mm.bing.net/th?id=OIP.bU6LhlwlD0ABIZd2XncSbwHaFE&pid=Api&P=0&h=180', 'provider', '2023-08-13 12:50:20', '2023-08-13 12:50:26', '2023-08-13 12:50:26'),
(127, 132, 3109, 8820, 21, '1', 'Amalgam Filling 1Surface', 'Amalgam Filling 1Surface', 'Amalgam Filling 1Surface', 1, '64d8d181ae6e2', 25.00, NULL, 'https://tse4.mm.bing.net/th?id=OIP.bU6LhlwlD0ABIZd2XncSbwHaFE&pid=Api&P=0&h=180', 'provider', '2023-08-13 12:50:20', '2023-08-13 12:50:50', '2023-08-13 12:50:50'),
(128, 132, 3111, 8820, 21, '1', 'Pulpotomy', 'Pulpotomy', 'Pulpotomy', 1, '64d8d181ae6e2', 25.00, NULL, 'https://tse4.mm.bing.net/th?id=OIP.bU6LhlwlD0ABIZd2XncSbwHaFE&pid=Api&P=0&h=180', 'provider', '2023-08-13 12:50:20', '2023-08-13 12:51:01', '2023-08-13 12:51:01'),
(129, 133, 3108, 8820, 21, '1', 'Panoramic Dental PXR', 'Panoramic Dental PXR', 'Panoramic Dental PXR', 1, '64d8d2b2e76fe', 25.00, NULL, 'https://tse4.mm.bing.net/th?id=OIP.bU6LhlwlD0ABIZd2XncSbwHaFE&pid=Api&P=0&h=180', 'provider', '2023-08-13 12:55:19', '2023-08-13 12:55:21', '2023-08-13 12:55:21'),
(130, 133, 3109, 8820, 21, '1', 'Amalgam Filling 1Surface', 'Amalgam Filling 1Surface', 'Amalgam Filling 1Surface', 1, '64d8d2b2e76fe', 25.00, NULL, 'https://tse4.mm.bing.net/th?id=OIP.bU6LhlwlD0ABIZd2XncSbwHaFE&pid=Api&P=0&h=180', 'provider', '2023-08-13 12:55:19', '2023-08-13 12:56:53', '2023-08-13 12:56:53'),
(131, 133, 3111, 8820, 21, '1', 'Pulpotomy', 'Pulpotomy', 'Pulpotomy', 1, '64d8d2b2e76fe', 25.00, NULL, 'https://tse4.mm.bing.net/th?id=OIP.bU6LhlwlD0ABIZd2XncSbwHaFE&pid=Api&P=0&h=180', 'provider', '2023-08-13 12:55:19', '2023-08-13 12:55:19', NULL),
(132, 135, 3109, 8820, 21, '1', 'Amalgam Filling 1Surface', 'Amalgam Filling 1Surface', 'Amalgam Filling 1Surface', 1, '64d8dc8f26ba0', 25.00, NULL, 'https://tse4.mm.bing.net/th?id=OIP.bU6LhlwlD0ABIZd2XncSbwHaFE&pid=Api&P=0&h=180', 'provider', '2023-08-13 13:37:24', '2023-08-13 13:37:24', NULL),
(133, 135, 3111, 8820, 21, '1', 'Pulpotomy', 'Pulpotomy', 'Pulpotomy', 1, '64d8dc8f26ba0', 25.00, NULL, 'https://tse4.mm.bing.net/th?id=OIP.bU6LhlwlD0ABIZd2XncSbwHaFE&pid=Api&P=0&h=180', 'provider', '2023-08-13 13:37:24', '2023-08-13 13:37:26', '2023-08-13 13:37:26'),
(134, 136, 3108, 8820, 21, '1', 'Panoramic Dental PXR', 'Panoramic Dental PXR', 'Panoramic Dental PXR', 1, '64d8dd32e9d4c', 25.00, NULL, 'https://tse4.mm.bing.net/th?id=OIP.bU6LhlwlD0ABIZd2XncSbwHaFE&pid=Api&P=0&h=180', 'provider', '2023-08-13 13:40:14', '2023-08-13 13:40:17', '2023-08-13 13:40:17'),
(135, 136, 3109, 8820, 21, '1', 'Amalgam Filling 1Surface', 'Amalgam Filling 1Surface', 'Amalgam Filling 1Surface', 1, '64d8dd32e9d4c', 25.00, NULL, 'https://tse4.mm.bing.net/th?id=OIP.bU6LhlwlD0ABIZd2XncSbwHaFE&pid=Api&P=0&h=180', 'provider', '2023-08-13 13:40:14', '2023-08-13 13:40:20', '2023-08-13 13:40:20'),
(136, 136, 3111, 8820, 21, '1', 'Pulpotomy', 'Pulpotomy', 'Pulpotomy', 1, '64d8dd32e9d4c', 25.00, NULL, 'https://tse4.mm.bing.net/th?id=OIP.bU6LhlwlD0ABIZd2XncSbwHaFE&pid=Api&P=0&h=180', 'provider', '2023-08-13 13:40:14', '2023-08-13 13:40:14', NULL),
(142, 138, 3109, 8820, 21, '1', 'Amalgam Filling 1Surface', 'Amalgam Filling 1Surface', 'Amalgam Filling 1Surface', 1, '64d8df999913b', 25.00, NULL, 'https://tse4.mm.bing.net/th?id=OIP.bU6LhlwlD0ABIZd2XncSbwHaFE&pid=Api&P=0&h=180', 'provider', '2023-08-13 13:51:13', '2023-08-13 13:51:15', '2023-08-13 13:51:15'),
(138, 137, 3109, 8820, 21, '1', 'Amalgam Filling 1Surface', 'Amalgam Filling 1Surface', 'Amalgam Filling 1Surface', 1, '64d8de164f4e5', 25.00, NULL, 'https://tse4.mm.bing.net/th?id=OIP.bU6LhlwlD0ABIZd2XncSbwHaFE&pid=Api&P=0&h=180', 'provider', '2023-08-13 13:44:02', '2023-08-13 13:44:02', NULL),
(139, 137, 3111, 8820, 21, '1', 'Pulpotomy', 'Pulpotomy', 'Pulpotomy', 1, '64d8de164f4e5', 25.00, NULL, 'https://tse4.mm.bing.net/th?id=OIP.bU6LhlwlD0ABIZd2XncSbwHaFE&pid=Api&P=0&h=180', 'provider', '2023-08-13 13:44:02', '2023-08-13 13:44:09', '2023-08-13 13:44:09'),
(143, 139, 3109, 8820, 21, '1', 'Amalgam Filling 1Surface', 'Amalgam Filling 1Surface', 'Amalgam Filling 1Surface', 1, '64d8e07222106', 25.00, NULL, 'https://tse4.mm.bing.net/th?id=OIP.bU6LhlwlD0ABIZd2XncSbwHaFE&pid=Api&P=0&h=180', 'provider', '2023-08-13 13:54:02', '2023-08-13 13:54:21', '2023-08-13 13:54:21'),
(144, 139, 3111, 8820, 21, '1', 'Pulpotomy', 'Pulpotomy', 'Pulpotomy', 1, '64d8e07222106', 25.00, NULL, 'https://tse4.mm.bing.net/th?id=OIP.bU6LhlwlD0ABIZd2XncSbwHaFE&pid=Api&P=0&h=180', 'provider', '2023-08-13 13:54:02', '2023-08-13 13:54:03', '2023-08-13 13:54:03'),
(145, 140, 3108, 8820, 21, '1', 'Panoramic Dental PXR', 'Panoramic Dental PXR', 'Panoramic Dental PXR', 1, '64d8e0b2cf788', 25.00, NULL, 'https://tse4.mm.bing.net/th?id=OIP.bU6LhlwlD0ABIZd2XncSbwHaFE&pid=Api&P=0&h=180', 'provider', '2023-08-13 13:58:43', '2023-08-13 13:58:46', '2023-08-13 13:58:46'),
(146, 140, 3109, 8820, 21, '1', 'Amalgam Filling 1Surface', 'Amalgam Filling 1Surface', 'Amalgam Filling 1Surface', 1, '64d8e0b2cf788', 25.00, NULL, 'https://tse4.mm.bing.net/th?id=OIP.bU6LhlwlD0ABIZd2XncSbwHaFE&pid=Api&P=0&h=180', 'provider', '2023-08-13 13:58:43', '2023-08-13 14:02:02', '2023-08-13 14:02:02'),
(147, 140, 3111, 8820, 21, '1', 'Pulpotomy', 'Pulpotomy', 'Pulpotomy', 1, '64d8e0b2cf788', 25.00, NULL, 'https://tse4.mm.bing.net/th?id=OIP.bU6LhlwlD0ABIZd2XncSbwHaFE&pid=Api&P=0&h=180', 'provider', '2023-08-13 13:58:43', '2023-08-13 14:02:02', '2023-08-13 14:02:02'),
(148, 141, 3108, 8820, 21, '1', 'Panoramic Dental PXR', 'Panoramic Dental PXR', 'Panoramic Dental PXR', 1, '64d8e25a08708', 25.00, NULL, 'https://tse4.mm.bing.net/th?id=OIP.bU6LhlwlD0ABIZd2XncSbwHaFE&pid=Api&P=0&h=180', 'provider', '2023-08-13 14:02:20', '2023-08-13 14:04:44', '2023-08-13 14:04:44'),
(149, 141, 3109, 8820, 21, '1', 'Amalgam Filling 1Surface', 'Amalgam Filling 1Surface', 'Amalgam Filling 1Surface', 1, '64d8e25a08708', 25.00, NULL, 'https://tse4.mm.bing.net/th?id=OIP.bU6LhlwlD0ABIZd2XncSbwHaFE&pid=Api&P=0&h=180', 'provider', '2023-08-13 14:02:20', '2023-08-13 14:05:03', '2023-08-13 14:05:03'),
(150, 141, 3111, 8820, 21, '1', 'Pulpotomy', 'Pulpotomy', 'Pulpotomy', 1, '64d8e25a08708', 25.00, NULL, 'https://tse4.mm.bing.net/th?id=OIP.bU6LhlwlD0ABIZd2XncSbwHaFE&pid=Api&P=0&h=180', 'provider', '2023-08-13 14:02:20', '2023-08-13 14:04:48', '2023-08-13 14:04:48'),
(151, 142, 3108, 8820, 21, '1', 'Panoramic Dental PXR', 'Panoramic Dental PXR', 'Panoramic Dental PXR', 1, '64d8e30f77167', 25.00, NULL, 'https://tse4.mm.bing.net/th?id=OIP.bU6LhlwlD0ABIZd2XncSbwHaFE&pid=Api&P=0&h=180', 'provider', '2023-08-13 14:05:08', '2023-08-13 14:05:10', '2023-08-13 14:05:10'),
(152, 142, 3109, 8820, 21, '1', 'Amalgam Filling 1Surface', 'Amalgam Filling 1Surface', 'Amalgam Filling 1Surface', 1, '64d8e30f77167', 25.00, NULL, 'https://tse4.mm.bing.net/th?id=OIP.bU6LhlwlD0ABIZd2XncSbwHaFE&pid=Api&P=0&h=180', 'provider', '2023-08-13 14:05:08', '2023-08-13 14:05:13', '2023-08-13 14:05:13'),
(154, 144, 3108, 8820, 21, '1', 'Panoramic Dental PXR', 'Panoramic Dental PXR', 'Panoramic Dental PXR', 1, '64d8e42f52c9e', 25.00, NULL, 'https://tse4.mm.bing.net/th?id=OIP.bU6LhlwlD0ABIZd2XncSbwHaFE&pid=Api&P=0&h=180', 'provider', '2023-08-13 14:09:59', '2023-08-13 14:10:01', '2023-08-13 14:10:01'),
(155, 144, 3109, 8820, 21, '1', 'Amalgam Filling 1Surface', 'Amalgam Filling 1Surface', 'Amalgam Filling 1Surface', 1, '64d8e42f52c9e', 25.00, NULL, 'https://tse4.mm.bing.net/th?id=OIP.bU6LhlwlD0ABIZd2XncSbwHaFE&pid=Api&P=0&h=180', 'provider', '2023-08-13 14:09:59', '2023-08-13 14:10:04', '2023-08-13 14:10:04'),
(157, 145, 3108, 8820, 21, '1', 'Panoramic Dental PXR', 'Panoramic Dental PXR', 'Panoramic Dental PXR', 1, '64d8e4de2d107', 25.00, NULL, 'https://tse4.mm.bing.net/th?id=OIP.bU6LhlwlD0ABIZd2XncSbwHaFE&pid=Api&P=0&h=180', 'provider', '2023-08-13 14:12:52', '2023-08-13 14:12:54', '2023-08-13 14:12:54'),
(158, 145, 3109, 8820, 21, '1', 'Amalgam Filling 1Surface', 'Amalgam Filling 1Surface', 'Amalgam Filling 1Surface', 1, '64d8e4de2d107', 25.00, NULL, 'https://tse4.mm.bing.net/th?id=OIP.bU6LhlwlD0ABIZd2XncSbwHaFE&pid=Api&P=0&h=180', 'provider', '2023-08-13 14:12:52', '2023-08-13 14:12:52', NULL),
(159, 145, 3111, 8820, 21, '1', 'Pulpotomy', 'Pulpotomy', 'Pulpotomy', 1, '64d8e4de2d107', 25.00, NULL, 'https://tse4.mm.bing.net/th?id=OIP.bU6LhlwlD0ABIZd2XncSbwHaFE&pid=Api&P=0&h=180', 'provider', '2023-08-13 14:12:52', '2023-08-13 14:12:52', NULL),
(160, 145, 3108, 8820, 21, '1', 'Panoramic Dental PXR', 'Panoramic Dental PXR', 'Panoramic Dental PXR', 1, '64d8e4de2d107', 25.00, NULL, 'https://tse4.mm.bing.net/th?id=OIP.bU6LhlwlD0ABIZd2XncSbwHaFE&pid=Api&P=0&h=180', 'provider', '2023-08-13 14:26:18', '2023-08-13 14:26:18', NULL),
(161, 146, 1, 8819, 23, '4', 'CAIRO REHAB WALKER LE395 NO.3211™', 'CAIRO REHAB WALKER LE395 NO.3211™', 'CAIRO REHAB WALKER LE395 NO.3211™', 5, '64d8eba68208b', 2000.00, 5.00, 'https://tse4.mm.bing.net/th?id=OIP.bU6LhlwlD0ABIZd2XncSbwHaFE&pid=Api&P=0&h=180', 'provider', '2023-08-13 14:42:02', '2023-08-14 07:15:47', '2023-08-14 07:15:47'),
(162, 151, 2, 8819, 23, '4', 'CAIRO REHAB WALKER NO.3212/3202 SL™', 'CAIRO REHAB WALKER NO.3212/3202 SL™', 'CAIRO REHAB WALKER NO.3212/3202 SL™', 5, '64d9f3bb23203', 200.00, 0.00, 'https://tse4.mm.bing.net/th?id=OIP.bU6LhlwlD0ABIZd2XncSbwHaFE&pid=Api&P=0&h=180', 'provider', '2023-08-14 09:28:58', '2023-08-14 12:33:43', '2023-08-14 12:33:43');

-- --------------------------------------------------------

--
-- Table structure for table `discountcard_socket_io_data`
--

CREATE TABLE `discountcard_socket_io_data` (
  `id` int NOT NULL,
  `type_id` int NOT NULL DEFAULT '0',
  `type` enum('customer','provider') CHARACTER SET utf8mb4 COLLATE utf8mb4_unicode_ci NOT NULL,
  `socket_id` varchar(255) CHARACTER SET utf8mb4 COLLATE utf8mb4_unicode_ci DEFAULT NULL,
  `created_at` timestamp NULL DEFAULT NULL
) ENGINE=InnoDB DEFAULT CHARSET=utf8mb4 COLLATE=utf8mb4_unicode_ci;

-- --------------------------------------------------------

--
-- Table structure for table `discountcard_sponsor_categories`
--

CREATE TABLE `discountcard_sponsor_categories` (
  `id` bigint UNSIGNED NOT NULL,
  `sponsor_category_title_en` varchar(191) CHARACTER SET utf8mb4 COLLATE utf8mb4_unicode_ci NOT NULL,
  `sponsor_category_title_ar` varchar(191) CHARACTER SET utf8mb4 COLLATE utf8mb4_unicode_ci DEFAULT NULL,
  `icon_dir` varchar(191) CHARACTER SET utf8mb4 COLLATE utf8mb4_unicode_ci DEFAULT NULL,
  `icon` varchar(191) CHARACTER SET utf8mb4 COLLATE utf8mb4_unicode_ci DEFAULT NULL,
  `created_at` timestamp NULL DEFAULT NULL,
  `updated_at` timestamp NULL DEFAULT NULL,
  `deleted_at` timestamp NULL DEFAULT NULL,
  `deleted_by` int NOT NULL DEFAULT '0'
) ENGINE=MyISAM DEFAULT CHARSET=utf8mb4 COLLATE=utf8mb4_unicode_ci;

--
-- Dumping data for table `discountcard_sponsor_categories`
--

INSERT INTO `discountcard_sponsor_categories` (`id`, `sponsor_category_title_en`, `sponsor_category_title_ar`, `icon_dir`, `icon`, `created_at`, `updated_at`, `deleted_at`, `deleted_by`) VALUES
(2, 'Main Sponsors', NULL, NULL, 'https://th.bing.com/th/id/OIP.avv8MoOBfiSq173nDCJzXwHaHa?pid=ImgDet&rs=1', '2023-03-13 09:46:09', '2023-03-13 13:19:02', NULL, 0),
(10, 'Silver', NULL, NULL, NULL, '2023-06-05 15:35:15', '2023-08-20 12:07:29', NULL, 0),
(8, 'Golden', NULL, NULL, NULL, '2023-05-02 08:14:35', '2023-05-02 08:14:35', NULL, 0),
(11, 'sdfsdf', 'sgdsgd', NULL, NULL, '2023-07-17 10:49:15', '2023-07-18 08:44:57', '2023-07-18 08:44:57', 1),
(12, 'gfhfghf', NULL, '/images/sponsor_categories/2023/07/17/', 'sponsor_categories_6996_1689591198.png', '2023-07-17 10:53:18', '2023-07-18 08:44:52', '2023-07-18 08:44:52', 0),
(13, 'test', 'test', '/images/sponsor_categories/2023/08/20/', 'sponsor_categories_5226_1692533287.png', '2023-08-20 12:07:50', '2023-08-20 12:08:35', '2023-08-20 12:08:35', 1);

-- --------------------------------------------------------

--
-- Table structure for table `discountcard_sponsor_lists`
--

CREATE TABLE `discountcard_sponsor_lists` (
  `id` bigint UNSIGNED NOT NULL,
  `sponsor_name_en` varchar(191) CHARACTER SET utf8mb4 COLLATE utf8mb4_unicode_ci NOT NULL,
  `sponsor_name_ar` varchar(191) CHARACTER SET utf8mb4 COLLATE utf8mb4_unicode_ci DEFAULT NULL,
  `logo_dir` varchar(191) CHARACTER SET utf8mb4 COLLATE utf8mb4_unicode_ci DEFAULT NULL,
  `logo` varchar(191) CHARACTER SET utf8mb4 COLLATE utf8mb4_unicode_ci DEFAULT NULL,
  `sponsor_description_en` text CHARACTER SET utf8mb4 COLLATE utf8mb4_unicode_ci,
  `sponsor_description_ar` varchar(191) CHARACTER SET utf8mb4 COLLATE utf8mb4_unicode_ci DEFAULT NULL,
  `link` varchar(191) CHARACTER SET utf8mb4 COLLATE utf8mb4_unicode_ci DEFAULT NULL,
  `category_id` bigint UNSIGNED DEFAULT NULL,
  `created_at` timestamp NULL DEFAULT NULL,
  `updated_at` timestamp NULL DEFAULT NULL,
  `deleted_at` timestamp NULL DEFAULT NULL,
  `deleted_by` int NOT NULL DEFAULT '0'
) ENGINE=MyISAM DEFAULT CHARSET=utf8mb4 COLLATE=utf8mb4_unicode_ci;

--
-- Dumping data for table `discountcard_sponsor_lists`
--

INSERT INTO `discountcard_sponsor_lists` (`id`, `sponsor_name_en`, `sponsor_name_ar`, `logo_dir`, `logo`, `sponsor_description_en`, `sponsor_description_ar`, `link`, `category_id`, `created_at`, `updated_at`, `deleted_at`, `deleted_by`) VALUES
(1, 'Med Right', NULL, '/images/sponsor_lists/2023/09/27/', 'sponsor_lists_112_1695821447.png', 'Welcome To Med Right For Medical Services\r\nMed Right is a leading national corporate offering various medical services and healthcare management solutions for companies and groups in Egypt.\r\nMed Right is a client-oriented organization , driven by a definite goal to excel in the way our beneficiaries get health care services, we launched our mobile application in 2013, being the first company in the Egyptian market to use the mobile applications’ technology to empower its operation.\r\nOn the top of everything we gained across the years, gaining our clients’ trust has always been and will forever remain the greatest reward.\r\nThat’s why, we promise that we will never spare an effort to provide you with the finest health care quality and will always strive help you get the right services.', NULL, 'https://med-right.com/', 2, '2023-03-13 09:48:29', '2023-09-27 13:30:47', NULL, 0),
(6, 'Medical Resources', NULL, '/images/sponsor_lists/2023/09/27/', 'sponsor_lists_9877_1695821338.png', 'Medical Resources', NULL, 'http://medical-resources.net/', 8, '2023-06-05 15:30:40', '2023-09-27 13:28:58', NULL, 0),
(7, 'Ain Al Hayah Hospital', NULL, '/images/sponsor_lists/2023/09/27/', 'sponsor_lists_7846_1695821307.png', 'Ain Al Hayah Hospital', NULL, 'Ain-Al-Hayah-Hospital.com', 10, '2023-06-05 15:34:55', '2023-09-27 13:28:27', NULL, 0),
(8, 'sdfsdf', NULL, '/images/sponsor_lists/2023/07/17/', 'sponsor_lists_624_1689594554.png', NULL, NULL, NULL, 11, '2023-07-17 11:49:14', '2023-07-18 08:46:37', '2023-07-18 08:46:37', 0),
(9, 'dfgdg', 'dfgdg', NULL, NULL, 'dgd', 'dgfdf', NULL, 2, '2023-07-18 08:46:46', '2023-07-18 08:46:56', '2023-07-18 08:46:56', 1),
(10, 'Test Sponsor', 'تجربة', '/images/sponsor_lists/2023/07/19/', 'sponsor_lists_8188_1689756882.png', 'Test', 'للتجربة', 'https://www.google.com', 8, '2023-07-19 08:54:42', '2023-08-13 09:22:19', '2023-08-13 09:22:19', 0),
(11, 'test', 'test', '/images/sponsor_lists/2023/08/20/', 'sponsor_lists_3303_1692533559.png', 'test', 'test', 'google.com', 2, '2023-08-20 12:12:39', '2023-08-20 12:13:23', '2023-08-20 12:13:23', 0),
(12, '0', '0', NULL, NULL, '0', '0', '0', NULL, '2023-08-20 12:13:37', '2023-08-20 12:15:59', '2023-08-20 12:15:59', 1),
(13, '0', '0', NULL, NULL, '0', '0', '0', 10, '2023-08-20 12:13:54', '2023-08-20 12:15:59', '2023-08-20 12:15:59', 1),
(14, '0', '0', NULL, NULL, '0', '00', '0', 8, '2023-08-20 12:14:12', '2023-08-20 12:14:24', '2023-08-20 12:14:24', 0),
(15, '00000000000000000000000000000000000000000000000000000000000000000000000000000000000000000000000000000000000000000000000000000', '00000000000000000000000000000000000000000000000000000000000000000000000000000000000000000000000000000000000000000000000000000', NULL, NULL, '00000000000000000000000000000000000000000000000000000000000000000000000000000000000000000000000000000000000000000000000000000', '00000000000000000000000000000000000000000000000000000000000000000000000000000000000000000000000000000000000000000000000000000', '00000000000000000000000000000000000000000000000000000000000000000000000000000000000000000000000000000000000000000000000000000', 8, '2023-08-20 12:14:54', '2023-08-20 12:15:08', '2023-08-20 12:15:08', 1),
(16, 'ASTRA TECH', 'ASTRA TECH', '/images/sponsor_lists/2023/09/27/', 'sponsor_lists_141_1695821480.png', 'ASTRA TECH', 'ASTRA TECH', 'astra-tech.net', 2, '2023-09-27 13:31:20', '2023-09-27 13:31:20', NULL, 0);

-- --------------------------------------------------------

--
-- Table structure for table `discountcard_subscription_transaction`
--

CREATE TABLE `discountcard_subscription_transaction` (
  `id` bigint UNSIGNED NOT NULL,
  `payment_transaction_id` varchar(191) CHARACTER SET utf8mb4 COLLATE utf8mb4_unicode_ci DEFAULT NULL,
  `customer_list_id` int NOT NULL DEFAULT '0',
  `payment_method` varchar(191) CHARACTER SET utf8mb4 COLLATE utf8mb4_unicode_ci NOT NULL,
  `amount` double(8,2) DEFAULT NULL,
  `status` varchar(191) CHARACTER SET utf8mb4 COLLATE utf8mb4_unicode_ci DEFAULT NULL,
  `promotion_code` varchar(255) COLLATE utf8mb4_unicode_ci DEFAULT NULL,
  `start_date` timestamp NULL DEFAULT NULL,
  `end_date` timestamp NULL DEFAULT NULL,
  `deleted_at` timestamp NULL DEFAULT NULL,
  `created_at` timestamp NULL DEFAULT NULL,
  `updated_at` timestamp NULL DEFAULT NULL
) ENGINE=InnoDB DEFAULT CHARSET=utf8mb4 COLLATE=utf8mb4_unicode_ci;

--
-- Dumping data for table `discountcard_subscription_transaction`
--

INSERT INTO `discountcard_subscription_transaction` (`id`, `payment_transaction_id`, `customer_list_id`, `payment_method`, `amount`, `status`, `promotion_code`, `start_date`, `end_date`, `deleted_at`, `created_at`, `updated_at`) VALUES
(1, '25255431', 47, 'paymob', NULL, 'success', NULL, '2023-09-01 14:26:33', '2023-09-19 14:26:33', NULL, NULL, '2023-09-11 11:37:11'),
(2, '150296176', 58, 'paymob', NULL, 'success', NULL, '2023-09-13 00:00:00', '2024-09-13 00:00:00', NULL, '2023-09-13 15:26:31', '2023-09-13 15:26:31'),
(3, '150296176', 58, 'paymob', NULL, 'success', NULL, '2023-09-13 00:00:00', '2024-09-13 00:00:00', NULL, '2023-09-13 15:28:22', '2023-09-13 15:28:22'),
(8, '132792718', 74, 'PayMob', 100.00, 'sucess', NULL, '2023-09-18 00:00:00', '2024-09-18 00:00:00', NULL, '2023-09-18 16:34:56', '2023-09-18 16:34:56'),
(9, '2424', 74, 'paymob', 200.00, 'success', NULL, '2023-09-18 00:00:00', '2024-09-18 00:00:00', NULL, '2023-09-18 16:35:54', '2023-09-18 16:35:54'),
(10, '2424', 74, 'paymob', 200.00, 'success', NULL, '2023-09-18 00:00:00', '2024-09-18 00:00:00', NULL, '2023-09-18 16:36:02', '2023-09-18 16:36:02'),
(11, '2424', 74, 'paymob', 200.00, 'success', NULL, '2023-09-18 00:00:00', '2024-09-18 00:00:00', NULL, '2023-09-18 16:36:05', '2023-09-18 16:36:05'),
(12, '132794162', 72, 'PayMob', 100.00, 'sucess', NULL, '2023-09-18 00:00:00', '2024-09-18 00:00:00', NULL, '2023-09-18 16:44:26', '2023-09-18 16:44:26'),
(13, '132794721', 72, 'PayMob', 100.00, 'success', NULL, '2023-09-18 00:00:00', '2024-09-18 00:00:00', NULL, '2023-09-18 16:48:20', '2023-09-18 16:48:20'),
(14, '133108770', 75, 'PayMob', 180.00, 'success', 'x9T1JE', '2023-09-20 00:00:00', '2024-09-20 00:00:00', NULL, '2023-09-20 11:26:26', '2023-09-20 11:26:26'),
(15, '133155502', 85, 'PayMob', 100.00, 'success', NULL, '2023-09-20 00:00:00', '2024-09-20 00:00:00', NULL, '2023-09-20 16:42:42', '2023-09-20 16:42:42'),
(16, '133160430', 86, 'PayMob', 100.00, 'success', NULL, '2023-09-20 00:00:00', '2024-09-20 00:00:00', NULL, '2023-09-20 17:11:59', '2023-09-20 17:11:59'),
(17, '133165279', 87, 'PayMob', 100.00, 'success', NULL, '2023-09-20 00:00:00', '2024-09-20 00:00:00', NULL, '2023-09-20 17:36:30', '2023-09-20 17:36:30'),
(18, '133175092', 89, 'PayMob', 100.00, 'success', NULL, '2023-09-20 00:00:00', '2024-09-20 00:00:00', NULL, '2023-09-20 18:28:38', '2023-09-20 18:28:38'),
(19, '133176174', 90, 'PayMob', 100.00, 'success', NULL, '2023-09-20 00:00:00', '2024-09-20 00:00:00', NULL, '2023-09-20 18:34:30', '2023-09-20 18:34:30'),
(21, '133310902', 93, 'PayMob', 200.00, 'success', NULL, '2023-09-21 00:00:00', '2024-09-21 00:00:00', NULL, '2023-09-21 13:53:45', '2023-09-21 13:53:45'),
(22, '133314395', 94, 'PayMob', 200.00, 'success', NULL, '2023-09-21 00:00:00', '2024-09-21 00:00:00', NULL, '2023-09-21 14:14:43', '2023-09-21 14:14:43'),
(23, '133319998', 95, 'PayMob', 85.00, 'success', 'tt8Lhx', '2023-09-21 00:00:00', '2024-09-21 00:00:00', NULL, '2023-09-21 14:47:59', '2023-09-21 14:47:59'),
(24, '133320860', 96, 'PayMob', 85.00, 'success', 'tt8Lhx', '2023-09-21 00:00:00', '2024-09-21 00:00:00', NULL, '2023-09-21 14:53:04', '2023-09-21 14:53:04'),
(25, '133880499', 55, 'PayMob', 100.00, 'success', NULL, '2023-09-24 00:00:00', '2024-09-24 00:00:00', NULL, '2023-09-24 15:16:07', '2023-09-24 15:16:07'),
(26, '134347496', 115, 'PayMob', 200.00, 'success', NULL, '2023-09-26 00:00:00', '2024-09-26 00:00:00', NULL, '2023-09-26 20:23:23', '2023-09-26 20:23:23'),
(27, '134379058', 116, 'PayMob', 100.00, 'success', NULL, '2023-09-26 00:00:00', '2024-09-26 00:00:00', NULL, '2023-09-26 22:17:09', '2023-09-26 22:17:09'),
(28, '134440443', 117, 'PayMob', 70.00, 'success', 'mright', '2023-09-27 00:00:00', '2024-09-27 00:00:00', NULL, '2023-09-27 10:12:24', '2023-09-27 10:12:24'),
(29, '134447153', 118, 'PayMob', 140.00, 'success', 'mright', '2023-09-27 00:00:00', '2024-09-27 00:00:00', NULL, '2023-09-27 11:12:38', '2023-09-27 11:12:38'),
(30, '134499238', 120, 'PayMob', 70.00, 'success', 'mright', '2023-09-27 00:00:00', '2024-09-27 00:00:00', NULL, '2023-09-27 16:07:08', '2023-09-27 16:07:08'),
(31, '134602997', 128, 'PayMob', 100.00, 'success', NULL, '2023-09-27 00:00:00', '2024-09-27 00:00:00', NULL, '2023-09-27 23:15:39', '2023-09-27 23:15:39'),
(32, '134608475', 129, 'PayMob', 100.00, 'success', NULL, '2023-09-27 00:00:00', '2024-09-27 00:00:00', NULL, '2023-09-27 23:40:01', '2023-09-27 23:40:01'),
(33, '134612061', 130, 'PayMob', 100.00, 'success', NULL, '2023-09-27 00:00:00', '2024-09-27 00:00:00', NULL, '2023-09-27 23:56:30', '2023-09-27 23:56:30'),
(34, '134624573', 133, 'PayMob', 70.00, 'success', 'mright', '2023-09-28 00:00:00', '2024-09-28 00:00:00', NULL, '2023-09-28 01:10:13', '2023-09-28 01:10:13'),
(35, '134655958', 134, 'PayMob', 100.00, 'success', NULL, '2023-09-28 00:00:00', '2024-09-28 00:00:00', NULL, '2023-09-28 11:12:23', '2023-09-28 11:12:23'),
(36, '134706519', 132, 'PayMob', 70.00, 'success', 'mright', '2023-09-28 00:00:00', '2024-09-28 00:00:00', NULL, '2023-09-28 16:16:25', '2023-09-28 16:16:25'),
(37, '134709140', 135, 'PayMob', 200.00, 'success', NULL, '2023-09-28 00:00:00', '2024-09-28 00:00:00', NULL, '2023-09-28 16:30:34', '2023-09-28 16:30:34'),
(38, '134715971', 136, 'PayMob', 140.00, 'success', 'mright', '2023-09-28 00:00:00', '2024-09-28 00:00:00', NULL, '2023-09-28 17:05:53', '2023-09-28 17:05:53'),
(39, '134766498', 138, 'PayMob', 140.00, 'success', 'mright', '2023-09-28 00:00:00', '2024-09-28 00:00:00', NULL, '2023-09-28 20:58:07', '2023-09-28 20:58:07'),
(40, '134771676', 139, 'PayMob', 70.00, 'success', 'mright', '2023-09-28 00:00:00', '2024-09-28 00:00:00', NULL, '2023-09-28 21:18:12', '2023-09-28 21:18:12'),
(41, '135201944', 140, 'PayMob', 70.00, 'success', 'mright', '2023-09-30 00:00:00', '2024-09-30 00:00:00', NULL, '2023-09-30 23:01:45', '2023-09-30 23:01:45'),
(42, '135287939', 114, 'PayMob', 100.00, 'success', NULL, '2023-10-01 00:00:00', '2024-10-01 00:00:00', NULL, '2023-10-01 12:00:09', '2023-10-01 12:00:09'),
(43, '135289500', 143, 'PayMob', 140.00, 'success', 'mright', '2023-10-01 00:00:00', '2024-10-01 00:00:00', NULL, '2023-10-01 12:07:00', '2023-10-01 12:07:00'),
(44, '135426182', 147, 'PayMob', 70.00, 'success', 'mright', '2023-10-01 00:00:00', '2024-10-01 00:00:00', NULL, '2023-10-01 20:48:00', '2023-10-01 20:48:00');

-- --------------------------------------------------------

--
-- Table structure for table `discountcard_utilties`
--

CREATE TABLE `discountcard_utilties` (
  `id` bigint UNSIGNED NOT NULL,
  `terms_conditions_en` json DEFAULT NULL,
  `terms_conditions_ar` json DEFAULT NULL,
  `about_us_en` json DEFAULT NULL,
  `about_us_ar` json DEFAULT NULL,
  `copyright_en` json DEFAULT NULL,
  `copyright_ar` json DEFAULT NULL,
  `disclaimer_en` json DEFAULT NULL,
  `disclaimer_ar` json DEFAULT NULL,
  `created_at` timestamp NULL DEFAULT NULL,
  `updated_at` timestamp NULL DEFAULT NULL
) ENGINE=InnoDB DEFAULT CHARSET=utf8mb4 COLLATE=utf8mb4_unicode_ci;

--
-- Dumping data for table `discountcard_utilties`
--

INSERT INTO `discountcard_utilties` (`id`, `terms_conditions_en`, `terms_conditions_ar`, `about_us_en`, `about_us_ar`, `copyright_en`, `copyright_ar`, `disclaimer_en`, `disclaimer_ar`, `created_at`, `updated_at`) VALUES
(1, '[{\"title\": \"Title 1\", \"descriptions\": {\"description 1\": \"Lorem ipsum dolor sit amet consectetur adipisicing elit. Iusto veniam provident laborum at ex. Dignissimos commodi id consectetur reiciendis incidunt dolorem alias laboriosam quia, sequi magnam officiis distinctio sapiente dolorum?\", \"description 2\": \"Lorem ipsum dolor sit amet consectetur adipisicing elit. Iusto veniam provident laborum at ex. Dignissimos commodi id consectetur reiciendis incidunt dolorem alias laboriosam quia, sequi magnam officiis distinctio sapiente dolorum?\", \"description 3\": \"Lorem ipsum dolor sit amet consectetur adipisicing elit. Iusto veniam provident laborum at ex. Dignissimos commodi id consectetur reiciendis incidunt dolorem alias laboriosam quia, sequi magnam officiis distinctio sapiente dolorum?\"}}, {\"title\": \"Title 2\", \"descriptions\": {\"description 1\": \"Lorem ipsum dolor sit amet consectetur adipisicing elit. Iusto veniam provident laborum at ex. Dignissimos commodi id consectetur reiciendis incidunt dolorem alias laboriosam quia, sequi magnam officiis distinctio sapiente dolorum?\", \"description 2\": \"Lorem ipsum dolor sit amet consectetur adipisicing elit. Iusto veniam provident laborum at ex. Dignissimos commodi id consectetur reiciendis incidunt dolorem alias laboriosam quia, sequi magnam officiis distinctio sapiente dolorum?\", \"description 3\": \"Lorem ipsum dolor sit amet consectetur adipisicing elit. Iusto veniam provident laborum at ex. Dignissimos commodi id consectetur reiciendis incidunt dolorem alias laboriosam quia, sequi magnam officiis distinctio sapiente dolorum?\"}}, {\"title\": \"Title 3\", \"descriptions\": {\"description 1\": \"Lorem ipsum dolor sit amet consectetur adipisicing elit. Iusto veniam provident laborum at ex. Dignissimos commodi id consectetur reiciendis incidunt dolorem alias laboriosam quia, sequi magnam officiis distinctio sapiente dolorum?\", \"description 2\": \"Lorem ipsum dolor sit amet consectetur adipisicing elit. Iusto veniam provident laborum at ex. Dignissimos commodi id consectetur reiciendis incidunt dolorem alias laboriosam quia, sequi magnam officiis distinctio sapiente dolorum?\", \"description 3\": \"Lorem ipsum dolor sit amet consectetur adipisicing elit. Iusto veniam provident laborum at ex. Dignissimos commodi id consectetur reiciendis incidunt dolorem alias laboriosam quia, sequi magnam officiis distinctio sapiente dolorum?\"}}, {\"title\": \"Title 4\", \"descriptions\": {\"description 1\": \"Lorem ipsum dolor sit amet consectetur adipisicing elit. Iusto veniam provident laborum at ex. Dignissimos commodi id consectetur reiciendis incidunt dolorem alias laboriosam quia, sequi magnam officiis distinctio sapiente dolorum?\", \"description 2\": \"Lorem ipsum dolor sit amet consectetur adipisicing elit. Iusto veniam provident laborum at ex. Dignissimos commodi id consectetur reiciendis incidunt dolorem alias laboriosam quia, sequi magnam officiis distinctio sapiente dolorum?\", \"description 3\": \"Lorem ipsum dolor sit amet consectetur adipisicing elit. Iusto veniam provident laborum at ex. Dignissimos commodi id consectetur reiciendis incidunt dolorem alias laboriosam quia, sequi magnam officiis distinctio sapiente dolorum?\"}}]', NULL, '[{\"title\": \"Title 1\", \"descriptions\": {\"description 1\": \"Lorem ipsum dolor sit amet consectetur adipisicing elit. Iusto veniam provident laborum at ex. Dignissimos commodi id consectetur reiciendis incidunt dolorem alias laboriosam quia, sequi magnam officiis distinctio sapiente dolorum?\", \"description 2\": \"Lorem ipsum dolor sit amet consectetur adipisicing elit. Iusto veniam provident laborum at ex. Dignissimos commodi id consectetur reiciendis incidunt dolorem alias laboriosam quia, sequi magnam officiis distinctio sapiente dolorum?\", \"description 3\": \"Lorem ipsum dolor sit amet consectetur adipisicing elit. Iusto veniam provident laborum at ex. Dignissimos commodi id consectetur reiciendis incidunt dolorem alias laboriosam quia, sequi magnam officiis distinctio sapiente dolorum?\"}}, {\"title\": \"Title 2\", \"descriptions\": {\"description 1\": \"Lorem ipsum dolor sit amet consectetur adipisicing elit. Iusto veniam provident laborum at ex. Dignissimos commodi id consectetur reiciendis incidunt dolorem alias laboriosam quia, sequi magnam officiis distinctio sapiente dolorum?\", \"description 2\": \"Lorem ipsum dolor sit amet consectetur adipisicing elit. Iusto veniam provident laborum at ex. Dignissimos commodi id consectetur reiciendis incidunt dolorem alias laboriosam quia, sequi magnam officiis distinctio sapiente dolorum?\", \"description 3\": \"Lorem ipsum dolor sit amet consectetur adipisicing elit. Iusto veniam provident laborum at ex. Dignissimos commodi id consectetur reiciendis incidunt dolorem alias laboriosam quia, sequi magnam officiis distinctio sapiente dolorum?\"}}, {\"title\": \"Title 3\", \"descriptions\": {\"description 1\": \"Lorem ipsum dolor sit amet consectetur adipisicing elit. Iusto veniam provident laborum at ex. Dignissimos commodi id consectetur reiciendis incidunt dolorem alias laboriosam quia, sequi magnam officiis distinctio sapiente dolorum?\", \"description 2\": \"Lorem ipsum dolor sit amet consectetur adipisicing elit. Iusto veniam provident laborum at ex. Dignissimos commodi id consectetur reiciendis incidunt dolorem alias laboriosam quia, sequi magnam officiis distinctio sapiente dolorum?\", \"description 3\": \"Lorem ipsum dolor sit amet consectetur adipisicing elit. Iusto veniam provident laborum at ex. Dignissimos commodi id consectetur reiciendis incidunt dolorem alias laboriosam quia, sequi magnam officiis distinctio sapiente dolorum?\"}}, {\"title\": \"Title 4\", \"descriptions\": {\"description 1\": \"Lorem ipsum dolor sit amet consectetur adipisicing elit. Iusto veniam provident laborum at ex. Dignissimos commodi id consectetur reiciendis incidunt dolorem alias laboriosam quia, sequi magnam officiis distinctio sapiente dolorum?\", \"description 2\": \"Lorem ipsum dolor sit amet consectetur adipisicing elit. Iusto veniam provident laborum at ex. Dignissimos commodi id consectetur reiciendis incidunt dolorem alias laboriosam quia, sequi magnam officiis distinctio sapiente dolorum?\", \"description 3\": \"Lorem ipsum dolor sit amet consectetur adipisicing elit. Iusto veniam provident laborum at ex. Dignissimos commodi id consectetur reiciendis incidunt dolorem alias laboriosam quia, sequi magnam officiis distinctio sapiente dolorum?\"}}]', NULL, '[{\"title\": \"Title 1\", \"descriptions\": {\"description 1\": \"Lorem ipsum dolor sit amet consectetur adipisicing elit. Iusto veniam provident laborum at ex. Dignissimos commodi id consectetur reiciendis incidunt dolorem alias laboriosam quia, sequi magnam officiis distinctio sapiente dolorum?\", \"description 2\": \"Lorem ipsum dolor sit amet consectetur adipisicing elit. Iusto veniam provident laborum at ex. Dignissimos commodi id consectetur reiciendis incidunt dolorem alias laboriosam quia, sequi magnam officiis distinctio sapiente dolorum?\", \"description 3\": \"Lorem ipsum dolor sit amet consectetur adipisicing elit. Iusto veniam provident laborum at ex. Dignissimos commodi id consectetur reiciendis incidunt dolorem alias laboriosam quia, sequi magnam officiis distinctio sapiente dolorum?\"}}, {\"title\": \"Title 2\", \"descriptions\": {\"description 1\": \"Lorem ipsum dolor sit amet consectetur adipisicing elit. Iusto veniam provident laborum at ex. Dignissimos commodi id consectetur reiciendis incidunt dolorem alias laboriosam quia, sequi magnam officiis distinctio sapiente dolorum?\", \"description 2\": \"Lorem ipsum dolor sit amet consectetur adipisicing elit. Iusto veniam provident laborum at ex. Dignissimos commodi id consectetur reiciendis incidunt dolorem alias laboriosam quia, sequi magnam officiis distinctio sapiente dolorum?\", \"description 3\": \"Lorem ipsum dolor sit amet consectetur adipisicing elit. Iusto veniam provident laborum at ex. Dignissimos commodi id consectetur reiciendis incidunt dolorem alias laboriosam quia, sequi magnam officiis distinctio sapiente dolorum?\"}}, {\"title\": \"Title 3\", \"descriptions\": {\"description 1\": \"Lorem ipsum dolor sit amet consectetur adipisicing elit. Iusto veniam provident laborum at ex. Dignissimos commodi id consectetur reiciendis incidunt dolorem alias laboriosam quia, sequi magnam officiis distinctio sapiente dolorum?\", \"description 2\": \"Lorem ipsum dolor sit amet consectetur adipisicing elit. Iusto veniam provident laborum at ex. Dignissimos commodi id consectetur reiciendis incidunt dolorem alias laboriosam quia, sequi magnam officiis distinctio sapiente dolorum?\", \"description 3\": \"Lorem ipsum dolor sit amet consectetur adipisicing elit. Iusto veniam provident laborum at ex. Dignissimos commodi id consectetur reiciendis incidunt dolorem alias laboriosam quia, sequi magnam officiis distinctio sapiente dolorum?\"}}, {\"title\": \"Title 4\", \"descriptions\": {\"description 1\": \"Lorem ipsum dolor sit amet consectetur adipisicing elit. Iusto veniam provident laborum at ex. Dignissimos commodi id consectetur reiciendis incidunt dolorem alias laboriosam quia, sequi magnam officiis distinctio sapiente dolorum?\", \"description 2\": \"Lorem ipsum dolor sit amet consectetur adipisicing elit. Iusto veniam provident laborum at ex. Dignissimos commodi id consectetur reiciendis incidunt dolorem alias laboriosam quia, sequi magnam officiis distinctio sapiente dolorum?\", \"description 3\": \"Lorem ipsum dolor sit amet consectetur adipisicing elit. Iusto veniam provident laborum at ex. Dignissimos commodi id consectetur reiciendis incidunt dolorem alias laboriosam quia, sequi magnam officiis distinctio sapiente dolorum?\"}}]', NULL, '[{\"title\": \"Title 1\", \"descriptions\": {\"description 1\": \"Lorem ipsum dolor sit amet consectetur adipisicing elit. Iusto veniam provident laborum at ex. Dignissimos commodi id consectetur reiciendis incidunt dolorem alias laboriosam quia, sequi magnam officiis distinctio sapiente dolorum?\", \"description 2\": \"Lorem ipsum dolor sit amet consectetur adipisicing elit. Iusto veniam provident laborum at ex. Dignissimos commodi id consectetur reiciendis incidunt dolorem alias laboriosam quia, sequi magnam officiis distinctio sapiente dolorum?\", \"description 3\": \"Lorem ipsum dolor sit amet consectetur adipisicing elit. Iusto veniam provident laborum at ex. Dignissimos commodi id consectetur reiciendis incidunt dolorem alias laboriosam quia, sequi magnam officiis distinctio sapiente dolorum?\"}}, {\"title\": \"Title 2\", \"descriptions\": {\"description 1\": \"Lorem ipsum dolor sit amet consectetur adipisicing elit. Iusto veniam provident laborum at ex. Dignissimos commodi id consectetur reiciendis incidunt dolorem alias laboriosam quia, sequi magnam officiis distinctio sapiente dolorum?\", \"description 2\": \"Lorem ipsum dolor sit amet consectetur adipisicing elit. Iusto veniam provident laborum at ex. Dignissimos commodi id consectetur reiciendis incidunt dolorem alias laboriosam quia, sequi magnam officiis distinctio sapiente dolorum?\", \"description 3\": \"Lorem ipsum dolor sit amet consectetur adipisicing elit. Iusto veniam provident laborum at ex. Dignissimos commodi id consectetur reiciendis incidunt dolorem alias laboriosam quia, sequi magnam officiis distinctio sapiente dolorum?\"}}, {\"title\": \"Title 3\", \"descriptions\": {\"description 1\": \"Lorem ipsum dolor sit amet consectetur adipisicing elit. Iusto veniam provident laborum at ex. Dignissimos commodi id consectetur reiciendis incidunt dolorem alias laboriosam quia, sequi magnam officiis distinctio sapiente dolorum?\", \"description 2\": \"Lorem ipsum dolor sit amet consectetur adipisicing elit. Iusto veniam provident laborum at ex. Dignissimos commodi id consectetur reiciendis incidunt dolorem alias laboriosam quia, sequi magnam officiis distinctio sapiente dolorum?\", \"description 3\": \"Lorem ipsum dolor sit amet consectetur adipisicing elit. Iusto veniam provident laborum at ex. Dignissimos commodi id consectetur reiciendis incidunt dolorem alias laboriosam quia, sequi magnam officiis distinctio sapiente dolorum?\"}}, {\"title\": \"Title 4\", \"descriptions\": {\"description 1\": \"Lorem ipsum dolor sit amet consectetur adipisicing elit. Iusto veniam provident laborum at ex. Dignissimos commodi id consectetur reiciendis incidunt dolorem alias laboriosam quia, sequi magnam officiis distinctio sapiente dolorum?\", \"description 2\": \"Lorem ipsum dolor sit amet consectetur adipisicing elit. Iusto veniam provident laborum at ex. Dignissimos commodi id consectetur reiciendis incidunt dolorem alias laboriosam quia, sequi magnam officiis distinctio sapiente dolorum?\", \"description 3\": \"Lorem ipsum dolor sit amet consectetur adipisicing elit. Iusto veniam provident laborum at ex. Dignissimos commodi id consectetur reiciendis incidunt dolorem alias laboriosam quia, sequi magnam officiis distinctio sapiente dolorum?\"}}]', NULL, NULL, NULL);

-- --------------------------------------------------------

--
